4.227.36.124 - - [16/Jan/2025:18:27:21 +0100] "GET /vendor/aws/aws-sdk-php/src/Translate/?C=M%3BO%3DA HTTP/2.0" 200 645 "-" "Mozilla/5.0 AppleWebKit/537.36 (KHTML, like Gecko; compatible; GPTBot/1.2; +https://openai.com/gptbot)"
4.227.36.57 - - [16/Jan/2025:18:27:22 +0100] "GET /vendor/alibabacloud/client/src/Regions/EndpointProvider.php HTTP/2.0" 200 174 "-" "Mozilla/5.0 AppleWebKit/537.36 (KHTML, like Gecko; compatible; GPTBot/1.2; +https://openai.com/gptbot)"
4.227.36.124 - - [16/Jan/2025:18:27:22 +0100] "GET /vendor/aws/aws-sdk-php/src/Translate/TranslateClient.php HTTP/2.0" 200 200 "-" "Mozilla/5.0 AppleWebKit/537.36 (KHTML, like Gecko; compatible; GPTBot/1.2; +https://openai.com/gptbot)"
4.227.36.57 - - [16/Jan/2025:18:27:23 +0100] "GET /vendor/alibabacloud/client/src/Regions/?C=D%3BO%3DA HTTP/2.0" 200 756 "-" "Mozilla/5.0 AppleWebKit/537.36 (KHTML, like Gecko; compatible; GPTBot/1.2; +https://openai.com/gptbot)"
4.227.36.124 - - [16/Jan/2025:18:27:24 +0100] "GET /vendor/aws/aws-sdk-php/src/Translate/?C=S%3BO%3DA HTTP/2.0" 200 645 "-" "Mozilla/5.0 AppleWebKit/537.36 (KHTML, like Gecko; compatible; GPTBot/1.2; +https://openai.com/gptbot)"
4.227.36.57 - - [16/Jan/2025:18:27:24 +0100] "GET /vendor/alibabacloud/client/src/Regions/?C=M%3BO%3DA HTTP/2.0" 200 756 "-" "Mozilla/5.0 AppleWebKit/537.36 (KHTML, like Gecko; compatible; GPTBot/1.2; +https://openai.com/gptbot)"
4.227.36.124 - - [16/Jan/2025:18:27:25 +0100] "GET /vendor/aws/aws-sdk-php/src/Translate/Exception/ HTTP/2.0" 200 604 "-" "Mozilla/5.0 AppleWebKit/537.36 (KHTML, like Gecko; compatible; GPTBot/1.2; +https://openai.com/gptbot)"
4.227.36.57 - - [16/Jan/2025:18:27:25 +0100] "GET /vendor/alibabacloud/client/src/Regions/LocationServiceRequest.php HTTP/2.0" 200 218 "-" "Mozilla/5.0 AppleWebKit/537.36 (KHTML, like Gecko; compatible; GPTBot/1.2; +https://openai.com/gptbot)"
4.227.36.124 - - [16/Jan/2025:18:27:26 +0100] "GET /vendor/aws/aws-sdk-php/src/MediaTailor/?C=D%3BO%3DA HTTP/2.0" 200 651 "-" "Mozilla/5.0 AppleWebKit/537.36 (KHTML, like Gecko; compatible; GPTBot/1.2; +https://openai.com/gptbot)"
4.227.36.57 - - [16/Jan/2025:18:27:26 +0100] "GET /vendor/alibabacloud/client/src/Regions/LocationService.php HTTP/2.0" 200 20 "-" "Mozilla/5.0 AppleWebKit/537.36 (KHTML, like Gecko; compatible; GPTBot/1.2; +https://openai.com/gptbot)"
4.227.36.124 - - [16/Jan/2025:18:27:27 +0100] "GET /vendor/aws/aws-sdk-php/src/MediaTailor/Exception/ HTTP/2.0" 200 615 "-" "Mozilla/5.0 AppleWebKit/537.36 (KHTML, like Gecko; compatible; GPTBot/1.2; +https://openai.com/gptbot)"
4.227.36.57 - - [16/Jan/2025:18:27:27 +0100] "GET /vendor/alibabacloud/client/src/Regions/?C=N%3BO%3DD HTTP/2.0" 200 756 "-" "Mozilla/5.0 AppleWebKit/537.36 (KHTML, like Gecko; compatible; GPTBot/1.2; +https://openai.com/gptbot)"
4.227.36.124 - - [16/Jan/2025:18:27:28 +0100] "GET /vendor/aws/aws-sdk-php/src/MediaTailor/?C=N%3BO%3DD HTTP/2.0" 200 651 "-" "Mozilla/5.0 AppleWebKit/537.36 (KHTML, like Gecko; compatible; GPTBot/1.2; +https://openai.com/gptbot)"
4.227.36.57 - - [16/Jan/2025:18:27:28 +0100] "GET /vendor/alibabacloud/client/src/Regions/?C=S%3BO%3DA HTTP/2.0" 200 756 "-" "Mozilla/5.0 AppleWebKit/537.36 (KHTML, like Gecko; compatible; GPTBot/1.2; +https://openai.com/gptbot)"
4.227.36.124 - - [16/Jan/2025:18:27:29 +0100] "GET /vendor/aws/aws-sdk-php/src/MediaTailor/MediaTailorClient.php HTTP/2.0" 200 202 "-" "Mozilla/5.0 AppleWebKit/537.36 (KHTML, like Gecko; compatible; GPTBot/1.2; +https://openai.com/gptbot)"
4.227.36.57 - - [16/Jan/2025:18:27:30 +0100] "GET /vendor/alibabacloud/client/src/Request/Traits/ HTTP/2.0" 200 920 "-" "Mozilla/5.0 AppleWebKit/537.36 (KHTML, like Gecko; compatible; GPTBot/1.2; +https://openai.com/gptbot)"
4.227.36.124 - - [16/Jan/2025:18:27:30 +0100] "GET /vendor/aws/aws-sdk-php/src/MediaTailor/?C=S%3BO%3DA HTTP/2.0" 200 651 "-" "Mozilla/5.0 AppleWebKit/537.36 (KHTML, like Gecko; compatible; GPTBot/1.2; +https://openai.com/gptbot)"
4.227.36.57 - - [16/Jan/2025:18:27:31 +0100] "GET /vendor/alibabacloud/client/src/Request/?C=S%3BO%3DA HTTP/2.0" 200 875 "-" "Mozilla/5.0 AppleWebKit/537.36 (KHTML, like Gecko; compatible; GPTBot/1.2; +https://openai.com/gptbot)"
4.227.36.124 - - [16/Jan/2025:18:27:31 +0100] "GET /vendor/aws/aws-sdk-php/src/MediaTailor/?C=M%3BO%3DA HTTP/2.0" 200 651 "-" "Mozilla/5.0 AppleWebKit/537.36 (KHTML, like Gecko; compatible; GPTBot/1.2; +https://openai.com/gptbot)"
4.227.36.57 - - [16/Jan/2025:18:27:32 +0100] "GET /vendor/alibabacloud/client/src/Request/?C=D%3BO%3DA HTTP/2.0" 200 875 "-" "Mozilla/5.0 AppleWebKit/537.36 (KHTML, like Gecko; compatible; GPTBot/1.2; +https://openai.com/gptbot)"
4.227.36.124 - - [16/Jan/2025:18:27:32 +0100] "GET /vendor/aws/aws-sdk-php/src/AutoScalingPlans/?C=D%3BO%3DA HTTP/2.0" 200 669 "-" "Mozilla/5.0 AppleWebKit/537.36 (KHTML, like Gecko; compatible; GPTBot/1.2; +https://openai.com/gptbot)"
4.227.36.57 - - [16/Jan/2025:18:27:33 +0100] "GET /vendor/alibabacloud/client/src/Request/RoaRequest.php HTTP/2.0" 200 205 "-" "Mozilla/5.0 AppleWebKit/537.36 (KHTML, like Gecko; compatible; GPTBot/1.2; +https://openai.com/gptbot)"
4.227.36.124 - - [16/Jan/2025:18:27:33 +0100] "GET /vendor/aws/aws-sdk-php/src/AutoScalingPlans/?C=S%3BO%3DA HTTP/2.0" 200 669 "-" "Mozilla/5.0 AppleWebKit/537.36 (KHTML, like Gecko; compatible; GPTBot/1.2; +https://openai.com/gptbot)"
4.227.36.57 - - [16/Jan/2025:18:27:34 +0100] "GET /vendor/alibabacloud/client/src/Request/?C=N%3BO%3DD HTTP/2.0" 200 875 "-" "Mozilla/5.0 AppleWebKit/537.36 (KHTML, like Gecko; compatible; GPTBot/1.2; +https://openai.com/gptbot)"
4.227.36.124 - - [16/Jan/2025:18:27:35 +0100] "GET /vendor/aws/aws-sdk-php/src/AutoScalingPlans/AutoScalingPlansClient.php HTTP/2.0" 200 205 "-" "Mozilla/5.0 AppleWebKit/537.36 (KHTML, like Gecko; compatible; GPTBot/1.2; +https://openai.com/gptbot)"
4.227.36.57 - - [16/Jan/2025:18:27:35 +0100] "GET /vendor/alibabacloud/client/src/Request/?C=M%3BO%3DA HTTP/2.0" 200 875 "-" "Mozilla/5.0 AppleWebKit/537.36 (KHTML, like Gecko; compatible; GPTBot/1.2; +https://openai.com/gptbot)"
4.227.36.124 - - [16/Jan/2025:18:27:36 +0100] "GET /vendor/aws/aws-sdk-php/src/AutoScalingPlans/Exception/ HTTP/2.0" 200 635 "-" "Mozilla/5.0 AppleWebKit/537.36 (KHTML, like Gecko; compatible; GPTBot/1.2; +https://openai.com/gptbot)"
4.227.36.57 - - [16/Jan/2025:18:27:36 +0100] "GET /vendor/alibabacloud/client/src/Request/UserAgent.php HTTP/2.0" 200 20 "-" "Mozilla/5.0 AppleWebKit/537.36 (KHTML, like Gecko; compatible; GPTBot/1.2; +https://openai.com/gptbot)"
4.227.36.124 - - [16/Jan/2025:18:27:37 +0100] "GET /vendor/aws/aws-sdk-php/src/AutoScalingPlans/?C=N%3BO%3DD HTTP/2.0" 200 669 "-" "Mozilla/5.0 AppleWebKit/537.36 (KHTML, like Gecko; compatible; GPTBot/1.2; +https://openai.com/gptbot)"
4.227.36.57 - - [16/Jan/2025:18:27:37 +0100] "GET /vendor/alibabacloud/client/src/Request/Request.php HTTP/2.0" 200 174 "-" "Mozilla/5.0 AppleWebKit/537.36 (KHTML, like Gecko; compatible; GPTBot/1.2; +https://openai.com/gptbot)"
4.227.36.124 - - [16/Jan/2025:18:27:38 +0100] "GET /vendor/aws/aws-sdk-php/src/LookoutEquipment/?C=N%3BO%3DD HTTP/2.0" 200 669 "-" "Mozilla/5.0 AppleWebKit/537.36 (KHTML, like Gecko; compatible; GPTBot/1.2; +https://openai.com/gptbot)"
4.227.36.57 - - [16/Jan/2025:18:27:38 +0100] "GET /vendor/alibabacloud/client/src/Request/RpcRequest.php HTTP/2.0" 200 205 "-" "Mozilla/5.0 AppleWebKit/537.36 (KHTML, like Gecko; compatible; GPTBot/1.2; +https://openai.com/gptbot)"
4.227.36.124 - - [16/Jan/2025:18:27:39 +0100] "GET /vendor/aws/aws-sdk-php/src/AutoScalingPlans/?C=M%3BO%3DA HTTP/2.0" 200 669 "-" "Mozilla/5.0 AppleWebKit/537.36 (KHTML, like Gecko; compatible; GPTBot/1.2; +https://openai.com/gptbot)"
4.227.36.57 - - [16/Jan/2025:18:27:39 +0100] "GET /vendor/alibabacloud/client/src/Traits/ObjectAccessTrait.php HTTP/2.0" 200 20 "-" "Mozilla/5.0 AppleWebKit/537.36 (KHTML, like Gecko; compatible; GPTBot/1.2; +https://openai.com/gptbot)"
4.227.36.124 - - [16/Jan/2025:18:27:40 +0100] "GET /vendor/aws/aws-sdk-php/src/LookoutEquipment/?C=D%3BO%3DA HTTP/2.0" 200 669 "-" "Mozilla/5.0 AppleWebKit/537.36 (KHTML, like Gecko; compatible; GPTBot/1.2; +https://openai.com/gptbot)"
4.227.36.57 - - [16/Jan/2025:18:27:41 +0100] "GET /vendor/alibabacloud/client/src/Traits/DefaultRegionTrait.php HTTP/2.0" 200 20 "-" "Mozilla/5.0 AppleWebKit/537.36 (KHTML, like Gecko; compatible; GPTBot/1.2; +https://openai.com/gptbot)"
4.227.36.124 - - [16/Jan/2025:18:27:41 +0100] "GET /vendor/aws/aws-sdk-php/src/LookoutEquipment/?C=S%3BO%3DA HTTP/2.0" 200 669 "-" "Mozilla/5.0 AppleWebKit/537.36 (KHTML, like Gecko; compatible; GPTBot/1.2; +https://openai.com/gptbot)"
4.227.36.57 - - [16/Jan/2025:18:27:42 +0100] "GET /vendor/alibabacloud/client/src/Traits/HistoryTrait.php HTTP/2.0" 200 20 "-" "Mozilla/5.0 AppleWebKit/537.36 (KHTML, like Gecko; compatible; GPTBot/1.2; +https://openai.com/gptbot)"
4.227.36.124 - - [16/Jan/2025:18:27:42 +0100] "GET /vendor/aws/aws-sdk-php/src/LookoutEquipment/?C=M%3BO%3DA HTTP/2.0" 200 669 "-" "Mozilla/5.0 AppleWebKit/537.36 (KHTML, like Gecko; compatible; GPTBot/1.2; +https://openai.com/gptbot)"
4.227.36.57 - - [16/Jan/2025:18:27:43 +0100] "GET /vendor/alibabacloud/client/src/Traits/RequestTrait.php HTTP/2.0" 200 20 "-" "Mozilla/5.0 AppleWebKit/537.36 (KHTML, like Gecko; compatible; GPTBot/1.2; +https://openai.com/gptbot)"
4.227.36.124 - - [16/Jan/2025:18:27:43 +0100] "GET /vendor/aws/aws-sdk-php/src/LookoutEquipment/Exception/ HTTP/2.0" 200 635 "-" "Mozilla/5.0 AppleWebKit/537.36 (KHTML, like Gecko; compatible; GPTBot/1.2; +https://openai.com/gptbot)"
4.227.36.57 - - [16/Jan/2025:18:27:44 +0100] "GET /vendor/alibabacloud/client/src/Traits/MockTrait.php HTTP/2.0" 200 20 "-" "Mozilla/5.0 AppleWebKit/537.36 (KHTML, like Gecko; compatible; GPTBot/1.2; +https://openai.com/gptbot)"
4.227.36.124 - - [16/Jan/2025:18:27:44 +0100] "GET /vendor/aws/aws-sdk-php/src/LookoutEquipment/LookoutEquipmentClient.php HTTP/2.0" 200 206 "-" "Mozilla/5.0 AppleWebKit/537.36 (KHTML, like Gecko; compatible; GPTBot/1.2; +https://openai.com/gptbot)"
4.227.36.57 - - [16/Jan/2025:18:27:45 +0100] "GET /vendor/alibabacloud/client/src/Traits/?C=D%3BO%3DA HTTP/2.0" 200 1458 "-" "Mozilla/5.0 AppleWebKit/537.36 (KHTML, like Gecko; compatible; GPTBot/1.2; +https://openai.com/gptbot)"
4.227.36.124 - - [16/Jan/2025:18:27:46 +0100] "GET /vendor/aws/aws-sdk-php/src/AppIntegrationsService/?C=S%3BO%3DA HTTP/2.0" 200 687 "-" "Mozilla/5.0 AppleWebKit/537.36 (KHTML, like Gecko; compatible; GPTBot/1.2; +https://openai.com/gptbot)"
4.227.36.57 - - [16/Jan/2025:18:27:46 +0100] "GET /vendor/alibabacloud/client/src/Traits/EndpointTrait.php HTTP/2.0" 200 20 "-" "Mozilla/5.0 AppleWebKit/537.36 (KHTML, like Gecko; compatible; GPTBot/1.2; +https://openai.com/gptbot)"
4.227.36.124 - - [16/Jan/2025:18:27:47 +0100] "GET /vendor/aws/aws-sdk-php/src/AppIntegrationsService/Exception/ HTTP/2.0" 200 659 "-" "Mozilla/5.0 AppleWebKit/537.36 (KHTML, like Gecko; compatible; GPTBot/1.2; +https://openai.com/gptbot)"
4.227.36.57 - - [16/Jan/2025:18:27:47 +0100] "GET /vendor/alibabacloud/client/src/Traits/?C=M%3BO%3DA HTTP/2.0" 200 1458 "-" "Mozilla/5.0 AppleWebKit/537.36 (KHTML, like Gecko; compatible; GPTBot/1.2; +https://openai.com/gptbot)"
4.227.36.124 - - [16/Jan/2025:18:27:48 +0100] "GET /vendor/aws/aws-sdk-php/src/AppIntegrationsService/?C=N%3BO%3DD HTTP/2.0" 200 687 "-" "Mozilla/5.0 AppleWebKit/537.36 (KHTML, like Gecko; compatible; GPTBot/1.2; +https://openai.com/gptbot)"
4.227.36.57 - - [16/Jan/2025:18:27:48 +0100] "GET /vendor/alibabacloud/client/src/Traits/ClientTrait.php HTTP/2.0" 200 20 "-" "Mozilla/5.0 AppleWebKit/537.36 (KHTML, like Gecko; compatible; GPTBot/1.2; +https://openai.com/gptbot)"
4.227.36.124 - - [16/Jan/2025:18:27:49 +0100] "GET /vendor/aws/aws-sdk-php/src/AppIntegrationsService/?C=D%3BO%3DA HTTP/2.0" 200 687 "-" "Mozilla/5.0 AppleWebKit/537.36 (KHTML, like Gecko; compatible; GPTBot/1.2; +https://openai.com/gptbot)"
4.227.36.57 - - [16/Jan/2025:18:27:49 +0100] "GET /vendor/alibabacloud/client/src/Traits/ArrayAccessTrait.php HTTP/2.0" 200 20 "-" "Mozilla/5.0 AppleWebKit/537.36 (KHTML, like Gecko; compatible; GPTBot/1.2; +https://openai.com/gptbot)"
4.227.36.124 - - [16/Jan/2025:18:27:50 +0100] "GET /vendor/aws/aws-sdk-php/src/AppIntegrationsService/AppIntegrationsServiceClient.php HTTP/2.0" 200 208 "-" "Mozilla/5.0 AppleWebKit/537.36 (KHTML, like Gecko; compatible; GPTBot/1.2; +https://openai.com/gptbot)"
4.227.36.57 - - [16/Jan/2025:18:27:50 +0100] "GET /vendor/alibabacloud/client/src/Traits/RegionTrait.php HTTP/2.0" 200 20 "-" "Mozilla/5.0 AppleWebKit/537.36 (KHTML, like Gecko; compatible; GPTBot/1.2; +https://openai.com/gptbot)"
4.227.36.124 - - [16/Jan/2025:18:27:51 +0100] "GET /vendor/aws/aws-sdk-php/src/AppIntegrationsService/?C=M%3BO%3DA HTTP/2.0" 200 687 "-" "Mozilla/5.0 AppleWebKit/537.36 (KHTML, like Gecko; compatible; GPTBot/1.2; +https://openai.com/gptbot)"
4.227.36.57 - - [16/Jan/2025:18:27:52 +0100] "GET /vendor/alibabacloud/client/src/Traits/HttpTrait.php HTTP/2.0" 200 20 "-" "Mozilla/5.0 AppleWebKit/537.36 (KHTML, like Gecko; compatible; GPTBot/1.2; +https://openai.com/gptbot)"
4.227.36.124 - - [16/Jan/2025:18:27:52 +0100] "GET /vendor/aws/aws-sdk-php/src/EMRContainers/EMRContainersClient.php HTTP/2.0" 200 203 "-" "Mozilla/5.0 AppleWebKit/537.36 (KHTML, like Gecko; compatible; GPTBot/1.2; +https://openai.com/gptbot)"
4.227.36.57 - - [16/Jan/2025:18:27:53 +0100] "GET /vendor/alibabacloud/client/src/Traits/?C=S%3BO%3DA HTTP/2.0" 200 1458 "-" "Mozilla/5.0 AppleWebKit/537.36 (KHTML, like Gecko; compatible; GPTBot/1.2; +https://openai.com/gptbot)"
4.227.36.124 - - [16/Jan/2025:18:27:53 +0100] "GET /vendor/aws/aws-sdk-php/src/EMRContainers/?C=S%3BO%3DA HTTP/2.0" 200 657 "-" "Mozilla/5.0 AppleWebKit/537.36 (KHTML, like Gecko; compatible; GPTBot/1.2; +https://openai.com/gptbot)"
4.227.36.57 - - [16/Jan/2025:18:27:54 +0100] "GET /vendor/alibabacloud/client/src/Traits/HasDataTrait.php HTTP/2.0" 200 20 "-" "Mozilla/5.0 AppleWebKit/537.36 (KHTML, like Gecko; compatible; GPTBot/1.2; +https://openai.com/gptbot)"
4.227.36.124 - - [16/Jan/2025:18:27:54 +0100] "GET /vendor/aws/aws-sdk-php/src/EMRContainers/?C=M%3BO%3DA HTTP/2.0" 200 657 "-" "Mozilla/5.0 AppleWebKit/537.36 (KHTML, like Gecko; compatible; GPTBot/1.2; +https://openai.com/gptbot)"
4.227.36.57 - - [16/Jan/2025:18:27:55 +0100] "GET /vendor/alibabacloud/client/src/Traits/LogTrait.php HTTP/2.0" 200 20 "-" "Mozilla/5.0 AppleWebKit/537.36 (KHTML, like Gecko; compatible; GPTBot/1.2; +https://openai.com/gptbot)"
4.227.36.124 - - [16/Jan/2025:18:27:55 +0100] "GET /vendor/aws/aws-sdk-php/src/EMRContainers/?C=N%3BO%3DD HTTP/2.0" 200 657 "-" "Mozilla/5.0 AppleWebKit/537.36 (KHTML, like Gecko; compatible; GPTBot/1.2; +https://openai.com/gptbot)"
4.227.36.57 - - [16/Jan/2025:18:27:56 +0100] "GET /vendor/alibabacloud/client/src/Traits/?C=N%3BO%3DD HTTP/2.0" 200 1458 "-" "Mozilla/5.0 AppleWebKit/537.36 (KHTML, like Gecko; compatible; GPTBot/1.2; +https://openai.com/gptbot)"
4.227.36.124 - - [16/Jan/2025:18:27:57 +0100] "GET /vendor/aws/aws-sdk-php/src/EMRContainers/Exception/ HTTP/2.0" 200 623 "-" "Mozilla/5.0 AppleWebKit/537.36 (KHTML, like Gecko; compatible; GPTBot/1.2; +https://openai.com/gptbot)"
4.227.36.57 - - [16/Jan/2025:18:27:57 +0100] "GET /vendor/alibabacloud/client/src/Clients/?C=M%3BO%3DA HTTP/2.0" 200 1146 "-" "Mozilla/5.0 AppleWebKit/537.36 (KHTML, like Gecko; compatible; GPTBot/1.2; +https://openai.com/gptbot)"
4.227.36.124 - - [16/Jan/2025:18:27:58 +0100] "GET /vendor/aws/aws-sdk-php/src/EMRContainers/?C=D%3BO%3DA HTTP/2.0" 200 657 "-" "Mozilla/5.0 AppleWebKit/537.36 (KHTML, like Gecko; compatible; GPTBot/1.2; +https://openai.com/gptbot)"
4.227.36.57 - - [16/Jan/2025:18:27:58 +0100] "GET /vendor/alibabacloud/client/src/Clients/Client.php HTTP/2.0" 200 165 "-" "Mozilla/5.0 AppleWebKit/537.36 (KHTML, like Gecko; compatible; GPTBot/1.2; +https://openai.com/gptbot)"
4.227.36.124 - - [16/Jan/2025:18:27:59 +0100] "GET /vendor/aws/aws-sdk-php/src/NimbleStudio/Exception/ HTTP/2.0" 200 619 "-" "Mozilla/5.0 AppleWebKit/537.36 (KHTML, like Gecko; compatible; GPTBot/1.2; +https://openai.com/gptbot)"
4.227.36.57 - - [16/Jan/2025:18:27:59 +0100] "GET /vendor/alibabacloud/client/src/Clients/?C=S%3BO%3DA HTTP/2.0" 200 1146 "-" "Mozilla/5.0 AppleWebKit/537.36 (KHTML, like Gecko; compatible; GPTBot/1.2; +https://openai.com/gptbot)"
4.227.36.124 - - [16/Jan/2025:18:28:00 +0100] "GET /vendor/aws/aws-sdk-php/src/NimbleStudio/?C=M%3BO%3DA HTTP/2.0" 200 654 "-" "Mozilla/5.0 AppleWebKit/537.36 (KHTML, like Gecko; compatible; GPTBot/1.2; +https://openai.com/gptbot)"
4.227.36.57 - - [16/Jan/2025:18:28:00 +0100] "GET /vendor/alibabacloud/client/src/Clients/StsClient.php HTTP/2.0" 200 200 "-" "Mozilla/5.0 AppleWebKit/537.36 (KHTML, like Gecko; compatible; GPTBot/1.2; +https://openai.com/gptbot)"
4.227.36.124 - - [16/Jan/2025:18:28:01 +0100] "GET /vendor/aws/aws-sdk-php/src/NimbleStudio/?C=N%3BO%3DD HTTP/2.0" 200 654 "-" "Mozilla/5.0 AppleWebKit/537.36 (KHTML, like Gecko; compatible; GPTBot/1.2; +https://openai.com/gptbot)"
4.227.36.57 - - [16/Jan/2025:18:28:01 +0100] "GET /vendor/alibabacloud/client/src/Clients/?C=D%3BO%3DA HTTP/2.0" 200 1146 "-" "Mozilla/5.0 AppleWebKit/537.36 (KHTML, like Gecko; compatible; GPTBot/1.2; +https://openai.com/gptbot)"
4.227.36.124 - - [16/Jan/2025:18:28:02 +0100] "GET /vendor/aws/aws-sdk-php/src/NimbleStudio/?C=D%3BO%3DA HTTP/2.0" 200 654 "-" "Mozilla/5.0 AppleWebKit/537.36 (KHTML, like Gecko; compatible; GPTBot/1.2; +https://openai.com/gptbot)"
4.227.36.57 - - [16/Jan/2025:18:28:03 +0100] "GET /vendor/alibabacloud/client/src/Clients/ManageTrait.php HTTP/2.0" 200 20 "-" "Mozilla/5.0 AppleWebKit/537.36 (KHTML, like Gecko; compatible; GPTBot/1.2; +https://openai.com/gptbot)"
4.227.36.124 - - [16/Jan/2025:18:28:03 +0100] "GET /vendor/aws/aws-sdk-php/src/NimbleStudio/?C=S%3BO%3DA HTTP/2.0" 200 654 "-" "Mozilla/5.0 AppleWebKit/537.36 (KHTML, like Gecko; compatible; GPTBot/1.2; +https://openai.com/gptbot)"
4.227.36.57 - - [16/Jan/2025:18:28:04 +0100] "GET /vendor/alibabacloud/client/src/Clients/AccessKeyClient.php HTTP/2.0" 200 206 "-" "Mozilla/5.0 AppleWebKit/537.36 (KHTML, like Gecko; compatible; GPTBot/1.2; +https://openai.com/gptbot)"
4.227.36.124 - - [16/Jan/2025:18:28:04 +0100] "GET /vendor/aws/aws-sdk-php/src/NimbleStudio/NimbleStudioClient.php HTTP/2.0" 200 203 "-" "Mozilla/5.0 AppleWebKit/537.36 (KHTML, like Gecko; compatible; GPTBot/1.2; +https://openai.com/gptbot)"
4.227.36.57 - - [16/Jan/2025:18:28:05 +0100] "GET /vendor/alibabacloud/client/src/Clients/RamRoleArnClient.php HTTP/2.0" 200 206 "-" "Mozilla/5.0 AppleWebKit/537.36 (KHTML, like Gecko; compatible; GPTBot/1.2; +https://openai.com/gptbot)"
4.227.36.124 - - [16/Jan/2025:18:28:05 +0100] "GET /vendor/aws/aws-sdk-php/src/CloudWatchEvents/?C=M%3BO%3DA HTTP/2.0" 200 669 "-" "Mozilla/5.0 AppleWebKit/537.36 (KHTML, like Gecko; compatible; GPTBot/1.2; +https://openai.com/gptbot)"
4.227.36.57 - - [16/Jan/2025:18:28:06 +0100] "GET /vendor/alibabacloud/client/src/Clients/RsaKeyPairClient.php HTTP/2.0" 200 209 "-" "Mozilla/5.0 AppleWebKit/537.36 (KHTML, like Gecko; compatible; GPTBot/1.2; +https://openai.com/gptbot)"
4.227.36.124 - - [16/Jan/2025:18:28:06 +0100] "GET /vendor/aws/aws-sdk-php/src/CloudWatchEvents/Exception/ HTTP/2.0" 200 635 "-" "Mozilla/5.0 AppleWebKit/537.36 (KHTML, like Gecko; compatible; GPTBot/1.2; +https://openai.com/gptbot)"
4.227.36.57 - - [16/Jan/2025:18:28:07 +0100] "GET /vendor/alibabacloud/client/src/Clients/?C=N%3BO%3DD HTTP/2.0" 200 1146 "-" "Mozilla/5.0 AppleWebKit/537.36 (KHTML, like Gecko; compatible; GPTBot/1.2; +https://openai.com/gptbot)"
4.227.36.124 - - [16/Jan/2025:18:28:08 +0100] "GET /vendor/aws/aws-sdk-php/src/CloudWatchEvents/?C=S%3BO%3DA HTTP/2.0" 200 669 "-" "Mozilla/5.0 AppleWebKit/537.36 (KHTML, like Gecko; compatible; GPTBot/1.2; +https://openai.com/gptbot)"
4.227.36.57 - - [16/Jan/2025:18:28:08 +0100] "GET /vendor/alibabacloud/client/src/Clients/BearerTokenClient.php HTTP/2.0" 200 206 "-" "Mozilla/5.0 AppleWebKit/537.36 (KHTML, like Gecko; compatible; GPTBot/1.2; +https://openai.com/gptbot)"
4.227.36.124 - - [16/Jan/2025:18:28:09 +0100] "GET /vendor/aws/aws-sdk-php/src/CloudWatchEvents/?C=D%3BO%3DA HTTP/2.0" 200 669 "-" "Mozilla/5.0 AppleWebKit/537.36 (KHTML, like Gecko; compatible; GPTBot/1.2; +https://openai.com/gptbot)"
4.227.36.57 - - [16/Jan/2025:18:28:09 +0100] "GET /vendor/alibabacloud/client/src/Clients/EcsRamRoleClient.php HTTP/2.0" 200 206 "-" "Mozilla/5.0 AppleWebKit/537.36 (KHTML, like Gecko; compatible; GPTBot/1.2; +https://openai.com/gptbot)"
4.227.36.124 - - [16/Jan/2025:18:28:10 +0100] "GET /vendor/aws/aws-sdk-php/src/CloudWatchEvents/CloudWatchEventsClient.php HTTP/2.0" 200 206 "-" "Mozilla/5.0 AppleWebKit/537.36 (KHTML, like Gecko; compatible; GPTBot/1.2; +https://openai.com/gptbot)"
4.227.36.57 - - [16/Jan/2025:18:28:10 +0100] "GET /vendor/alibabacloud/client/src/Filter/HttpFilter.php HTTP/2.0" 200 20 "-" "Mozilla/5.0 AppleWebKit/537.36 (KHTML, like Gecko; compatible; GPTBot/1.2; +https://openai.com/gptbot)"
4.227.36.124 - - [16/Jan/2025:18:28:11 +0100] "GET /vendor/aws/aws-sdk-php/src/CloudWatchEvents/?C=N%3BO%3DD HTTP/2.0" 200 669 "-" "Mozilla/5.0 AppleWebKit/537.36 (KHTML, like Gecko; compatible; GPTBot/1.2; +https://openai.com/gptbot)"
4.227.36.57 - - [16/Jan/2025:18:28:11 +0100] "GET /vendor/alibabacloud/client/src/Filter/CredentialFilter.php HTTP/2.0" 200 20 "-" "Mozilla/5.0 AppleWebKit/537.36 (KHTML, like Gecko; compatible; GPTBot/1.2; +https://openai.com/gptbot)"
4.227.36.124 - - [16/Jan/2025:18:28:12 +0100] "GET /vendor/aws/aws-sdk-php/src/ApiGatewayV2/?C=N%3BO%3DD HTTP/2.0" 200 654 "-" "Mozilla/5.0 AppleWebKit/537.36 (KHTML, like Gecko; compatible; GPTBot/1.2; +https://openai.com/gptbot)"
4.227.36.57 - - [16/Jan/2025:18:28:12 +0100] "GET /vendor/alibabacloud/client/src/Filter/?C=S%3BO%3DA HTTP/2.0" 200 887 "-" "Mozilla/5.0 AppleWebKit/537.36 (KHTML, like Gecko; compatible; GPTBot/1.2; +https://openai.com/gptbot)"
4.227.36.124 - - [16/Jan/2025:18:28:13 +0100] "GET /vendor/aws/aws-sdk-php/src/ApiGatewayV2/?C=M%3BO%3DA HTTP/2.0" 200 654 "-" "Mozilla/5.0 AppleWebKit/537.36 (KHTML, like Gecko; compatible; GPTBot/1.2; +https://openai.com/gptbot)"
4.227.36.57 - - [16/Jan/2025:18:28:14 +0100] "GET /vendor/alibabacloud/client/src/Filter/?C=N%3BO%3DD HTTP/2.0" 200 887 "-" "Mozilla/5.0 AppleWebKit/537.36 (KHTML, like Gecko; compatible; GPTBot/1.2; +https://openai.com/gptbot)"
4.227.36.124 - - [16/Jan/2025:18:28:14 +0100] "GET /vendor/aws/aws-sdk-php/src/ApiGatewayV2/Exception/ HTTP/2.0" 200 619 "-" "Mozilla/5.0 AppleWebKit/537.36 (KHTML, like Gecko; compatible; GPTBot/1.2; +https://openai.com/gptbot)"
4.227.36.57 - - [16/Jan/2025:18:28:15 +0100] "GET /vendor/alibabacloud/client/src/Filter/Filter.php HTTP/2.0" 200 20 "-" "Mozilla/5.0 AppleWebKit/537.36 (KHTML, like Gecko; compatible; GPTBot/1.2; +https://openai.com/gptbot)"
4.227.36.124 - - [16/Jan/2025:18:28:15 +0100] "GET /vendor/aws/aws-sdk-php/src/ApiGatewayV2/?C=D%3BO%3DA HTTP/2.0" 200 654 "-" "Mozilla/5.0 AppleWebKit/537.36 (KHTML, like Gecko; compatible; GPTBot/1.2; +https://openai.com/gptbot)"
4.227.36.57 - - [16/Jan/2025:18:28:16 +0100] "GET /vendor/alibabacloud/client/src/Filter/?C=D%3BO%3DA HTTP/2.0" 200 887 "-" "Mozilla/5.0 AppleWebKit/537.36 (KHTML, like Gecko; compatible; GPTBot/1.2; +https://openai.com/gptbot)"
4.227.36.124 - - [16/Jan/2025:18:28:16 +0100] "GET /vendor/aws/aws-sdk-php/src/ApiGatewayV2/?C=S%3BO%3DA HTTP/2.0" 200 654 "-" "Mozilla/5.0 AppleWebKit/537.36 (KHTML, like Gecko; compatible; GPTBot/1.2; +https://openai.com/gptbot)"
4.227.36.57 - - [16/Jan/2025:18:28:17 +0100] "GET /vendor/alibabacloud/client/src/Filter/?C=M%3BO%3DA HTTP/2.0" 200 887 "-" "Mozilla/5.0 AppleWebKit/537.36 (KHTML, like Gecko; compatible; GPTBot/1.2; +https://openai.com/gptbot)"
4.227.36.124 - - [16/Jan/2025:18:28:17 +0100] "GET /vendor/aws/aws-sdk-php/src/ApiGatewayV2/ApiGatewayV2Client.php HTTP/2.0" 200 206 "-" "Mozilla/5.0 AppleWebKit/537.36 (KHTML, like Gecko; compatible; GPTBot/1.2; +https://openai.com/gptbot)"
4.227.36.57 - - [16/Jan/2025:18:28:18 +0100] "GET /vendor/alibabacloud/client/src/Filter/ClientFilter.php HTTP/2.0" 200 20 "-" "Mozilla/5.0 AppleWebKit/537.36 (KHTML, like Gecko; compatible; GPTBot/1.2; +https://openai.com/gptbot)"
4.227.36.124 - - [16/Jan/2025:18:28:19 +0100] "GET /vendor/aws/aws-sdk-php/src/Iam/?C=S%3BO%3DA HTTP/2.0" 200 627 "-" "Mozilla/5.0 AppleWebKit/537.36 (KHTML, like Gecko; compatible; GPTBot/1.2; +https://openai.com/gptbot)"
4.227.36.57 - - [16/Jan/2025:18:28:19 +0100] "GET /vendor/alibabacloud/client/src/Filter/ApiFilter.php HTTP/2.0" 200 20 "-" "Mozilla/5.0 AppleWebKit/537.36 (KHTML, like Gecko; compatible; GPTBot/1.2; +https://openai.com/gptbot)"
4.227.36.124 - - [16/Jan/2025:18:28:20 +0100] "GET /vendor/aws/aws-sdk-php/src/Iam/?C=M%3BO%3DA HTTP/2.0" 200 627 "-" "Mozilla/5.0 AppleWebKit/537.36 (KHTML, like Gecko; compatible; GPTBot/1.2; +https://openai.com/gptbot)"
4.227.36.57 - - [16/Jan/2025:18:28:20 +0100] "GET /vendor/alibabacloud/client/src/Exception/?C=N%3BO%3DD HTTP/2.0" 200 758 "-" "Mozilla/5.0 AppleWebKit/537.36 (KHTML, like Gecko; compatible; GPTBot/1.2; +https://openai.com/gptbot)"
4.227.36.124 - - [16/Jan/2025:18:28:21 +0100] "GET /vendor/aws/aws-sdk-php/src/Iam/Exception/ HTTP/2.0" 200 580 "-" "Mozilla/5.0 AppleWebKit/537.36 (KHTML, like Gecko; compatible; GPTBot/1.2; +https://openai.com/gptbot)"
4.227.36.57 - - [16/Jan/2025:18:28:21 +0100] "GET /vendor/alibabacloud/client/src/Exception/AlibabaCloudException.php HTTP/2.0" 200 20 "-" "Mozilla/5.0 AppleWebKit/537.36 (KHTML, like Gecko; compatible; GPTBot/1.2; +https://openai.com/gptbot)"
4.227.36.124 - - [16/Jan/2025:18:28:22 +0100] "GET /vendor/aws/aws-sdk-php/src/Iam/?C=D%3BO%3DA HTTP/2.0" 200 627 "-" "Mozilla/5.0 AppleWebKit/537.36 (KHTML, like Gecko; compatible; GPTBot/1.2; +https://openai.com/gptbot)"
4.227.36.57 - - [16/Jan/2025:18:28:22 +0100] "GET /vendor/alibabacloud/client/src/Exception/?C=M%3BO%3DA HTTP/2.0" 200 758 "-" "Mozilla/5.0 AppleWebKit/537.36 (KHTML, like Gecko; compatible; GPTBot/1.2; +https://openai.com/gptbot)"
4.227.36.124 - - [16/Jan/2025:18:28:23 +0100] "GET /vendor/aws/aws-sdk-php/src/Iam/?C=N%3BO%3DD HTTP/2.0" 200 627 "-" "Mozilla/5.0 AppleWebKit/537.36 (KHTML, like Gecko; compatible; GPTBot/1.2; +https://openai.com/gptbot)"
4.227.36.57 - - [16/Jan/2025:18:28:23 +0100] "GET /vendor/alibabacloud/client/src/Exception/?C=S%3BO%3DA HTTP/2.0" 200 758 "-" "Mozilla/5.0 AppleWebKit/537.36 (KHTML, like Gecko; compatible; GPTBot/1.2; +https://openai.com/gptbot)"
4.227.36.124 - - [16/Jan/2025:18:28:24 +0100] "GET /vendor/aws/aws-sdk-php/src/Iam/IamClient.php HTTP/2.0" 200 196 "-" "Mozilla/5.0 AppleWebKit/537.36 (KHTML, like Gecko; compatible; GPTBot/1.2; +https://openai.com/gptbot)"
4.227.36.57 - - [16/Jan/2025:18:28:25 +0100] "GET /vendor/alibabacloud/client/src/Exception/?C=D%3BO%3DA HTTP/2.0" 200 758 "-" "Mozilla/5.0 AppleWebKit/537.36 (KHTML, like Gecko; compatible; GPTBot/1.2; +https://openai.com/gptbot)"
4.227.36.124 - - [16/Jan/2025:18:28:25 +0100] "GET /vendor/aws/aws-sdk-php/src/MediaLive/?C=D%3BO%3DA HTTP/2.0" 200 645 "-" "Mozilla/5.0 AppleWebKit/537.36 (KHTML, like Gecko; compatible; GPTBot/1.2; +https://openai.com/gptbot)"
4.227.36.57 - - [16/Jan/2025:18:28:26 +0100] "GET /vendor/alibabacloud/client/src/Exception/ServerException.php HTTP/2.0" 200 212 "-" "Mozilla/5.0 AppleWebKit/537.36 (KHTML, like Gecko; compatible; GPTBot/1.2; +https://openai.com/gptbot)"
4.227.36.124 - - [16/Jan/2025:18:28:26 +0100] "GET /vendor/aws/aws-sdk-php/src/MediaLive/?C=N%3BO%3DD HTTP/2.0" 200 645 "-" "Mozilla/5.0 AppleWebKit/537.36 (KHTML, like Gecko; compatible; GPTBot/1.2; +https://openai.com/gptbot)"
4.227.36.57 - - [16/Jan/2025:18:28:27 +0100] "GET /vendor/alibabacloud/client/src/Exception/ClientException.php HTTP/2.0" 200 210 "-" "Mozilla/5.0 AppleWebKit/537.36 (KHTML, like Gecko; compatible; GPTBot/1.2; +https://openai.com/gptbot)"
4.227.36.124 - - [16/Jan/2025:18:28:27 +0100] "GET /vendor/aws/aws-sdk-php/src/MediaLive/?C=S%3BO%3DA HTTP/2.0" 200 645 "-" "Mozilla/5.0 AppleWebKit/537.36 (KHTML, like Gecko; compatible; GPTBot/1.2; +https://openai.com/gptbot)"
4.227.36.57 - - [16/Jan/2025:18:28:28 +0100] "GET /vendor/alibabacloud/client/src/Config/?C=N%3BO%3DD HTTP/2.0" 200 640 "-" "Mozilla/5.0 AppleWebKit/537.36 (KHTML, like Gecko; compatible; GPTBot/1.2; +https://openai.com/gptbot)"
4.227.36.124 - - [16/Jan/2025:18:28:28 +0100] "GET /vendor/aws/aws-sdk-php/src/MediaLive/?C=M%3BO%3DA HTTP/2.0" 200 645 "-" "Mozilla/5.0 AppleWebKit/537.36 (KHTML, like Gecko; compatible; GPTBot/1.2; +https://openai.com/gptbot)"
4.227.36.57 - - [16/Jan/2025:18:28:29 +0100] "GET /vendor/alibabacloud/client/src/Config/Config.php HTTP/2.0" 200 20 "-" "Mozilla/5.0 AppleWebKit/537.36 (KHTML, like Gecko; compatible; GPTBot/1.2; +https://openai.com/gptbot)"
4.227.36.124 - - [16/Jan/2025:18:28:30 +0100] "GET /vendor/aws/aws-sdk-php/src/ServerlessApplicationRepository/?C=M%3BO%3DA HTTP/2.0" 200 714 "-" "Mozilla/5.0 AppleWebKit/537.36 (KHTML, like Gecko; compatible; GPTBot/1.2; +https://openai.com/gptbot)"
4.227.36.57 - - [16/Jan/2025:18:28:30 +0100] "GET /vendor/alibabacloud/client/src/Config/Data.php HTTP/2.0" 200 20 "-" "Mozilla/5.0 AppleWebKit/537.36 (KHTML, like Gecko; compatible; GPTBot/1.2; +https://openai.com/gptbot)"
4.227.36.124 - - [16/Jan/2025:18:28:31 +0100] "GET /vendor/aws/aws-sdk-php/src/ServerlessApplicationRepository/Exception/ HTTP/2.0" 200 695 "-" "Mozilla/5.0 AppleWebKit/537.36 (KHTML, like Gecko; compatible; GPTBot/1.2; +https://openai.com/gptbot)"
4.227.36.57 - - [16/Jan/2025:18:28:31 +0100] "GET /vendor/alibabacloud/client/src/Config/?C=S%3BO%3DA HTTP/2.0" 200 640 "-" "Mozilla/5.0 AppleWebKit/537.36 (KHTML, like Gecko; compatible; GPTBot/1.2; +https://openai.com/gptbot)"
4.227.36.124 - - [16/Jan/2025:18:28:32 +0100] "GET /vendor/aws/aws-sdk-php/src/MediaLive/Exception/ HTTP/2.0" 200 604 "-" "Mozilla/5.0 AppleWebKit/537.36 (KHTML, like Gecko; compatible; GPTBot/1.2; +https://openai.com/gptbot)"
4.227.36.57 - - [16/Jan/2025:18:28:32 +0100] "GET /vendor/alibabacloud/client/src/Config/?C=D%3BO%3DA HTTP/2.0" 200 640 "-" "Mozilla/5.0 AppleWebKit/537.36 (KHTML, like Gecko; compatible; GPTBot/1.2; +https://openai.com/gptbot)"
4.227.36.124 - - [16/Jan/2025:18:28:33 +0100] "GET /vendor/aws/aws-sdk-php/src/ServerlessApplicationRepository/?C=N%3BO%3DD HTTP/2.0" 200 714 "-" "Mozilla/5.0 AppleWebKit/537.36 (KHTML, like Gecko; compatible; GPTBot/1.2; +https://openai.com/gptbot)"
4.227.36.57 - - [16/Jan/2025:18:28:33 +0100] "GET /vendor/alibabacloud/client/src/Config/?C=M%3BO%3DA HTTP/2.0" 200 640 "-" "Mozilla/5.0 AppleWebKit/537.36 (KHTML, like Gecko; compatible; GPTBot/1.2; +https://openai.com/gptbot)"
4.227.36.124 - - [16/Jan/2025:18:28:34 +0100] "GET /vendor/aws/aws-sdk-php/src/ServerlessApplicationRepository/?C=D%3BO%3DA HTTP/2.0" 200 714 "-" "Mozilla/5.0 AppleWebKit/537.36 (KHTML, like Gecko; compatible; GPTBot/1.2; +https://openai.com/gptbot)"
4.227.36.57 - - [16/Jan/2025:18:28:34 +0100] "GET /vendor/alapi/upyun-sdk/src/Upyun/?C=N%3BO%3DD HTTP/2.0" 200 920 "-" "Mozilla/5.0 AppleWebKit/537.36 (KHTML, like Gecko; compatible; GPTBot/1.2; +https://openai.com/gptbot)"
4.227.36.124 - - [16/Jan/2025:18:28:35 +0100] "GET /vendor/aws/aws-sdk-php/src/MediaLive/MediaLiveClient.php HTTP/2.0" 200 203 "-" "Mozilla/5.0 AppleWebKit/537.36 (KHTML, like Gecko; compatible; GPTBot/1.2; +https://openai.com/gptbot)"
4.227.36.57 - - [16/Jan/2025:18:28:36 +0100] "GET /vendor/alapi/upyun-sdk/src/Upyun/Upyun.php HTTP/2.0" 200 20 "-" "Mozilla/5.0 AppleWebKit/537.36 (KHTML, like Gecko; compatible; GPTBot/1.2; +https://openai.com/gptbot)"
4.227.36.124 - - [16/Jan/2025:18:28:36 +0100] "GET /vendor/aws/aws-sdk-php/src/ServerlessApplicationRepository/ServerlessApplicationRepositoryClient.php HTTP/2.0" 200 216 "-" "Mozilla/5.0 AppleWebKit/537.36 (KHTML, like Gecko; compatible; GPTBot/1.2; +https://openai.com/gptbot)"
4.227.36.57 - - [16/Jan/2025:18:28:37 +0100] "GET /vendor/alapi/upyun-sdk/src/Upyun/Config.php HTTP/2.0" 200 20 "-" "Mozilla/5.0 AppleWebKit/537.36 (KHTML, like Gecko; compatible; GPTBot/1.2; +https://openai.com/gptbot)"
4.227.36.124 - - [16/Jan/2025:18:28:37 +0100] "GET /vendor/aws/aws-sdk-php/src/SavingsPlans/Exception/ HTTP/2.0" 200 619 "-" "Mozilla/5.0 AppleWebKit/537.36 (KHTML, like Gecko; compatible; GPTBot/1.2; +https://openai.com/gptbot)"
4.227.36.57 - - [16/Jan/2025:18:28:38 +0100] "GET /vendor/alapi/upyun-sdk/src/Upyun/Signature.php HTTP/2.0" 200 20 "-" "Mozilla/5.0 AppleWebKit/537.36 (KHTML, like Gecko; compatible; GPTBot/1.2; +https://openai.com/gptbot)"
4.227.36.124 - - [16/Jan/2025:18:28:38 +0100] "GET /vendor/aws/aws-sdk-php/src/SavingsPlans/?C=S%3BO%3DA HTTP/2.0" 200 654 "-" "Mozilla/5.0 AppleWebKit/537.36 (KHTML, like Gecko; compatible; GPTBot/1.2; +https://openai.com/gptbot)"
4.227.36.57 - - [16/Jan/2025:18:28:39 +0100] "GET /vendor/alapi/upyun-sdk/src/Upyun/?C=D%3BO%3DA HTTP/2.0" 200 920 "-" "Mozilla/5.0 AppleWebKit/537.36 (KHTML, like Gecko; compatible; GPTBot/1.2; +https://openai.com/gptbot)"
4.227.36.124 - - [16/Jan/2025:18:28:39 +0100] "GET /vendor/aws/aws-sdk-php/src/SavingsPlans/?C=D%3BO%3DA HTTP/2.0" 200 654 "-" "Mozilla/5.0 AppleWebKit/537.36 (KHTML, like Gecko; compatible; GPTBot/1.2; +https://openai.com/gptbot)"
4.227.36.57 - - [16/Jan/2025:18:28:40 +0100] "GET /vendor/alapi/upyun-sdk/src/Upyun/?C=M%3BO%3DA HTTP/2.0" 200 920 "-" "Mozilla/5.0 AppleWebKit/537.36 (KHTML, like Gecko; compatible; GPTBot/1.2; +https://openai.com/gptbot)"
4.227.36.124 - - [16/Jan/2025:18:28:41 +0100] "GET /vendor/aws/aws-sdk-php/src/ServerlessApplicationRepository/?C=S%3BO%3DA HTTP/2.0" 200 714 "-" "Mozilla/5.0 AppleWebKit/537.36 (KHTML, like Gecko; compatible; GPTBot/1.2; +https://openai.com/gptbot)"
4.227.36.57 - - [16/Jan/2025:18:28:41 +0100] "GET /vendor/alapi/upyun-sdk/src/Upyun/?C=S%3BO%3DA HTTP/2.0" 200 920 "-" "Mozilla/5.0 AppleWebKit/537.36 (KHTML, like Gecko; compatible; GPTBot/1.2; +https://openai.com/gptbot)"
4.227.36.124 - - [16/Jan/2025:18:28:42 +0100] "GET /vendor/aws/aws-sdk-php/src/SavingsPlans/SavingsPlansClient.php HTTP/2.0" 200 203 "-" "Mozilla/5.0 AppleWebKit/537.36 (KHTML, like Gecko; compatible; GPTBot/1.2; +https://openai.com/gptbot)"
4.227.36.57 - - [16/Jan/2025:18:28:42 +0100] "GET /vendor/alapi/upyun-sdk/src/Upyun/Util.php HTTP/2.0" 200 20 "-" "Mozilla/5.0 AppleWebKit/537.36 (KHTML, like Gecko; compatible; GPTBot/1.2; +https://openai.com/gptbot)"
4.227.36.124 - - [16/Jan/2025:18:28:43 +0100] "GET /vendor/aws/aws-sdk-php/src/SavingsPlans/?C=N%3BO%3DD HTTP/2.0" 200 654 "-" "Mozilla/5.0 AppleWebKit/537.36 (KHTML, like Gecko; compatible; GPTBot/1.2; +https://openai.com/gptbot)"
4.227.36.57 - - [16/Jan/2025:18:28:43 +0100] "GET /vendor/alapi/upyun-sdk/src/Upyun/Api/ HTTP/2.0" 200 791 "-" "Mozilla/5.0 AppleWebKit/537.36 (KHTML, like Gecko; compatible; GPTBot/1.2; +https://openai.com/gptbot)"
4.227.36.124 - - [16/Jan/2025:18:28:44 +0100] "GET /vendor/aws/aws-sdk-php/src/SavingsPlans/?C=M%3BO%3DA HTTP/2.0" 200 654 "-" "Mozilla/5.0 AppleWebKit/537.36 (KHTML, like Gecko; compatible; GPTBot/1.2; +https://openai.com/gptbot)"
4.227.36.57 - - [16/Jan/2025:18:28:44 +0100] "GET /vendor/alapi/upyun-sdk/src/Upyun/Uploader.php HTTP/2.0" 200 20 "-" "Mozilla/5.0 AppleWebKit/537.36 (KHTML, like Gecko; compatible; GPTBot/1.2; +https://openai.com/gptbot)"
4.227.36.124 - - [16/Jan/2025:18:28:45 +0100] "GET /vendor/aws/aws-sdk-php/src/Ecs/?C=S%3BO%3DA HTTP/2.0" 200 627 "-" "Mozilla/5.0 AppleWebKit/537.36 (KHTML, like Gecko; compatible; GPTBot/1.2; +https://openai.com/gptbot)"
4.227.36.57 - - [16/Jan/2025:18:28:45 +0100] "GET /vendor/nunomaduro/collision/src/Adapters/ HTTP/2.0" 200 645 "-" "Mozilla/5.0 AppleWebKit/537.36 (KHTML, like Gecko; compatible; GPTBot/1.2; +https://openai.com/gptbot)"
4.227.36.124 - - [16/Jan/2025:18:28:46 +0100] "GET /vendor/aws/aws-sdk-php/src/Ecs/?C=D%3BO%3DA HTTP/2.0" 200 627 "-" "Mozilla/5.0 AppleWebKit/537.36 (KHTML, like Gecko; compatible; GPTBot/1.2; +https://openai.com/gptbot)"
4.227.36.57 - - [16/Jan/2025:18:28:47 +0100] "GET /vendor/nunomaduro/collision/src/Writer.php HTTP/2.0" 200 207 "-" "Mozilla/5.0 AppleWebKit/537.36 (KHTML, like Gecko; compatible; GPTBot/1.2; +https://openai.com/gptbot)"
4.227.36.124 - - [16/Jan/2025:18:28:47 +0100] "GET /vendor/aws/aws-sdk-php/src/Ecs/?C=M%3BO%3DA HTTP/2.0" 200 627 "-" "Mozilla/5.0 AppleWebKit/537.36 (KHTML, like Gecko; compatible; GPTBot/1.2; +https://openai.com/gptbot)"
4.227.36.57 - - [16/Jan/2025:18:28:48 +0100] "GET /vendor/nunomaduro/collision/src/?C=S%3BO%3DA HTTP/2.0" 200 1332 "-" "Mozilla/5.0 AppleWebKit/537.36 (KHTML, like Gecko; compatible; GPTBot/1.2; +https://openai.com/gptbot)"
4.227.36.124 - - [16/Jan/2025:18:28:48 +0100] "GET /vendor/aws/aws-sdk-php/src/Ecs/EcsClient.php HTTP/2.0" 200 195 "-" "Mozilla/5.0 AppleWebKit/537.36 (KHTML, like Gecko; compatible; GPTBot/1.2; +https://openai.com/gptbot)"
4.227.36.57 - - [16/Jan/2025:18:28:49 +0100] "GET /vendor/nunomaduro/collision/src/Exceptions/ HTTP/2.0" 200 680 "-" "Mozilla/5.0 AppleWebKit/537.36 (KHTML, like Gecko; compatible; GPTBot/1.2; +https://openai.com/gptbot)"
4.227.36.124 - - [16/Jan/2025:18:28:49 +0100] "GET /vendor/aws/aws-sdk-php/src/Ecs/?C=N%3BO%3DD HTTP/2.0" 200 627 "-" "Mozilla/5.0 AppleWebKit/537.36 (KHTML, like Gecko; compatible; GPTBot/1.2; +https://openai.com/gptbot)"
4.227.36.57 - - [16/Jan/2025:18:28:50 +0100] "GET /vendor/nunomaduro/collision/src/Handler.php HTTP/2.0" 200 196 "-" "Mozilla/5.0 AppleWebKit/537.36 (KHTML, like Gecko; compatible; GPTBot/1.2; +https://openai.com/gptbot)"
4.227.36.124 - - [16/Jan/2025:18:28:50 +0100] "GET /vendor/aws/aws-sdk-php/src/Ecs/Exception/ HTTP/2.0" 200 580 "-" "Mozilla/5.0 AppleWebKit/537.36 (KHTML, like Gecko; compatible; GPTBot/1.2; +https://openai.com/gptbot)"
4.227.36.57 - - [16/Jan/2025:18:28:51 +0100] "GET /vendor/nunomaduro/collision/src/Provider.php HTTP/2.0" 200 209 "-" "Mozilla/5.0 AppleWebKit/537.36 (KHTML, like Gecko; compatible; GPTBot/1.2; +https://openai.com/gptbot)"
4.227.36.124 - - [16/Jan/2025:18:28:52 +0100] "GET /vendor/aws/aws-sdk-php/src/Lightsail/?C=S%3BO%3DA HTTP/2.0" 200 645 "-" "Mozilla/5.0 AppleWebKit/537.36 (KHTML, like Gecko; compatible; GPTBot/1.2; +https://openai.com/gptbot)"
4.227.36.57 - - [16/Jan/2025:18:28:52 +0100] "GET /vendor/nunomaduro/collision/src/?C=N%3BO%3DD HTTP/2.0" 200 1332 "-" "Mozilla/5.0 AppleWebKit/537.36 (KHTML, like Gecko; compatible; GPTBot/1.2; +https://openai.com/gptbot)"
4.227.36.124 - - [16/Jan/2025:18:28:53 +0100] "GET /vendor/aws/aws-sdk-php/src/Lightsail/?C=D%3BO%3DA HTTP/2.0" 200 645 "-" "Mozilla/5.0 AppleWebKit/537.36 (KHTML, like Gecko; compatible; GPTBot/1.2; +https://openai.com/gptbot)"
4.227.36.57 - - [16/Jan/2025:18:28:53 +0100] "GET /vendor/nunomaduro/collision/src/Highlighter.php HTTP/2.0" 200 211 "-" "Mozilla/5.0 AppleWebKit/537.36 (KHTML, like Gecko; compatible; GPTBot/1.2; +https://openai.com/gptbot)"
4.227.36.124 - - [16/Jan/2025:18:28:54 +0100] "GET /vendor/aws/aws-sdk-php/src/Lightsail/LightsailClient.php HTTP/2.0" 200 202 "-" "Mozilla/5.0 AppleWebKit/537.36 (KHTML, like Gecko; compatible; GPTBot/1.2; +https://openai.com/gptbot)"
4.227.36.57 - - [16/Jan/2025:18:28:54 +0100] "GET /vendor/nunomaduro/collision/src/Coverage.php HTTP/2.0" 200 20 "-" "Mozilla/5.0 AppleWebKit/537.36 (KHTML, like Gecko; compatible; GPTBot/1.2; +https://openai.com/gptbot)"
4.227.36.124 - - [16/Jan/2025:18:28:55 +0100] "GET /vendor/aws/aws-sdk-php/src/Lightsail/Exception/ HTTP/2.0" 200 604 "-" "Mozilla/5.0 AppleWebKit/537.36 (KHTML, like Gecko; compatible; GPTBot/1.2; +https://openai.com/gptbot)"
4.227.36.57 - - [16/Jan/2025:18:28:55 +0100] "GET /vendor/nunomaduro/collision/src/?C=M%3BO%3DA HTTP/2.0" 200 1332 "-" "Mozilla/5.0 AppleWebKit/537.36 (KHTML, like Gecko; compatible; GPTBot/1.2; +https://openai.com/gptbot)"
4.227.36.124 - - [16/Jan/2025:18:28:56 +0100] "GET /vendor/aws/aws-sdk-php/src/Iot/?C=D%3BO%3DA HTTP/2.0" 200 627 "-" "Mozilla/5.0 AppleWebKit/537.36 (KHTML, like Gecko; compatible; GPTBot/1.2; +https://openai.com/gptbot)"
4.227.36.57 - - [16/Jan/2025:18:28:56 +0100] "GET /vendor/nunomaduro/collision/src/ArgumentFormatter.php HTTP/2.0" 200 215 "-" "Mozilla/5.0 AppleWebKit/537.36 (KHTML, like Gecko; compatible; GPTBot/1.2; +https://openai.com/gptbot)"
4.227.36.124 - - [16/Jan/2025:18:28:57 +0100] "GET /vendor/aws/aws-sdk-php/src/Lightsail/?C=M%3BO%3DA HTTP/2.0" 200 645 "-" "Mozilla/5.0 AppleWebKit/537.36 (KHTML, like Gecko; compatible; GPTBot/1.2; +https://openai.com/gptbot)"
4.227.36.57 - - [16/Jan/2025:18:28:58 +0100] "GET /vendor/nunomaduro/collision/src/?C=D%3BO%3DA HTTP/2.0" 200 1332 "-" "Mozilla/5.0 AppleWebKit/537.36 (KHTML, like Gecko; compatible; GPTBot/1.2; +https://openai.com/gptbot)"
4.227.36.124 - - [16/Jan/2025:18:28:58 +0100] "GET /vendor/aws/aws-sdk-php/src/Iot/?C=M%3BO%3DA HTTP/2.0" 200 627 "-" "Mozilla/5.0 AppleWebKit/537.36 (KHTML, like Gecko; compatible; GPTBot/1.2; +https://openai.com/gptbot)"
4.227.36.57 - - [16/Jan/2025:18:28:59 +0100] "GET /vendor/nunomaduro/collision/src/SolutionsRepositories/ HTTP/2.0" 200 621 "-" "Mozilla/5.0 AppleWebKit/537.36 (KHTML, like Gecko; compatible; GPTBot/1.2; +https://openai.com/gptbot)"
4.227.36.124 - - [16/Jan/2025:18:28:59 +0100] "GET /vendor/aws/aws-sdk-php/src/Lightsail/?C=N%3BO%3DD HTTP/2.0" 200 645 "-" "Mozilla/5.0 AppleWebKit/537.36 (KHTML, like Gecko; compatible; GPTBot/1.2; +https://openai.com/gptbot)"
4.227.36.57 - - [16/Jan/2025:18:29:00 +0100] "GET /vendor/nunomaduro/collision/src/Contracts/ HTTP/2.0" 200 1219 "-" "Mozilla/5.0 AppleWebKit/537.36 (KHTML, like Gecko; compatible; GPTBot/1.2; +https://openai.com/gptbot)"
4.227.36.124 - - [16/Jan/2025:18:29:00 +0100] "GET /vendor/aws/aws-sdk-php/src/Iot/IotClient.php HTTP/2.0" 200 196 "-" "Mozilla/5.0 AppleWebKit/537.36 (KHTML, like Gecko; compatible; GPTBot/1.2; +https://openai.com/gptbot)"
4.227.36.57 - - [16/Jan/2025:18:29:01 +0100] "GET /vendor/nunomaduro/termwind/src/Question.php HTTP/2.0" 200 20 "-" "Mozilla/5.0 AppleWebKit/537.36 (KHTML, like Gecko; compatible; GPTBot/1.2; +https://openai.com/gptbot)"
4.227.36.124 - - [16/Jan/2025:18:29:01 +0100] "GET /vendor/aws/aws-sdk-php/src/Iot/?C=S%3BO%3DA HTTP/2.0" 200 627 "-" "Mozilla/5.0 AppleWebKit/537.36 (KHTML, like Gecko; compatible; GPTBot/1.2; +https://openai.com/gptbot)"
4.227.36.57 - - [16/Jan/2025:18:29:02 +0100] "GET /vendor/nunomaduro/collision/src/ConsoleColor.php HTTP/2.0" 200 20 "-" "Mozilla/5.0 AppleWebKit/537.36 (KHTML, like Gecko; compatible; GPTBot/1.2; +https://openai.com/gptbot)"
4.227.36.124 - - [16/Jan/2025:18:29:03 +0100] "GET /vendor/aws/aws-sdk-php/src/Iot/Exception/ HTTP/2.0" 200 580 "-" "Mozilla/5.0 AppleWebKit/537.36 (KHTML, like Gecko; compatible; GPTBot/1.2; +https://openai.com/gptbot)"
4.227.36.57 - - [16/Jan/2025:18:29:03 +0100] "GET /vendor/nunomaduro/termwind/src/Exceptions/ HTTP/2.0" 200 904 "-" "Mozilla/5.0 AppleWebKit/537.36 (KHTML, like Gecko; compatible; GPTBot/1.2; +https://openai.com/gptbot)"
4.227.36.124 - - [16/Jan/2025:18:29:04 +0100] "GET /vendor/aws/aws-sdk-php/src/Iot/?C=N%3BO%3DD HTTP/2.0" 200 627 "-" "Mozilla/5.0 AppleWebKit/537.36 (KHTML, like Gecko; compatible; GPTBot/1.2; +https://openai.com/gptbot)"
4.227.36.57 - - [16/Jan/2025:18:29:04 +0100] "GET /vendor/nunomaduro/termwind/src/Terminal.php HTTP/2.0" 200 20 "-" "Mozilla/5.0 AppleWebKit/537.36 (KHTML, like Gecko; compatible; GPTBot/1.2; +https://openai.com/gptbot)"
4.227.36.124 - - [16/Jan/2025:18:29:05 +0100] "GET /vendor/aws/aws-sdk-php/src/Macie2/?C=D%3BO%3DA HTTP/2.0" 200 636 "-" "Mozilla/5.0 AppleWebKit/537.36 (KHTML, like Gecko; compatible; GPTBot/1.2; +https://openai.com/gptbot)"
4.227.36.57 - - [16/Jan/2025:18:29:05 +0100] "GET /vendor/nunomaduro/termwind/src/?C=D%3BO%3DA HTTP/2.0" 200 1520 "-" "Mozilla/5.0 AppleWebKit/537.36 (KHTML, like Gecko; compatible; GPTBot/1.2; +https://openai.com/gptbot)"
4.227.36.124 - - [16/Jan/2025:18:29:06 +0100] "GET /vendor/aws/aws-sdk-php/src/Macie2/Macie2Client.php HTTP/2.0" 200 199 "-" "Mozilla/5.0 AppleWebKit/537.36 (KHTML, like Gecko; compatible; GPTBot/1.2; +https://openai.com/gptbot)"
4.227.36.57 - - [16/Jan/2025:18:29:06 +0100] "GET /vendor/nunomaduro/termwind/src/?C=M%3BO%3DA HTTP/2.0" 200 1520 "-" "Mozilla/5.0 AppleWebKit/537.36 (KHTML, like Gecko; compatible; GPTBot/1.2; +https://openai.com/gptbot)"
4.227.36.124 - - [16/Jan/2025:18:29:07 +0100] "GET /vendor/aws/aws-sdk-php/src/Macie2/?C=M%3BO%3DA HTTP/2.0" 200 636 "-" "Mozilla/5.0 AppleWebKit/537.36 (KHTML, like Gecko; compatible; GPTBot/1.2; +https://openai.com/gptbot)"
4.227.36.57 - - [16/Jan/2025:18:29:07 +0100] "GET /vendor/nunomaduro/termwind/src/HtmlRenderer.php HTTP/2.0" 200 20 "-" "Mozilla/5.0 AppleWebKit/537.36 (KHTML, like Gecko; compatible; GPTBot/1.2; +https://openai.com/gptbot)"
4.227.36.124 - - [16/Jan/2025:18:29:08 +0100] "GET /vendor/aws/aws-sdk-php/src/Macie2/?C=N%3BO%3DD HTTP/2.0" 200 636 "-" "Mozilla/5.0 AppleWebKit/537.36 (KHTML, like Gecko; compatible; GPTBot/1.2; +https://openai.com/gptbot)"
4.227.36.57 - - [16/Jan/2025:18:29:09 +0100] "GET /vendor/nunomaduro/termwind/src/ValueObjects/ HTTP/2.0" 200 725 "-" "Mozilla/5.0 AppleWebKit/537.36 (KHTML, like Gecko; compatible; GPTBot/1.2; +https://openai.com/gptbot)"
4.227.36.124 - - [16/Jan/2025:18:29:09 +0100] "GET /vendor/aws/aws-sdk-php/src/ServiceQuotas/ServiceQuotasClient.php HTTP/2.0" 200 203 "-" "Mozilla/5.0 AppleWebKit/537.36 (KHTML, like Gecko; compatible; GPTBot/1.2; +https://openai.com/gptbot)"
4.227.36.57 - - [16/Jan/2025:18:29:10 +0100] "GET /vendor/nunomaduro/termwind/src/Helpers/ HTTP/2.0" 200 578 "-" "Mozilla/5.0 AppleWebKit/537.36 (KHTML, like Gecko; compatible; GPTBot/1.2; +https://openai.com/gptbot)"
4.227.36.124 - - [16/Jan/2025:18:29:10 +0100] "GET /vendor/aws/aws-sdk-php/src/Macie2/Exception/ HTTP/2.0" 200 592 "-" "Mozilla/5.0 AppleWebKit/537.36 (KHTML, like Gecko; compatible; GPTBot/1.2; +https://openai.com/gptbot)"
4.227.36.57 - - [16/Jan/2025:18:29:11 +0100] "GET /vendor/nunomaduro/termwind/src/?C=N%3BO%3DD HTTP/2.0" 200 1520 "-" "Mozilla/5.0 AppleWebKit/537.36 (KHTML, like Gecko; compatible; GPTBot/1.2; +https://openai.com/gptbot)"
4.227.36.124 - - [16/Jan/2025:18:29:11 +0100] "GET /vendor/aws/aws-sdk-php/src/ServiceQuotas/Exception/ HTTP/2.0" 200 623 "-" "Mozilla/5.0 AppleWebKit/537.36 (KHTML, like Gecko; compatible; GPTBot/1.2; +https://openai.com/gptbot)"
4.227.36.57 - - [16/Jan/2025:18:29:12 +0100] "GET /vendor/nunomaduro/termwind/src/Actions/ HTTP/2.0" 200 577 "-" "Mozilla/5.0 AppleWebKit/537.36 (KHTML, like Gecko; compatible; GPTBot/1.2; +https://openai.com/gptbot)"
4.227.36.124 - - [16/Jan/2025:18:29:12 +0100] "GET /vendor/aws/aws-sdk-php/src/Macie2/?C=S%3BO%3DA HTTP/2.0" 200 636 "-" "Mozilla/5.0 AppleWebKit/537.36 (KHTML, like Gecko; compatible; GPTBot/1.2; +https://openai.com/gptbot)"
4.227.36.57 - - [16/Jan/2025:18:29:13 +0100] "GET /vendor/nunomaduro/termwind/src/Enums/ HTTP/2.0" 200 565 "-" "Mozilla/5.0 AppleWebKit/537.36 (KHTML, like Gecko; compatible; GPTBot/1.2; +https://openai.com/gptbot)"
4.227.36.124 - - [16/Jan/2025:18:29:14 +0100] "GET /vendor/aws/aws-sdk-php/src/ServiceQuotas/?C=N%3BO%3DD HTTP/2.0" 200 657 "-" "Mozilla/5.0 AppleWebKit/537.36 (KHTML, like Gecko; compatible; GPTBot/1.2; +https://openai.com/gptbot)"
4.227.36.57 - - [16/Jan/2025:18:29:14 +0100] "GET /vendor/nunomaduro/termwind/src/Repositories/ HTTP/2.0" 200 580 "-" "Mozilla/5.0 AppleWebKit/537.36 (KHTML, like Gecko; compatible; GPTBot/1.2; +https://openai.com/gptbot)"
4.227.36.124 - - [16/Jan/2025:18:29:15 +0100] "GET /vendor/aws/aws-sdk-php/src/ServiceQuotas/?C=M%3BO%3DA HTTP/2.0" 200 657 "-" "Mozilla/5.0 AppleWebKit/537.36 (KHTML, like Gecko; compatible; GPTBot/1.2; +https://openai.com/gptbot)"
4.227.36.57 - - [16/Jan/2025:18:29:15 +0100] "GET /vendor/nunomaduro/termwind/src/Html/ HTTP/2.0" 200 811 "-" "Mozilla/5.0 AppleWebKit/537.36 (KHTML, like Gecko; compatible; GPTBot/1.2; +https://openai.com/gptbot)"
4.227.36.124 - - [16/Jan/2025:18:29:16 +0100] "GET /vendor/aws/aws-sdk-php/src/ServiceQuotas/?C=S%3BO%3DA HTTP/2.0" 200 657 "-" "Mozilla/5.0 AppleWebKit/537.36 (KHTML, like Gecko; compatible; GPTBot/1.2; +https://openai.com/gptbot)"
4.227.36.57 - - [16/Jan/2025:18:29:16 +0100] "GET /vendor/nunomaduro/termwind/src/Components/ HTTP/2.0" 200 1509 "-" "Mozilla/5.0 AppleWebKit/537.36 (KHTML, like Gecko; compatible; GPTBot/1.2; +https://openai.com/gptbot)"
4.227.36.124 - - [16/Jan/2025:18:29:17 +0100] "GET /vendor/aws/aws-sdk-php/src/ServiceQuotas/?C=D%3BO%3DA HTTP/2.0" 200 657 "-" "Mozilla/5.0 AppleWebKit/537.36 (KHTML, like Gecko; compatible; GPTBot/1.2; +https://openai.com/gptbot)"
4.227.36.57 - - [16/Jan/2025:18:29:17 +0100] "GET /vendor/nunomaduro/termwind/src/Functions.php HTTP/2.0" 200 20 "-" "Mozilla/5.0 AppleWebKit/537.36 (KHTML, like Gecko; compatible; GPTBot/1.2; +https://openai.com/gptbot)"
4.227.36.124 - - [16/Jan/2025:18:29:18 +0100] "GET /vendor/aws/aws-sdk-php/src/SnowBall/?C=M%3BO%3DA HTTP/2.0" 200 642 "-" "Mozilla/5.0 AppleWebKit/537.36 (KHTML, like Gecko; compatible; GPTBot/1.2; +https://openai.com/gptbot)"
4.227.36.57 - - [16/Jan/2025:18:29:18 +0100] "GET /vendor/nunomaduro/termwind/src/?C=S%3BO%3DA HTTP/2.0" 200 1520 "-" "Mozilla/5.0 AppleWebKit/537.36 (KHTML, like Gecko; compatible; GPTBot/1.2; +https://openai.com/gptbot)"
4.227.36.124 - - [16/Jan/2025:18:29:19 +0100] "GET /vendor/aws/aws-sdk-php/src/SnowBall/SnowBallClient.php HTTP/2.0" 200 200 "-" "Mozilla/5.0 AppleWebKit/537.36 (KHTML, like Gecko; compatible; GPTBot/1.2; +https://openai.com/gptbot)"
4.227.36.57 - - [16/Jan/2025:18:29:20 +0100] "GET /vendor/nunomaduro/termwind/src/Laravel/ HTTP/2.0" 200 590 "-" "Mozilla/5.0 AppleWebKit/537.36 (KHTML, like Gecko; compatible; GPTBot/1.2; +https://openai.com/gptbot)"
