4.227.36.124 - - [16/Jan/2025:18:23:23 +0100] "GET /vendor/aws/aws-sdk-php/src/MigrationHubConfig/ HTTP/2.0" 200 675 "-" "Mozilla/5.0 AppleWebKit/537.36 (KHTML, like Gecko; compatible; GPTBot/1.2; +https://openai.com/gptbot)"
4.227.36.57 - - [16/Jan/2025:18:23:23 +0100] "GET /storage/framework/sessions/0KtbsZpGuIN3CqjFKx9ckJD8cuqrTqKOTMCSYgGH HTTP/2.0" 200 193 "-" "Mozilla/5.0 AppleWebKit/537.36 (KHTML, like Gecko; compatible; GPTBot/1.2; +https://openai.com/gptbot)"
4.227.36.124 - - [16/Jan/2025:18:23:24 +0100] "GET /vendor/aws/aws-sdk-php/src/CloudWatch/ HTTP/2.0" 200 648 "-" "Mozilla/5.0 AppleWebKit/537.36 (KHTML, like Gecko; compatible; GPTBot/1.2; +https://openai.com/gptbot)"
4.227.36.57 - - [16/Jan/2025:18:23:24 +0100] "GET /storage/framework/sessions/qLgK8TpR7Z2eQepih7MmkaZxWmRrGzq4S1CxYYqQ HTTP/2.0" 200 189 "-" "Mozilla/5.0 AppleWebKit/537.36 (KHTML, like Gecko; compatible; GPTBot/1.2; +https://openai.com/gptbot)"
4.227.36.124 - - [16/Jan/2025:18:23:25 +0100] "GET /vendor/aws/aws-sdk-php/src/CostExplorer/ HTTP/2.0" 200 654 "-" "Mozilla/5.0 AppleWebKit/537.36 (KHTML, like Gecko; compatible; GPTBot/1.2; +https://openai.com/gptbot)"
4.227.36.57 - - [16/Jan/2025:18:23:25 +0100] "GET /storage/framework/sessions/FiqK50UVSzLC7Q1af28mLbtsHrPwchfDJw5iaAZ7 HTTP/2.0" 200 189 "-" "Mozilla/5.0 AppleWebKit/537.36 (KHTML, like Gecko; compatible; GPTBot/1.2; +https://openai.com/gptbot)"
4.227.36.124 - - [16/Jan/2025:18:23:26 +0100] "GET /vendor/aws/aws-sdk-php/src/Textract/ HTTP/2.0" 200 642 "-" "Mozilla/5.0 AppleWebKit/537.36 (KHTML, like Gecko; compatible; GPTBot/1.2; +https://openai.com/gptbot)"
4.227.36.57 - - [16/Jan/2025:18:23:26 +0100] "GET /storage/framework/sessions/?C=N%3BO%3DD HTTP/2.0" 200 3422 "-" "Mozilla/5.0 AppleWebKit/537.36 (KHTML, like Gecko; compatible; GPTBot/1.2; +https://openai.com/gptbot)"
4.227.36.124 - - [16/Jan/2025:18:23:27 +0100] "GET /vendor/aws/aws-sdk-php/src/WorkLink/ HTTP/2.0" 200 642 "-" "Mozilla/5.0 AppleWebKit/537.36 (KHTML, like Gecko; compatible; GPTBot/1.2; +https://openai.com/gptbot)"
4.227.36.57 - - [16/Jan/2025:18:23:28 +0100] "GET /storage/framework/sessions/ClKs4S9DTgc4IttMV3mdti7SwpdqPyzLhI7v6hbC HTTP/2.0" 200 193 "-" "Mozilla/5.0 AppleWebKit/537.36 (KHTML, like Gecko; compatible; GPTBot/1.2; +https://openai.com/gptbot)"
4.227.36.124 - - [16/Jan/2025:18:23:28 +0100] "GET /vendor/aws/aws-sdk-php/src/Comprehend/ HTTP/2.0" 200 648 "-" "Mozilla/5.0 AppleWebKit/537.36 (KHTML, like Gecko; compatible; GPTBot/1.2; +https://openai.com/gptbot)"
4.227.36.57 - - [16/Jan/2025:18:23:29 +0100] "GET /storage/framework/sessions/.gitignore HTTP/2.0" 200 14 "-" "Mozilla/5.0 AppleWebKit/537.36 (KHTML, like Gecko; compatible; GPTBot/1.2; +https://openai.com/gptbot)"
4.227.36.124 - - [16/Jan/2025:18:23:30 +0100] "GET /vendor/aws/aws-sdk-php/src/GameLift/ HTTP/2.0" 200 642 "-" "Mozilla/5.0 AppleWebKit/537.36 (KHTML, like Gecko; compatible; GPTBot/1.2; +https://openai.com/gptbot)"
4.227.36.57 - - [16/Jan/2025:18:23:30 +0100] "GET /storage/framework/sessions/5s09yw2RFoJKFbZNeO8MbJyVuhuokP6u06DYxZSC HTTP/2.0" 200 197 "-" "Mozilla/5.0 AppleWebKit/537.36 (KHTML, like Gecko; compatible; GPTBot/1.2; +https://openai.com/gptbot)"
4.227.36.124 - - [16/Jan/2025:18:23:31 +0100] "GET /vendor/aws/aws-sdk-php/src/Crypto/ HTTP/2.0" 200 2415 "-" "Mozilla/5.0 AppleWebKit/537.36 (KHTML, like Gecko; compatible; GPTBot/1.2; +https://openai.com/gptbot)"
4.227.36.57 - - [16/Jan/2025:18:23:31 +0100] "GET /storage/framework/sessions/LUAnACndXQ9ew33vBQqkduX6NIIQy09Es7ATmx9l HTTP/2.0" 200 189 "-" "Mozilla/5.0 AppleWebKit/537.36 (KHTML, like Gecko; compatible; GPTBot/1.2; +https://openai.com/gptbot)"
4.227.36.124 - - [16/Jan/2025:18:23:32 +0100] "GET /vendor/aws/aws-sdk-php/src/IoTAnalytics/ HTTP/2.0" 200 654 "-" "Mozilla/5.0 AppleWebKit/537.36 (KHTML, like Gecko; compatible; GPTBot/1.2; +https://openai.com/gptbot)"
4.227.36.57 - - [16/Jan/2025:18:23:32 +0100] "GET /storage/framework/sessions/WdJIhXxqdn2yhW0VF3f7FjpsdFQU4KIFII7KCLPy HTTP/2.0" 200 189 "-" "Mozilla/5.0 AppleWebKit/537.36 (KHTML, like Gecko; compatible; GPTBot/1.2; +https://openai.com/gptbot)"
4.227.36.124 - - [16/Jan/2025:18:23:33 +0100] "GET /vendor/aws/aws-sdk-php/src/RolesAnywhere/ HTTP/2.0" 200 657 "-" "Mozilla/5.0 AppleWebKit/537.36 (KHTML, like Gecko; compatible; GPTBot/1.2; +https://openai.com/gptbot)"
4.227.36.57 - - [16/Jan/2025:18:23:33 +0100] "GET /storage/framework/sessions/r5rD5SWYgAzPxdvlAGgATL2UInDIqu5HIwxag219 HTTP/2.0" 200 189 "-" "Mozilla/5.0 AppleWebKit/537.36 (KHTML, like Gecko; compatible; GPTBot/1.2; +https://openai.com/gptbot)"
4.227.36.124 - - [16/Jan/2025:18:23:34 +0100] "GET /vendor/aws/aws-sdk-php/src/Endpoint/ HTTP/2.0" 200 1088 "-" "Mozilla/5.0 AppleWebKit/537.36 (KHTML, like Gecko; compatible; GPTBot/1.2; +https://openai.com/gptbot)"
4.227.36.57 - - [16/Jan/2025:18:23:34 +0100] "GET /storage/framework/sessions/siRRs362E9hMRl6letvuzKvomrc1lr4A74XXOJa8 HTTP/2.0" 200 193 "-" "Mozilla/5.0 AppleWebKit/537.36 (KHTML, like Gecko; compatible; GPTBot/1.2; +https://openai.com/gptbot)"
4.227.36.124 - - [16/Jan/2025:18:23:35 +0100] "GET /vendor/aws/aws-sdk-php/src/StreamRequestPayloadMiddleware.php HTTP/2.0" 200 20 "-" "Mozilla/5.0 AppleWebKit/537.36 (KHTML, like Gecko; compatible; GPTBot/1.2; +https://openai.com/gptbot)"
4.227.36.57 - - [16/Jan/2025:18:23:35 +0100] "GET /storage/framework/sessions/?C=S%3BO%3DA HTTP/2.0" 200 3422 "-" "Mozilla/5.0 AppleWebKit/537.36 (KHTML, like Gecko; compatible; GPTBot/1.2; +https://openai.com/gptbot)"
4.227.36.124 - - [16/Jan/2025:18:23:36 +0100] "GET /vendor/aws/aws-sdk-php/src/LexModelsV2/ HTTP/2.0" 200 651 "-" "Mozilla/5.0 AppleWebKit/537.36 (KHTML, like Gecko; compatible; GPTBot/1.2; +https://openai.com/gptbot)"
4.227.36.57 - - [16/Jan/2025:18:23:36 +0100] "GET /storage/framework/sessions/DIthsNmygWQG2OOiSAsWJEsuooIvVxVWeRCCE2Gg HTTP/2.0" 200 193 "-" "Mozilla/5.0 AppleWebKit/537.36 (KHTML, like Gecko; compatible; GPTBot/1.2; +https://openai.com/gptbot)"
4.227.36.124 - - [16/Jan/2025:18:23:37 +0100] "GET /vendor/aws/aws-sdk-php/src/KinesisVideoSignalingChannels/ HTTP/2.0" 200 708 "-" "Mozilla/5.0 AppleWebKit/537.36 (KHTML, like Gecko; compatible; GPTBot/1.2; +https://openai.com/gptbot)"
4.227.36.57 - - [16/Jan/2025:18:23:37 +0100] "GET /storage/framework/sessions/QMrgBIo9qioh7m3dA6wTwkf3U8ysqewolBZU5JT0 HTTP/2.0" 200 197 "-" "Mozilla/5.0 AppleWebKit/537.36 (KHTML, like Gecko; compatible; GPTBot/1.2; +https://openai.com/gptbot)"
4.227.36.124 - - [16/Jan/2025:18:23:38 +0100] "GET /vendor/aws/aws-sdk-php/src/EMRServerless/ HTTP/2.0" 200 657 "-" "Mozilla/5.0 AppleWebKit/537.36 (KHTML, like Gecko; compatible; GPTBot/1.2; +https://openai.com/gptbot)"
4.227.36.57 - - [16/Jan/2025:18:23:39 +0100] "GET /storage/framework/sessions/7Z8AArcW2ZuszzdmerqsUT2kev4anUkRMaPzuKr3 HTTP/2.0" 200 193 "-" "Mozilla/5.0 AppleWebKit/537.36 (KHTML, like Gecko; compatible; GPTBot/1.2; +https://openai.com/gptbot)"
4.227.36.124 - - [16/Jan/2025:18:23:39 +0100] "GET /vendor/aws/aws-sdk-php/src/GameSparks/ HTTP/2.0" 200 648 "-" "Mozilla/5.0 AppleWebKit/537.36 (KHTML, like Gecko; compatible; GPTBot/1.2; +https://openai.com/gptbot)"
4.227.36.57 - - [16/Jan/2025:18:23:40 +0100] "GET /storage/framework/sessions/mdysfzGGbbQTXXOPnNPvxq7hfbNGueFQcx1B7K5R HTTP/2.0" 200 189 "-" "Mozilla/5.0 AppleWebKit/537.36 (KHTML, like Gecko; compatible; GPTBot/1.2; +https://openai.com/gptbot)"
4.227.36.124 - - [16/Jan/2025:18:23:41 +0100] "GET /vendor/aws/aws-sdk-php/src/MediaStore/ HTTP/2.0" 200 648 "-" "Mozilla/5.0 AppleWebKit/537.36 (KHTML, like Gecko; compatible; GPTBot/1.2; +https://openai.com/gptbot)"
4.227.36.57 - - [16/Jan/2025:18:23:41 +0100] "GET /storage/framework/sessions/lkvffVsqCz7TUZX3oSnWQCTdLVgmW7ttA0A00l1T HTTP/2.0" 200 193 "-" "Mozilla/5.0 AppleWebKit/537.36 (KHTML, like Gecko; compatible; GPTBot/1.2; +https://openai.com/gptbot)"
4.227.36.124 - - [16/Jan/2025:18:23:42 +0100] "GET /vendor/aws/aws-sdk-php/src/EndpointDiscovery/ HTTP/2.0" 200 1022 "-" "Mozilla/5.0 AppleWebKit/537.36 (KHTML, like Gecko; compatible; GPTBot/1.2; +https://openai.com/gptbot)"
4.227.36.57 - - [16/Jan/2025:18:23:42 +0100] "GET /storage/framework/sessions/8flRLiWFHBo9kxZggQ69oOOTXXvwBG2W38VPxZcL HTTP/2.0" 200 193 "-" "Mozilla/5.0 AppleWebKit/537.36 (KHTML, like Gecko; compatible; GPTBot/1.2; +https://openai.com/gptbot)"
4.227.36.124 - - [16/Jan/2025:18:23:43 +0100] "GET /vendor/aws/aws-sdk-php/src/MWAA/ HTTP/2.0" 200 630 "-" "Mozilla/5.0 AppleWebKit/537.36 (KHTML, like Gecko; compatible; GPTBot/1.2; +https://openai.com/gptbot)"
4.227.36.57 - - [16/Jan/2025:18:23:43 +0100] "GET /storage/framework/sessions/w6pLXyXibOvKXQvtzJTyL1flmLP4A2Se8XOlp84l HTTP/2.0" 200 193 "-" "Mozilla/5.0 AppleWebKit/537.36 (KHTML, like Gecko; compatible; GPTBot/1.2; +https://openai.com/gptbot)"
4.227.36.124 - - [16/Jan/2025:18:23:44 +0100] "GET /vendor/aws/aws-sdk-php/src/InputValidationMiddleware.php HTTP/2.0" 200 20 "-" "Mozilla/5.0 AppleWebKit/537.36 (KHTML, like Gecko; compatible; GPTBot/1.2; +https://openai.com/gptbot)"
4.227.36.57 - - [16/Jan/2025:18:23:44 +0100] "GET /storage/framework/sessions/0DdARohZOULKiURSetRF9vT6ILkQHEQHckyfP9P6 HTTP/2.0" 200 193 "-" "Mozilla/5.0 AppleWebKit/537.36 (KHTML, like Gecko; compatible; GPTBot/1.2; +https://openai.com/gptbot)"
4.227.36.124 - - [16/Jan/2025:18:23:45 +0100] "GET /vendor/aws/aws-sdk-php/src/SSOOIDC/ HTTP/2.0" 200 639 "-" "Mozilla/5.0 AppleWebKit/537.36 (KHTML, like Gecko; compatible; GPTBot/1.2; +https://openai.com/gptbot)"
4.227.36.57 - - [16/Jan/2025:18:23:45 +0100] "GET /storage/framework/sessions/WdORltW7DJTNYfKlQLAzfd79sPM7BFGDvGxqMNcj HTTP/2.0" 200 189 "-" "Mozilla/5.0 AppleWebKit/537.36 (KHTML, like Gecko; compatible; GPTBot/1.2; +https://openai.com/gptbot)"
4.227.36.124 - - [16/Jan/2025:18:23:46 +0100] "GET /vendor/aws/aws-sdk-php/src/Swf/ HTTP/2.0" 200 627 "-" "Mozilla/5.0 AppleWebKit/537.36 (KHTML, like Gecko; compatible; GPTBot/1.2; +https://openai.com/gptbot)"
4.227.36.57 - - [16/Jan/2025:18:23:46 +0100] "GET /storage/framework/sessions/9suTyHpEs8vjvM5ID6cs2581h3HzfDwvDJwS9lk2 HTTP/2.0" 200 201 "-" "Mozilla/5.0 AppleWebKit/537.36 (KHTML, like Gecko; compatible; GPTBot/1.2; +https://openai.com/gptbot)"
4.227.36.124 - - [16/Jan/2025:18:23:47 +0100] "GET /vendor/aws/aws-sdk-php/src/ResultInterface.php HTTP/2.0" 200 20 "-" "Mozilla/5.0 AppleWebKit/537.36 (KHTML, like Gecko; compatible; GPTBot/1.2; +https://openai.com/gptbot)"
4.227.36.57 - - [16/Jan/2025:18:23:47 +0100] "GET /storage/framework/sessions/?C=M%3BO%3DA HTTP/2.0" 200 3422 "-" "Mozilla/5.0 AppleWebKit/537.36 (KHTML, like Gecko; compatible; GPTBot/1.2; +https://openai.com/gptbot)"
4.227.36.124 - - [16/Jan/2025:18:23:48 +0100] "GET /vendor/aws/aws-sdk-php/src/RecycleBin/ HTTP/2.0" 200 648 "-" "Mozilla/5.0 AppleWebKit/537.36 (KHTML, like Gecko; compatible; GPTBot/1.2; +https://openai.com/gptbot)"
4.227.36.57 - - [16/Jan/2025:18:23:48 +0100] "GET /storage/framework/sessions/Iug7Bpqqm5jhwZG3KKIIvqBTwJRyWwQM2z5tSBo3 HTTP/2.0" 200 201 "-" "Mozilla/5.0 AppleWebKit/537.36 (KHTML, like Gecko; compatible; GPTBot/1.2; +https://openai.com/gptbot)"
4.227.36.124 - - [16/Jan/2025:18:23:49 +0100] "GET /vendor/aws/aws-sdk-php/src/AppRunner/ HTTP/2.0" 200 645 "-" "Mozilla/5.0 AppleWebKit/537.36 (KHTML, like Gecko; compatible; GPTBot/1.2; +https://openai.com/gptbot)"
4.227.36.57 - - [16/Jan/2025:18:23:50 +0100] "GET /storage/framework/sessions/845JftLDxbbKDGLLGBhcbU08XFGBUA2WyH6jn5Gm HTTP/2.0" 200 193 "-" "Mozilla/5.0 AppleWebKit/537.36 (KHTML, like Gecko; compatible; GPTBot/1.2; +https://openai.com/gptbot)"
4.227.36.124 - - [16/Jan/2025:18:23:50 +0100] "GET /vendor/aws/aws-sdk-php/src/RAM/ HTTP/2.0" 200 627 "-" "Mozilla/5.0 AppleWebKit/537.36 (KHTML, like Gecko; compatible; GPTBot/1.2; +https://openai.com/gptbot)"
4.227.36.57 - - [16/Jan/2025:18:23:51 +0100] "GET /storage/framework/sessions/cgNfqBWuxdTQ5xi2eR3Un3KiHxS3U9hks3T6x0ax HTTP/2.0" 200 189 "-" "Mozilla/5.0 AppleWebKit/537.36 (KHTML, like Gecko; compatible; GPTBot/1.2; +https://openai.com/gptbot)"
4.227.36.124 - - [16/Jan/2025:18:23:52 +0100] "GET /vendor/aws/aws-sdk-php/src/ChimeSDKMessaging/ HTTP/2.0" 200 672 "-" "Mozilla/5.0 AppleWebKit/537.36 (KHTML, like Gecko; compatible; GPTBot/1.2; +https://openai.com/gptbot)"
4.227.36.57 - - [16/Jan/2025:18:23:52 +0100] "GET /storage/framework/sessions/D2Afo4OKAO0xPqYJlA5QA6Jf5INrMMvKvfqkA8eO HTTP/2.0" 200 193 "-" "Mozilla/5.0 AppleWebKit/537.36 (KHTML, like Gecko; compatible; GPTBot/1.2; +https://openai.com/gptbot)"
4.227.36.124 - - [16/Jan/2025:18:23:53 +0100] "GET /vendor/aws/aws-sdk-php/src/PinpointSMSVoice/ HTTP/2.0" 200 669 "-" "Mozilla/5.0 AppleWebKit/537.36 (KHTML, like Gecko; compatible; GPTBot/1.2; +https://openai.com/gptbot)"
4.227.36.57 - - [16/Jan/2025:18:23:53 +0100] "GET /storage/framework/sessions/6UIj9SbEanG9wXlzLj2Nrwh2g2rWY7S4JLwHS7FU HTTP/2.0" 200 193 "-" "Mozilla/5.0 AppleWebKit/537.36 (KHTML, like Gecko; compatible; GPTBot/1.2; +https://openai.com/gptbot)"
4.227.36.124 - - [16/Jan/2025:18:23:54 +0100] "GET /vendor/aws/aws-sdk-php/src/Result.php HTTP/2.0" 200 150 "-" "Mozilla/5.0 AppleWebKit/537.36 (KHTML, like Gecko; compatible; GPTBot/1.2; +https://openai.com/gptbot)"
4.227.36.57 - - [16/Jan/2025:18:23:54 +0100] "GET /storage/framework/testing/.gitignore HTTP/2.0" 200 14 "-" "Mozilla/5.0 AppleWebKit/537.36 (KHTML, like Gecko; compatible; GPTBot/1.2; +https://openai.com/gptbot)"
4.227.36.124 - - [16/Jan/2025:18:23:55 +0100] "GET /vendor/aws/aws-sdk-php/src/TraceMiddleware.php HTTP/2.0" 200 20 "-" "Mozilla/5.0 AppleWebKit/537.36 (KHTML, like Gecko; compatible; GPTBot/1.2; +https://openai.com/gptbot)"
4.227.36.57 - - [16/Jan/2025:18:23:55 +0100] "GET /storage/framework/sessions/tMhHFhyQpsZOXYqOyhtwBSof0czHWuknV3ANm5R7 HTTP/2.0" 200 193 "-" "Mozilla/5.0 AppleWebKit/537.36 (KHTML, like Gecko; compatible; GPTBot/1.2; +https://openai.com/gptbot)"
4.227.36.124 - - [16/Jan/2025:18:23:56 +0100] "GET /vendor/aws/aws-sdk-php/src/Chime/ HTTP/2.0" 200 633 "-" "Mozilla/5.0 AppleWebKit/537.36 (KHTML, like Gecko; compatible; GPTBot/1.2; +https://openai.com/gptbot)"
4.227.36.57 - - [16/Jan/2025:18:23:56 +0100] "GET /storage/framework/testing/?C=N%3BO%3DD HTTP/2.0" 200 531 "-" "Mozilla/5.0 AppleWebKit/537.36 (KHTML, like Gecko; compatible; GPTBot/1.2; +https://openai.com/gptbot)"
4.227.36.124 - - [16/Jan/2025:18:23:57 +0100] "GET /vendor/aws/aws-sdk-php/src/ResponseContainerInterface.php HTTP/2.0" 200 20 "-" "Mozilla/5.0 AppleWebKit/537.36 (KHTML, like Gecko; compatible; GPTBot/1.2; +https://openai.com/gptbot)"
4.227.36.57 - - [16/Jan/2025:18:23:57 +0100] "GET /storage/framework/testing/?C=M%3BO%3DA HTTP/2.0" 200 531 "-" "Mozilla/5.0 AppleWebKit/537.36 (KHTML, like Gecko; compatible; GPTBot/1.2; +https://openai.com/gptbot)"
4.227.36.124 - - [16/Jan/2025:18:23:58 +0100] "GET /vendor/aws/aws-sdk-php/src/ConfigService/ HTTP/2.0" 200 657 "-" "Mozilla/5.0 AppleWebKit/537.36 (KHTML, like Gecko; compatible; GPTBot/1.2; +https://openai.com/gptbot)"
4.227.36.57 - - [16/Jan/2025:18:23:58 +0100] "GET /storage/framework/cache/data/ HTTP/2.0" 200 543 "-" "Mozilla/5.0 AppleWebKit/537.36 (KHTML, like Gecko; compatible; GPTBot/1.2; +https://openai.com/gptbot)"
4.227.36.124 - - [16/Jan/2025:18:23:59 +0100] "GET /vendor/aws/aws-sdk-php/src/PsrCacheAdapter.php HTTP/2.0" 200 201 "-" "Mozilla/5.0 AppleWebKit/537.36 (KHTML, like Gecko; compatible; GPTBot/1.2; +https://openai.com/gptbot)"
4.227.36.57 - - [16/Jan/2025:18:23:59 +0100] "GET /storage/framework/testing/?C=S%3BO%3DA HTTP/2.0" 200 531 "-" "Mozilla/5.0 AppleWebKit/537.36 (KHTML, like Gecko; compatible; GPTBot/1.2; +https://openai.com/gptbot)"
4.227.36.124 - - [16/Jan/2025:18:24:01 +0100] "GET /vendor/aws/aws-sdk-php/src/GuardDuty/ HTTP/2.0" 200 645 "-" "Mozilla/5.0 AppleWebKit/537.36 (KHTML, like Gecko; compatible; GPTBot/1.2; +https://openai.com/gptbot)"
4.227.36.57 - - [16/Jan/2025:18:24:01 +0100] "GET /storage/framework/testing/?C=D%3BO%3DA HTTP/2.0" 200 531 "-" "Mozilla/5.0 AppleWebKit/537.36 (KHTML, like Gecko; compatible; GPTBot/1.2; +https://openai.com/gptbot)"
4.227.36.57 - - [16/Jan/2025:18:24:02 +0100] "GET /storage/framework/cache/?C=N%3BO%3DD HTTP/2.0" 200 596 "-" "Mozilla/5.0 AppleWebKit/537.36 (KHTML, like Gecko; compatible; GPTBot/1.2; +https://openai.com/gptbot)"
4.227.36.124 - - [16/Jan/2025:18:24:02 +0100] "GET /vendor/aws/aws-sdk-php/src/?C=M%3BO%3DA HTTP/2.0" 200 29218 "-" "Mozilla/5.0 AppleWebKit/537.36 (KHTML, like Gecko; compatible; GPTBot/1.2; +https://openai.com/gptbot)"
4.227.36.124 - - [16/Jan/2025:18:24:03 +0100] "GET /vendor/aws/aws-crt-php/tests/CredentialsTest.php HTTP/2.0" 200 235 "-" "Mozilla/5.0 AppleWebKit/537.36 (KHTML, like Gecko; compatible; GPTBot/1.2; +https://openai.com/gptbot)"
4.227.36.57 - - [16/Jan/2025:18:24:03 +0100] "GET /storage/framework/cache/.gitignore HTTP/2.0" 200 21 "-" "Mozilla/5.0 AppleWebKit/537.36 (KHTML, like Gecko; compatible; GPTBot/1.2; +https://openai.com/gptbot)"
4.227.36.124 - - [16/Jan/2025:18:24:04 +0100] "GET /vendor/aws/aws-crt-php/tests/CrcTest.php HTTP/2.0" 200 230 "-" "Mozilla/5.0 AppleWebKit/537.36 (KHTML, like Gecko; compatible; GPTBot/1.2; +https://openai.com/gptbot)"
4.227.36.57 - - [16/Jan/2025:18:24:04 +0100] "GET /storage/framework/cache/?C=M%3BO%3DA HTTP/2.0" 200 596 "-" "Mozilla/5.0 AppleWebKit/537.36 (KHTML, like Gecko; compatible; GPTBot/1.2; +https://openai.com/gptbot)"
4.227.36.124 - - [16/Jan/2025:18:24:05 +0100] "GET /vendor/aws/aws-crt-php/tests/common.inc HTTP/2.0" 200 1014 "-" "Mozilla/5.0 AppleWebKit/537.36 (KHTML, like Gecko; compatible; GPTBot/1.2; +https://openai.com/gptbot)"
4.227.36.57 - - [16/Jan/2025:18:24:05 +0100] "GET /storage/framework/cache/?C=D%3BO%3DA HTTP/2.0" 200 596 "-" "Mozilla/5.0 AppleWebKit/537.36 (KHTML, like Gecko; compatible; GPTBot/1.2; +https://openai.com/gptbot)"
4.227.36.124 - - [16/Jan/2025:18:24:06 +0100] "GET /vendor/aws/aws-crt-php/tests/EventLoopGroupTest.php HTTP/2.0" 200 239 "-" "Mozilla/5.0 AppleWebKit/537.36 (KHTML, like Gecko; compatible; GPTBot/1.2; +https://openai.com/gptbot)"
4.227.36.57 - - [16/Jan/2025:18:24:06 +0100] "GET /storage/framework/cache/?C=S%3BO%3DA HTTP/2.0" 200 596 "-" "Mozilla/5.0 AppleWebKit/537.36 (KHTML, like Gecko; compatible; GPTBot/1.2; +https://openai.com/gptbot)"
4.227.36.124 - - [16/Jan/2025:18:24:07 +0100] "GET /vendor/aws/aws-crt-php/tests/?C=D%3BO%3DA HTTP/2.0" 200 1258 "-" "Mozilla/5.0 AppleWebKit/537.36 (KHTML, like Gecko; compatible; GPTBot/1.2; +https://openai.com/gptbot)"
4.227.36.57 - - [16/Jan/2025:18:24:07 +0100] "GET /storage/framework/views/?C=M%3BO%3DA HTTP/2.0" 200 1193 "-" "Mozilla/5.0 AppleWebKit/537.36 (KHTML, like Gecko; compatible; GPTBot/1.2; +https://openai.com/gptbot)"
4.227.36.124 - - [16/Jan/2025:18:24:08 +0100] "GET /vendor/aws/aws-crt-php/tests/LogTest.php HTTP/2.0" 200 232 "-" "Mozilla/5.0 AppleWebKit/537.36 (KHTML, like Gecko; compatible; GPTBot/1.2; +https://openai.com/gptbot)"
4.227.36.57 - - [16/Jan/2025:18:24:08 +0100] "GET /storage/framework/views/?C=N%3BO%3DD HTTP/2.0" 200 1193 "-" "Mozilla/5.0 AppleWebKit/537.36 (KHTML, like Gecko; compatible; GPTBot/1.2; +https://openai.com/gptbot)"
4.227.36.124 - - [16/Jan/2025:18:24:09 +0100] "GET /vendor/aws/aws-crt-php/tests/?C=S%3BO%3DA HTTP/2.0" 200 1258 "-" "Mozilla/5.0 AppleWebKit/537.36 (KHTML, like Gecko; compatible; GPTBot/1.2; +https://openai.com/gptbot)"
4.227.36.57 - - [16/Jan/2025:18:24:09 +0100] "GET /storage/framework/views/4f3fd066358f22f7a9f1c27100d399a19b1d75da.php HTTP/2.0" 200 242 "-" "Mozilla/5.0 AppleWebKit/537.36 (KHTML, like Gecko; compatible; GPTBot/1.2; +https://openai.com/gptbot)"
4.227.36.124 - - [16/Jan/2025:18:24:10 +0100] "GET /vendor/aws/aws-crt-php/tests/?C=M%3BO%3DA HTTP/2.0" 200 1258 "-" "Mozilla/5.0 AppleWebKit/537.36 (KHTML, like Gecko; compatible; GPTBot/1.2; +https://openai.com/gptbot)"
4.227.36.57 - - [16/Jan/2025:18:24:10 +0100] "GET /storage/framework/views/fdb515b402b7a2f50a7f6b95650af2ef74d5741f.php HTTP/2.0" 200 256 "-" "Mozilla/5.0 AppleWebKit/537.36 (KHTML, like Gecko; compatible; GPTBot/1.2; +https://openai.com/gptbot)"
4.227.36.124 - - [16/Jan/2025:18:24:11 +0100] "GET /vendor/aws/aws-crt-php/tests/SigningTest.php HTTP/2.0" 200 234 "-" "Mozilla/5.0 AppleWebKit/537.36 (KHTML, like Gecko; compatible; GPTBot/1.2; +https://openai.com/gptbot)"
4.227.36.57 - - [16/Jan/2025:18:24:12 +0100] "GET /storage/framework/views/a80302eb6653149b1f46c47e64581ed915f0a696.php HTTP/2.0" 200 257 "-" "Mozilla/5.0 AppleWebKit/537.36 (KHTML, like Gecko; compatible; GPTBot/1.2; +https://openai.com/gptbot)"
4.227.36.124 - - [16/Jan/2025:18:24:12 +0100] "GET /vendor/aws/aws-crt-php/tests/StreamTest.php HTTP/2.0" 200 232 "-" "Mozilla/5.0 AppleWebKit/537.36 (KHTML, like Gecko; compatible; GPTBot/1.2; +https://openai.com/gptbot)"
4.227.36.57 - - [16/Jan/2025:18:24:13 +0100] "GET /storage/framework/views/?C=D%3BO%3DA HTTP/2.0" 200 1193 "-" "Mozilla/5.0 AppleWebKit/537.36 (KHTML, like Gecko; compatible; GPTBot/1.2; +https://openai.com/gptbot)"
4.227.36.124 - - [16/Jan/2025:18:24:14 +0100] "GET /vendor/aws/aws-crt-php/tests/000_CoreTest.php HTTP/2.0" 200 234 "-" "Mozilla/5.0 AppleWebKit/537.36 (KHTML, like Gecko; compatible; GPTBot/1.2; +https://openai.com/gptbot)"
4.227.36.57 - - [16/Jan/2025:18:24:14 +0100] "GET /storage/framework/views/edb20d0aee4dabfce913bf4445cfc9833454fb07.php HTTP/2.0" 200 253 "-" "Mozilla/5.0 AppleWebKit/537.36 (KHTML, like Gecko; compatible; GPTBot/1.2; +https://openai.com/gptbot)"
4.227.36.124 - - [16/Jan/2025:18:24:15 +0100] "GET /vendor/aws/aws-crt-php/tests/HttpMessageTest.php HTTP/2.0" 200 237 "-" "Mozilla/5.0 AppleWebKit/537.36 (KHTML, like Gecko; compatible; GPTBot/1.2; +https://openai.com/gptbot)"
4.227.36.57 - - [16/Jan/2025:18:24:15 +0100] "GET /storage/framework/views/c4de378c6855b530347321751801c2283a250dad.php HTTP/2.0" 200 258 "-" "Mozilla/5.0 AppleWebKit/537.36 (KHTML, like Gecko; compatible; GPTBot/1.2; +https://openai.com/gptbot)"
4.227.36.124 - - [16/Jan/2025:18:24:16 +0100] "GET /vendor/aws/aws-crt-php/tests/ErrorTest.php HTTP/2.0" 200 201 "-" "Mozilla/5.0 AppleWebKit/537.36 (KHTML, like Gecko; compatible; GPTBot/1.2; +https://openai.com/gptbot)"
4.227.36.57 - - [16/Jan/2025:18:24:16 +0100] "GET /storage/framework/views/620d68b6456f6eedb33aa52140aba0b57531b865.php HTTP/2.0" 200 361 "-" "Mozilla/5.0 AppleWebKit/537.36 (KHTML, like Gecko; compatible; GPTBot/1.2; +https://openai.com/gptbot)"
4.227.36.124 - - [16/Jan/2025:18:24:17 +0100] "GET /vendor/aws/aws-crt-php/tests/?C=N%3BO%3DD HTTP/2.0" 200 1258 "-" "Mozilla/5.0 AppleWebKit/537.36 (KHTML, like Gecko; compatible; GPTBot/1.2; +https://openai.com/gptbot)"
4.227.36.57 - - [16/Jan/2025:18:24:17 +0100] "GET /storage/framework/views/?C=S%3BO%3DA HTTP/2.0" 200 1193 "-" "Mozilla/5.0 AppleWebKit/537.36 (KHTML, like Gecko; compatible; GPTBot/1.2; +https://openai.com/gptbot)"
4.227.36.124 - - [16/Jan/2025:18:24:18 +0100] "GET /vendor/aws/aws-crt-php/src/AWS/ HTTP/2.0" 200 544 "-" "Mozilla/5.0 AppleWebKit/537.36 (KHTML, like Gecko; compatible; GPTBot/1.2; +https://openai.com/gptbot)"
4.227.36.57 - - [16/Jan/2025:18:24:18 +0100] "GET /vendor/barryvdh/laravel-debugbar/src/Middleware/DebugbarEnabled.php HTTP/2.0" 200 20 "-" "Mozilla/5.0 AppleWebKit/537.36 (KHTML, like Gecko; compatible; GPTBot/1.2; +https://openai.com/gptbot)"
4.227.36.124 - - [16/Jan/2025:18:24:19 +0100] "GET /vendor/aws/aws-crt-php/src/?C=D%3BO%3DA HTTP/2.0" 200 606 "-" "Mozilla/5.0 AppleWebKit/537.36 (KHTML, like Gecko; compatible; GPTBot/1.2; +https://openai.com/gptbot)"
4.227.36.57 - - [16/Jan/2025:18:24:19 +0100] "GET /storage/framework/views/.gitignore HTTP/2.0" 200 14 "-" "Mozilla/5.0 AppleWebKit/537.36 (KHTML, like Gecko; compatible; GPTBot/1.2; +https://openai.com/gptbot)"
4.227.36.124 - - [16/Jan/2025:18:24:20 +0100] "GET /vendor/aws/aws-crt-php/src/?C=N%3BO%3DD HTTP/2.0" 200 606 "-" "Mozilla/5.0 AppleWebKit/537.36 (KHTML, like Gecko; compatible; GPTBot/1.2; +https://openai.com/gptbot)"
4.227.36.57 - - [16/Jan/2025:18:24:20 +0100] "GET /vendor/barryvdh/laravel-debugbar/src/Middleware/InjectDebugbar.php HTTP/2.0" 200 20 "-" "Mozilla/5.0 AppleWebKit/537.36 (KHTML, like Gecko; compatible; GPTBot/1.2; +https://openai.com/gptbot)"
4.227.36.124 - - [16/Jan/2025:18:24:21 +0100] "GET /vendor/aws/aws-crt-php/src/.gitignore HTTP/2.0" 200 23 "-" "Mozilla/5.0 AppleWebKit/537.36 (KHTML, like Gecko; compatible; GPTBot/1.2; +https://openai.com/gptbot)"
4.227.36.57 - - [16/Jan/2025:18:24:21 +0100] "GET /vendor/barryvdh/laravel-debugbar/src/Middleware/?C=D%3BO%3DA HTTP/2.0" 200 685 "-" "Mozilla/5.0 AppleWebKit/537.36 (KHTML, like Gecko; compatible; GPTBot/1.2; +https://openai.com/gptbot)"
4.227.36.124 - - [16/Jan/2025:18:24:22 +0100] "GET /vendor/aws/aws-crt-php/src/?C=M%3BO%3DA HTTP/2.0" 200 606 "-" "Mozilla/5.0 AppleWebKit/537.36 (KHTML, like Gecko; compatible; GPTBot/1.2; +https://openai.com/gptbot)"
4.227.36.57 - - [16/Jan/2025:18:24:23 +0100] "GET /vendor/barryvdh/laravel-debugbar/src/Middleware/?C=S%3BO%3DA HTTP/2.0" 200 685 "-" "Mozilla/5.0 AppleWebKit/537.36 (KHTML, like Gecko; compatible; GPTBot/1.2; +https://openai.com/gptbot)"
4.227.36.124 - - [16/Jan/2025:18:24:23 +0100] "GET /vendor/aws/aws-crt-php/src/?C=S%3BO%3DA HTTP/2.0" 200 606 "-" "Mozilla/5.0 AppleWebKit/537.36 (KHTML, like Gecko; compatible; GPTBot/1.2; +https://openai.com/gptbot)"
4.227.36.57 - - [16/Jan/2025:18:24:24 +0100] "GET /vendor/barryvdh/laravel-debugbar/src/Middleware/?C=N%3BO%3DD HTTP/2.0" 200 685 "-" "Mozilla/5.0 AppleWebKit/537.36 (KHTML, like Gecko; compatible; GPTBot/1.2; +https://openai.com/gptbot)"
4.227.36.124 - - [16/Jan/2025:18:24:25 +0100] "GET /vendor/aws/aws-crt-php/ext/event_loop.c HTTP/2.0" 200 1503 "-" "Mozilla/5.0 AppleWebKit/537.36 (KHTML, like Gecko; compatible; GPTBot/1.2; +https://openai.com/gptbot)"
4.227.36.57 - - [16/Jan/2025:18:24:25 +0100] "GET /vendor/barryvdh/laravel-debugbar/src/Middleware/?C=M%3BO%3DA HTTP/2.0" 200 685 "-" "Mozilla/5.0 AppleWebKit/537.36 (KHTML, like Gecko; compatible; GPTBot/1.2; +https://openai.com/gptbot)"
4.227.36.124 - - [16/Jan/2025:18:24:26 +0100] "GET /vendor/aws/aws-crt-php/ext/.gitignore HTTP/2.0" 200 11 "-" "Mozilla/5.0 AppleWebKit/537.36 (KHTML, like Gecko; compatible; GPTBot/1.2; +https://openai.com/gptbot)"
4.227.36.57 - - [16/Jan/2025:18:24:26 +0100] "GET /vendor/barryvdh/laravel-debugbar/src/DataFormatter/?C=M%3BO%3DA HTTP/2.0" 200 691 "-" "Mozilla/5.0 AppleWebKit/537.36 (KHTML, like Gecko; compatible; GPTBot/1.2; +https://openai.com/gptbot)"
4.227.36.124 - - [16/Jan/2025:18:24:27 +0100] "GET /vendor/aws/aws-crt-php/ext/signing.c HTTP/2.0" 200 13616 "-" "Mozilla/5.0 AppleWebKit/537.36 (KHTML, like Gecko; compatible; GPTBot/1.2; +https://openai.com/gptbot)"
4.227.36.57 - - [16/Jan/2025:18:24:27 +0100] "GET /vendor/barryvdh/laravel-debugbar/src/DataFormatter/?C=S%3BO%3DA HTTP/2.0" 200 691 "-" "Mozilla/5.0 AppleWebKit/537.36 (KHTML, like Gecko; compatible; GPTBot/1.2; +https://openai.com/gptbot)"
4.227.36.124 - - [16/Jan/2025:18:24:28 +0100] "GET /vendor/aws/aws-crt-php/ext/http.c HTTP/2.0" 200 970 "-" "Mozilla/5.0 AppleWebKit/537.36 (KHTML, like Gecko; compatible; GPTBot/1.2; +https://openai.com/gptbot)"
4.227.36.57 - - [16/Jan/2025:18:24:28 +0100] "GET /vendor/barryvdh/laravel-debugbar/src/DataFormatter/?C=N%3BO%3DD HTTP/2.0" 200 691 "-" "Mozilla/5.0 AppleWebKit/537.36 (KHTML, like Gecko; compatible; GPTBot/1.2; +https://openai.com/gptbot)"
4.227.36.124 - - [16/Jan/2025:18:24:29 +0100] "GET /vendor/aws/aws-crt-php/ext/php_util.c HTTP/2.0" 200 628 "-" "Mozilla/5.0 AppleWebKit/537.36 (KHTML, like Gecko; compatible; GPTBot/1.2; +https://openai.com/gptbot)"
4.227.36.57 - - [16/Jan/2025:18:24:29 +0100] "GET /vendor/barryvdh/laravel-debugbar/src/DataFormatter/SimpleFormatter.php HTTP/2.0" 200 211 "-" "Mozilla/5.0 AppleWebKit/537.36 (KHTML, like Gecko; compatible; GPTBot/1.2; +https://openai.com/gptbot)"
4.227.36.124 - - [16/Jan/2025:18:24:30 +0100] "GET /vendor/aws/aws-crt-php/ext/awscrt.c HTTP/2.0" 200 440 "-" "Mozilla/5.0 AppleWebKit/537.36 (KHTML, like Gecko; compatible; GPTBot/1.2; +https://openai.com/gptbot)"
4.227.36.57 - - [16/Jan/2025:18:24:31 +0100] "GET /vendor/barryvdh/laravel-debugbar/src/DataFormatter/?C=D%3BO%3DA HTTP/2.0" 200 691 "-" "Mozilla/5.0 AppleWebKit/537.36 (KHTML, like Gecko; compatible; GPTBot/1.2; +https://openai.com/gptbot)"
4.227.36.124 - - [16/Jan/2025:18:24:31 +0100] "GET /vendor/aws/aws-crt-php/ext/awscrt_arginfo.h HTTP/2.0" 200 18971 "-" "Mozilla/5.0 AppleWebKit/537.36 (KHTML, like Gecko; compatible; GPTBot/1.2; +https://openai.com/gptbot)"
4.227.36.57 - - [16/Jan/2025:18:24:31 +0100] "GET /vendor/barryvdh/laravel-debugbar/src/DataFormatter/QueryFormatter.php HTTP/2.0" 200 210 "-" "Mozilla/5.0 AppleWebKit/537.36 (KHTML, like Gecko; compatible; GPTBot/1.2; +https://openai.com/gptbot)"
4.227.36.124 - - [16/Jan/2025:18:24:32 +0100] "GET /vendor/aws/aws-crt-php/ext/stream.c HTTP/2.0" 200 4866 "-" "Mozilla/5.0 AppleWebKit/537.36 (KHTML, like Gecko; compatible; GPTBot/1.2; +https://openai.com/gptbot)"
4.227.36.57 - - [16/Jan/2025:18:24:32 +0100] "GET /vendor/barryvdh/laravel-debugbar/src/Twig/Node/ HTTP/2.0" 200 604 "-" "Mozilla/5.0 AppleWebKit/537.36 (KHTML, like Gecko; compatible; GPTBot/1.2; +https://openai.com/gptbot)"
4.227.36.124 - - [16/Jan/2025:18:24:33 +0100] "GET /vendor/aws/aws-crt-php/ext/?C=N%3BO%3DD HTTP/2.0" 200 1499 "-" "Mozilla/5.0 AppleWebKit/537.36 (KHTML, like Gecko; compatible; GPTBot/1.2; +https://openai.com/gptbot)"
4.227.36.57 - - [16/Jan/2025:18:24:34 +0100] "GET /vendor/barryvdh/laravel-debugbar/src/Twig/?C=D%3BO%3DA HTTP/2.0" 200 727 "-" "Mozilla/5.0 AppleWebKit/537.36 (KHTML, like Gecko; compatible; GPTBot/1.2; +https://openai.com/gptbot)"
4.227.36.124 - - [16/Jan/2025:18:24:34 +0100] "GET /vendor/aws/aws-crt-php/ext/?C=S%3BO%3DA HTTP/2.0" 200 1499 "-" "Mozilla/5.0 AppleWebKit/537.36 (KHTML, like Gecko; compatible; GPTBot/1.2; +https://openai.com/gptbot)"
4.227.36.57 - - [16/Jan/2025:18:24:35 +0100] "GET /vendor/barryvdh/laravel-debugbar/src/Twig/?C=N%3BO%3DD HTTP/2.0" 200 727 "-" "Mozilla/5.0 AppleWebKit/537.36 (KHTML, like Gecko; compatible; GPTBot/1.2; +https://openai.com/gptbot)"
4.227.36.124 - - [16/Jan/2025:18:24:36 +0100] "GET /vendor/aws/aws-crt-php/ext/php_aws_crt.h HTTP/2.0" 200 7258 "-" "Mozilla/5.0 AppleWebKit/537.36 (KHTML, like Gecko; compatible; GPTBot/1.2; +https://openai.com/gptbot)"
4.227.36.57 - - [16/Jan/2025:18:24:36 +0100] "GET /vendor/barryvdh/laravel-debugbar/src/Twig/?C=M%3BO%3DA HTTP/2.0" 200 727 "-" "Mozilla/5.0 AppleWebKit/537.36 (KHTML, like Gecko; compatible; GPTBot/1.2; +https://openai.com/gptbot)"
4.227.36.124 - - [16/Jan/2025:18:24:37 +0100] "GET /vendor/aws/aws-crt-php/ext/logging.c HTTP/2.0" 200 1805 "-" "Mozilla/5.0 AppleWebKit/537.36 (KHTML, like Gecko; compatible; GPTBot/1.2; +https://openai.com/gptbot)"
4.227.36.57 - - [16/Jan/2025:18:24:37 +0100] "GET /vendor/barryvdh/laravel-debugbar/src/Twig/TokenParser/ HTTP/2.0" 200 628 "-" "Mozilla/5.0 AppleWebKit/537.36 (KHTML, like Gecko; compatible; GPTBot/1.2; +https://openai.com/gptbot)"
4.227.36.124 - - [16/Jan/2025:18:24:38 +0100] "GET /vendor/aws/aws-crt-php/ext/crc.c HTTP/2.0" 200 872 "-" "Mozilla/5.0 AppleWebKit/537.36 (KHTML, like Gecko; compatible; GPTBot/1.2; +https://openai.com/gptbot)"
4.227.36.57 - - [16/Jan/2025:18:24:38 +0100] "GET /vendor/barryvdh/laravel-debugbar/src/Twig/?C=S%3BO%3DA HTTP/2.0" 200 727 "-" "Mozilla/5.0 AppleWebKit/537.36 (KHTML, like Gecko; compatible; GPTBot/1.2; +https://openai.com/gptbot)"
4.227.36.124 - - [16/Jan/2025:18:24:39 +0100] "GET /vendor/aws/aws-crt-php/ext/?C=D%3BO%3DA HTTP/2.0" 200 1499 "-" "Mozilla/5.0 AppleWebKit/537.36 (KHTML, like Gecko; compatible; GPTBot/1.2; +https://openai.com/gptbot)"
4.227.36.57 - - [16/Jan/2025:18:24:39 +0100] "GET /vendor/barryvdh/laravel-debugbar/src/Twig/Extension/ HTTP/2.0" 200 755 "-" "Mozilla/5.0 AppleWebKit/537.36 (KHTML, like Gecko; compatible; GPTBot/1.2; +https://openai.com/gptbot)"
4.227.36.124 - - [16/Jan/2025:18:24:40 +0100] "GET /vendor/aws/aws-crt-php/ext/?C=M%3BO%3DA HTTP/2.0" 200 1499 "-" "Mozilla/5.0 AppleWebKit/537.36 (KHTML, like Gecko; compatible; GPTBot/1.2; +https://openai.com/gptbot)"
4.227.36.57 - - [16/Jan/2025:18:24:40 +0100] "GET /vendor/barryvdh/laravel-debugbar/src/Resources/laravel-debugbar-dark-mode.css HTTP/2.0" 200 2714 "-" "Mozilla/5.0 AppleWebKit/537.36 (KHTML, like Gecko; compatible; GPTBot/1.2; +https://openai.com/gptbot)"
4.227.36.124 - - [16/Jan/2025:18:24:41 +0100] "GET /vendor/aws/aws-crt-php/ext/awscrt.stub.php HTTP/2.0" 200 20 "-" "Mozilla/5.0 AppleWebKit/537.36 (KHTML, like Gecko; compatible; GPTBot/1.2; +https://openai.com/gptbot)"
4.227.36.57 - - [16/Jan/2025:18:24:41 +0100] "GET /vendor/barryvdh/laravel-debugbar/src/Resources/sqlqueries/ HTTP/2.0" 200 623 "-" "Mozilla/5.0 AppleWebKit/537.36 (KHTML, like Gecko; compatible; GPTBot/1.2; +https://openai.com/gptbot)"
4.227.36.124 - - [16/Jan/2025:18:24:42 +0100] "GET /vendor/aws/aws-crt-php/ext/crt.c HTTP/2.0" 200 10001 "-" "Mozilla/5.0 AppleWebKit/537.36 (KHTML, like Gecko; compatible; GPTBot/1.2; +https://openai.com/gptbot)"
4.227.36.57 - - [16/Jan/2025:18:24:42 +0100] "GET /vendor/barryvdh/laravel-debugbar/src/Resources/vendor/ HTTP/2.0" 200 619 "-" "Mozilla/5.0 AppleWebKit/537.36 (KHTML, like Gecko; compatible; GPTBot/1.2; +https://openai.com/gptbot)"
4.227.36.124 - - [16/Jan/2025:18:24:43 +0100] "GET /vendor/aws/aws-crt-php/ext/credentials.c HTTP/2.0" 200 5586 "-" "Mozilla/5.0 AppleWebKit/537.36 (KHTML, like Gecko; compatible; GPTBot/1.2; +https://openai.com/gptbot)"
4.227.36.57 - - [16/Jan/2025:18:24:43 +0100] "GET /vendor/barryvdh/laravel-debugbar/src/Resources/laravel-debugbar-dark-mode-media-start.css HTTP/2.0" 200 57 "-" "Mozilla/5.0 AppleWebKit/537.36 (KHTML, like Gecko; compatible; GPTBot/1.2; +https://openai.com/gptbot)"
4.227.36.124 - - [16/Jan/2025:18:24:44 +0100] "GET /vendor/aws/aws-crt-php/crt/?C=S%3BO%3DA HTTP/2.0" 200 540 "-" "Mozilla/5.0 AppleWebKit/537.36 (KHTML, like Gecko; compatible; GPTBot/1.2; +https://openai.com/gptbot)"
4.227.36.57 - - [16/Jan/2025:18:24:45 +0100] "GET /vendor/barryvdh/laravel-debugbar/src/Resources/?C=N%3BO%3DD HTTP/2.0" 200 1131 "-" "Mozilla/5.0 AppleWebKit/537.36 (KHTML, like Gecko; compatible; GPTBot/1.2; +https://openai.com/gptbot)"
4.227.36.124 - - [16/Jan/2025:18:24:45 +0100] "GET /vendor/aws/aws-crt-php/crt/?C=N%3BO%3DD HTTP/2.0" 200 540 "-" "Mozilla/5.0 AppleWebKit/537.36 (KHTML, like Gecko; compatible; GPTBot/1.2; +https://openai.com/gptbot)"
4.227.36.57 - - [16/Jan/2025:18:24:46 +0100] "GET /vendor/barryvdh/laravel-debugbar/src/Resources/?C=S%3BO%3DA HTTP/2.0" 200 1131 "-" "Mozilla/5.0 AppleWebKit/537.36 (KHTML, like Gecko; compatible; GPTBot/1.2; +https://openai.com/gptbot)"
4.227.36.124 - - [16/Jan/2025:18:24:47 +0100] "GET /vendor/aws/aws-crt-php/crt/aws-crt-ffi/ HTTP/2.0" 200 492 "-" "Mozilla/5.0 AppleWebKit/537.36 (KHTML, like Gecko; compatible; GPTBot/1.2; +https://openai.com/gptbot)"
4.227.36.57 - - [16/Jan/2025:18:24:47 +0100] "GET /vendor/barryvdh/laravel-debugbar/src/Resources/cache/ HTTP/2.0" 200 613 "-" "Mozilla/5.0 AppleWebKit/537.36 (KHTML, like Gecko; compatible; GPTBot/1.2; +https://openai.com/gptbot)"
4.227.36.124 - - [16/Jan/2025:18:24:48 +0100] "GET /vendor/aws/aws-crt-php/crt/?C=D%3BO%3DA HTTP/2.0" 200 540 "-" "Mozilla/5.0 AppleWebKit/537.36 (KHTML, like Gecko; compatible; GPTBot/1.2; +https://openai.com/gptbot)"
4.227.36.57 - - [16/Jan/2025:18:24:48 +0100] "GET /vendor/barryvdh/laravel-debugbar/src/Resources/laravel-debugbar-dark-mode-media-end.css HTTP/2.0" 200 1 "-" "Mozilla/5.0 AppleWebKit/537.36 (KHTML, like Gecko; compatible; GPTBot/1.2; +https://openai.com/gptbot)"
4.227.36.124 - - [16/Jan/2025:18:24:49 +0100] "GET /vendor/aws/aws-crt-php/crt/?C=M%3BO%3DA HTTP/2.0" 200 540 "-" "Mozilla/5.0 AppleWebKit/537.36 (KHTML, like Gecko; compatible; GPTBot/1.2; +https://openai.com/gptbot)"
4.227.36.57 - - [16/Jan/2025:18:24:49 +0100] "GET /vendor/barryvdh/laravel-debugbar/src/Resources/?C=D%3BO%3DA HTTP/2.0" 200 1131 "-" "Mozilla/5.0 AppleWebKit/537.36 (KHTML, like Gecko; compatible; GPTBot/1.2; +https://openai.com/gptbot)"
4.227.36.124 - - [16/Jan/2025:18:24:50 +0100] "GET /vendor/nette/schema/src/?C=M%3BO%3DA HTTP/2.0" 200 526 "-" "Mozilla/5.0 AppleWebKit/537.36 (KHTML, like Gecko; compatible; GPTBot/1.2; +https://openai.com/gptbot)"
4.227.36.57 - - [16/Jan/2025:18:24:50 +0100] "GET /vendor/barryvdh/laravel-debugbar/src/Resources/?C=M%3BO%3DA HTTP/2.0" 200 1131 "-" "Mozilla/5.0 AppleWebKit/537.36 (KHTML, like Gecko; compatible; GPTBot/1.2; +https://openai.com/gptbot)"
4.227.36.124 - - [16/Jan/2025:18:24:51 +0100] "GET /vendor/nette/schema/src/Schema/ HTTP/2.0" 200 1167 "-" "Mozilla/5.0 AppleWebKit/537.36 (KHTML, like Gecko; compatible; GPTBot/1.2; +https://openai.com/gptbot)"
4.227.36.57 - - [16/Jan/2025:18:24:51 +0100] "GET /vendor/barryvdh/laravel-debugbar/src/Resources/laravel-debugbar.css HTTP/2.0" 200 11101 "-" "Mozilla/5.0 AppleWebKit/537.36 (KHTML, like Gecko; compatible; GPTBot/1.2; +https://openai.com/gptbot)"
4.227.36.124 - - [16/Jan/2025:18:24:52 +0100] "GET /vendor/nette/schema/src/?C=D%3BO%3DA HTTP/2.0" 200 526 "-" "Mozilla/5.0 AppleWebKit/537.36 (KHTML, like Gecko; compatible; GPTBot/1.2; +https://openai.com/gptbot)"
4.227.36.57 - - [16/Jan/2025:18:24:52 +0100] "GET /vendor/barryvdh/laravel-debugbar/src/Support/?C=S%3BO%3DA HTTP/2.0" 200 588 "-" "Mozilla/5.0 AppleWebKit/537.36 (KHTML, like Gecko; compatible; GPTBot/1.2; +https://openai.com/gptbot)"
4.227.36.124 - - [16/Jan/2025:18:24:53 +0100] "GET /vendor/nette/schema/src/?C=S%3BO%3DA HTTP/2.0" 200 526 "-" "Mozilla/5.0 AppleWebKit/537.36 (KHTML, like Gecko; compatible; GPTBot/1.2; +https://openai.com/gptbot)"
4.227.36.57 - - [16/Jan/2025:18:24:53 +0100] "GET /vendor/barryvdh/laravel-debugbar/src/Support/?C=M%3BO%3DA HTTP/2.0" 200 588 "-" "Mozilla/5.0 AppleWebKit/537.36 (KHTML, like Gecko; compatible; GPTBot/1.2; +https://openai.com/gptbot)"
4.227.36.124 - - [16/Jan/2025:18:24:54 +0100] "GET /vendor/nette/schema/src/?C=N%3BO%3DD HTTP/2.0" 200 526 "-" "Mozilla/5.0 AppleWebKit/537.36 (KHTML, like Gecko; compatible; GPTBot/1.2; +https://openai.com/gptbot)"
4.227.36.57 - - [16/Jan/2025:18:24:54 +0100] "GET /vendor/barryvdh/laravel-debugbar/src/Support/Clockwork/ HTTP/2.0" 200 705 "-" "Mozilla/5.0 AppleWebKit/537.36 (KHTML, like Gecko; compatible; GPTBot/1.2; +https://openai.com/gptbot)"
4.227.36.124 - - [16/Jan/2025:18:24:55 +0100] "GET /vendor/nette/utils/src/?C=S%3BO%3DA HTTP/2.0" 200 1073 "-" "Mozilla/5.0 AppleWebKit/537.36 (KHTML, like Gecko; compatible; GPTBot/1.2; +https://openai.com/gptbot)"
4.227.36.57 - - [16/Jan/2025:18:24:56 +0100] "GET /vendor/barryvdh/laravel-debugbar/src/Support/?C=N%3BO%3DD HTTP/2.0" 200 588 "-" "Mozilla/5.0 AppleWebKit/537.36 (KHTML, like Gecko; compatible; GPTBot/1.2; +https://openai.com/gptbot)"
4.227.36.124 - - [16/Jan/2025:18:24:56 +0100] "GET /vendor/nette/utils/src/compatibility.php HTTP/2.0" 200 182 "-" "Mozilla/5.0 AppleWebKit/537.36 (KHTML, like Gecko; compatible; GPTBot/1.2; +https://openai.com/gptbot)"
4.227.36.57 - - [16/Jan/2025:18:24:57 +0100] "GET /vendor/barryvdh/laravel-debugbar/src/Support/?C=D%3BO%3DA HTTP/2.0" 200 588 "-" "Mozilla/5.0 AppleWebKit/537.36 (KHTML, like Gecko; compatible; GPTBot/1.2; +https://openai.com/gptbot)"
4.227.36.124 - - [16/Jan/2025:18:24:58 +0100] "GET /vendor/nette/utils/src/?C=M%3BO%3DA HTTP/2.0" 200 1073 "-" "Mozilla/5.0 AppleWebKit/537.36 (KHTML, like Gecko; compatible; GPTBot/1.2; +https://openai.com/gptbot)"
4.227.36.57 - - [16/Jan/2025:18:24:58 +0100] "GET /vendor/barryvdh/laravel-debugbar/src/Storage/?C=M%3BO%3DA HTTP/2.0" 200 680 "-" "Mozilla/5.0 AppleWebKit/537.36 (KHTML, like Gecko; compatible; GPTBot/1.2; +https://openai.com/gptbot)"
4.227.36.124 - - [16/Jan/2025:18:24:59 +0100] "GET /vendor/nette/utils/src/Iterators/ HTTP/2.0" 200 633 "-" "Mozilla/5.0 AppleWebKit/537.36 (KHTML, like Gecko; compatible; GPTBot/1.2; +https://openai.com/gptbot)"
4.227.36.57 - - [16/Jan/2025:18:24:59 +0100] "GET /vendor/barryvdh/laravel-debugbar/src/Storage/?C=N%3BO%3DD HTTP/2.0" 200 680 "-" "Mozilla/5.0 AppleWebKit/537.36 (KHTML, like Gecko; compatible; GPTBot/1.2; +https://openai.com/gptbot)"
4.227.36.124 - - [16/Jan/2025:18:25:00 +0100] "GET /vendor/nette/utils/src/HtmlStringable.php HTTP/2.0" 200 20 "-" "Mozilla/5.0 AppleWebKit/537.36 (KHTML, like Gecko; compatible; GPTBot/1.2; +https://openai.com/gptbot)"
4.227.36.57 - - [16/Jan/2025:18:25:00 +0100] "GET /vendor/barryvdh/laravel-debugbar/src/Storage/FilesystemStorage.php HTTP/2.0" 200 215 "-" "Mozilla/5.0 AppleWebKit/537.36 (KHTML, like Gecko; compatible; GPTBot/1.2; +https://openai.com/gptbot)"
4.227.36.124 - - [16/Jan/2025:18:25:01 +0100] "GET /vendor/nette/utils/src/?C=D%3BO%3DA HTTP/2.0" 200 1073 "-" "Mozilla/5.0 AppleWebKit/537.36 (KHTML, like Gecko; compatible; GPTBot/1.2; +https://openai.com/gptbot)"
4.227.36.57 - - [16/Jan/2025:18:25:01 +0100] "GET /vendor/barryvdh/laravel-debugbar/src/Storage/?C=S%3BO%3DA HTTP/2.0" 200 680 "-" "Mozilla/5.0 AppleWebKit/537.36 (KHTML, like Gecko; compatible; GPTBot/1.2; +https://openai.com/gptbot)"
4.227.36.124 - - [16/Jan/2025:18:25:02 +0100] "GET /vendor/nette/utils/src/Translator.php HTTP/2.0" 200 20 "-" "Mozilla/5.0 AppleWebKit/537.36 (KHTML, like Gecko; compatible; GPTBot/1.2; +https://openai.com/gptbot)"
4.227.36.57 - - [16/Jan/2025:18:25:02 +0100] "GET /vendor/barryvdh/laravel-debugbar/src/Storage/?C=D%3BO%3DA HTTP/2.0" 200 680 "-" "Mozilla/5.0 AppleWebKit/537.36 (KHTML, like Gecko; compatible; GPTBot/1.2; +https://openai.com/gptbot)"
4.227.36.124 - - [16/Jan/2025:18:25:03 +0100] "GET /vendor/nette/utils/src/?C=N%3BO%3DD HTTP/2.0" 200 1073 "-" "Mozilla/5.0 AppleWebKit/537.36 (KHTML, like Gecko; compatible; GPTBot/1.2; +https://openai.com/gptbot)"
4.227.36.57 - - [16/Jan/2025:18:25:03 +0100] "GET /vendor/barryvdh/laravel-debugbar/src/Storage/SocketStorage.php HTTP/2.0" 200 211 "-" "Mozilla/5.0 AppleWebKit/537.36 (KHTML, like Gecko; compatible; GPTBot/1.2; +https://openai.com/gptbot)"
4.227.36.124 - - [16/Jan/2025:18:25:04 +0100] "GET /vendor/nette/utils/src/StaticClass.php HTTP/2.0" 200 20 "-" "Mozilla/5.0 AppleWebKit/537.36 (KHTML, like Gecko; compatible; GPTBot/1.2; +https://openai.com/gptbot)"
4.227.36.57 - - [16/Jan/2025:18:25:04 +0100] "GET /vendor/barryvdh/laravel-debugbar/src/DataCollector/GateCollector.php HTTP/2.0" 200 218 "-" "Mozilla/5.0 AppleWebKit/537.36 (KHTML, like Gecko; compatible; GPTBot/1.2; +https://openai.com/gptbot)"
4.227.36.124 - - [16/Jan/2025:18:25:05 +0100] "GET /vendor/nette/utils/src/SmartObject.php HTTP/2.0" 200 20 "-" "Mozilla/5.0 AppleWebKit/537.36 (KHTML, like Gecko; compatible; GPTBot/1.2; +https://openai.com/gptbot)"
4.227.36.57 - - [16/Jan/2025:18:25:05 +0100] "GET /vendor/barryvdh/laravel-debugbar/src/DataCollector/FilesCollector.php HTTP/2.0" 200 208 "-" "Mozilla/5.0 AppleWebKit/537.36 (KHTML, like Gecko; compatible; GPTBot/1.2; +https://openai.com/gptbot)"
4.227.36.124 - - [16/Jan/2025:18:25:06 +0100] "GET /vendor/nette/utils/src/exceptions.php HTTP/2.0" 200 20 "-" "Mozilla/5.0 AppleWebKit/537.36 (KHTML, like Gecko; compatible; GPTBot/1.2; +https://openai.com/gptbot)"
4.227.36.57 - - [16/Jan/2025:18:25:07 +0100] "GET /vendor/barryvdh/laravel-debugbar/src/DataCollector/EventCollector.php HTTP/2.0" 200 215 "-" "Mozilla/5.0 AppleWebKit/537.36 (KHTML, like Gecko; compatible; GPTBot/1.2; +https://openai.com/gptbot)"
4.227.36.124 - - [16/Jan/2025:18:25:07 +0100] "GET /vendor/nette/utils/src/Utils/ HTTP/2.0" 200 1984 "-" "Mozilla/5.0 AppleWebKit/537.36 (KHTML, like Gecko; compatible; GPTBot/1.2; +https://openai.com/gptbot)"
4.227.36.57 - - [16/Jan/2025:18:25:08 +0100] "GET /vendor/barryvdh/laravel-debugbar/src/DataCollector/ViewCollector.php HTTP/2.0" 200 218 "-" "Mozilla/5.0 AppleWebKit/537.36 (KHTML, like Gecko; compatible; GPTBot/1.2; +https://openai.com/gptbot)"
4.227.36.124 - - [16/Jan/2025:18:25:09 +0100] "GET /vendor/phpdocumentor/reflection-common/src/?C=S%3BO%3DA HTTP/2.0" 200 965 "-" "Mozilla/5.0 AppleWebKit/537.36 (KHTML, like Gecko; compatible; GPTBot/1.2; +https://openai.com/gptbot)"
4.227.36.57 - - [16/Jan/2025:18:25:09 +0100] "GET /vendor/barryvdh/laravel-debugbar/src/DataCollector/SessionCollector.php HTTP/2.0" 200 210 "-" "Mozilla/5.0 AppleWebKit/537.36 (KHTML, like Gecko; compatible; GPTBot/1.2; +https://openai.com/gptbot)"
4.227.36.124 - - [16/Jan/2025:18:25:10 +0100] "GET /vendor/phpdocumentor/reflection-common/src/?C=D%3BO%3DA HTTP/2.0" 200 965 "-" "Mozilla/5.0 AppleWebKit/537.36 (KHTML, like Gecko; compatible; GPTBot/1.2; +https://openai.com/gptbot)"
4.227.36.57 - - [16/Jan/2025:18:25:10 +0100] "GET /vendor/barryvdh/laravel-debugbar/src/DataCollector/?C=D%3BO%3DA HTTP/2.0" 200 1769 "-" "Mozilla/5.0 AppleWebKit/537.36 (KHTML, like Gecko; compatible; GPTBot/1.2; +https://openai.com/gptbot)"
4.227.36.124 - - [16/Jan/2025:18:25:11 +0100] "GET /vendor/phpdocumentor/reflection-common/src/ProjectFactory.php HTTP/2.0" 200 20 "-" "Mozilla/5.0 AppleWebKit/537.36 (KHTML, like Gecko; compatible; GPTBot/1.2; +https://openai.com/gptbot)"
4.227.36.57 - - [16/Jan/2025:18:25:11 +0100] "GET /vendor/barryvdh/laravel-debugbar/src/DataCollector/CacheCollector.php HTTP/2.0" 200 215 "-" "Mozilla/5.0 AppleWebKit/537.36 (KHTML, like Gecko; compatible; GPTBot/1.2; +https://openai.com/gptbot)"
4.227.36.124 - - [16/Jan/2025:18:25:12 +0100] "GET /vendor/phpdocumentor/reflection-common/src/Project.php HTTP/2.0" 200 20 "-" "Mozilla/5.0 AppleWebKit/537.36 (KHTML, like Gecko; compatible; GPTBot/1.2; +https://openai.com/gptbot)"
4.227.36.57 - - [16/Jan/2025:18:25:12 +0100] "GET /vendor/barryvdh/laravel-debugbar/src/DataCollector/LivewireCollector.php HTTP/2.0" 200 214 "-" "Mozilla/5.0 AppleWebKit/537.36 (KHTML, like Gecko; compatible; GPTBot/1.2; +https://openai.com/gptbot)"
4.227.36.124 - - [16/Jan/2025:18:25:13 +0100] "GET /vendor/phpdocumentor/reflection-common/src/?C=N%3BO%3DD HTTP/2.0" 200 965 "-" "Mozilla/5.0 AppleWebKit/537.36 (KHTML, like Gecko; compatible; GPTBot/1.2; +https://openai.com/gptbot)"
4.227.36.57 - - [16/Jan/2025:18:25:13 +0100] "GET /vendor/barryvdh/laravel-debugbar/src/DataCollector/LogsCollector.php HTTP/2.0" 200 216 "-" "Mozilla/5.0 AppleWebKit/537.36 (KHTML, like Gecko; compatible; GPTBot/1.2; +https://openai.com/gptbot)"
4.227.36.124 - - [16/Jan/2025:18:25:14 +0100] "GET /vendor/phpdocumentor/reflection-common/src/Location.php HTTP/2.0" 200 20 "-" "Mozilla/5.0 AppleWebKit/537.36 (KHTML, like Gecko; compatible; GPTBot/1.2; +https://openai.com/gptbot)"
4.227.36.57 - - [16/Jan/2025:18:25:14 +0100] "GET /vendor/barryvdh/laravel-debugbar/src/DataCollector/QueryCollector.php HTTP/2.0" 200 218 "-" "Mozilla/5.0 AppleWebKit/537.36 (KHTML, like Gecko; compatible; GPTBot/1.2; +https://openai.com/gptbot)"
4.227.36.124 - - [16/Jan/2025:18:25:15 +0100] "GET /vendor/phpdocumentor/reflection-common/src/Element.php HTTP/2.0" 200 20 "-" "Mozilla/5.0 AppleWebKit/537.36 (KHTML, like Gecko; compatible; GPTBot/1.2; +https://openai.com/gptbot)"
4.227.36.57 - - [16/Jan/2025:18:25:15 +0100] "GET /vendor/barryvdh/laravel-debugbar/src/DataCollector/MultiAuthCollector.php HTTP/2.0" 200 215 "-" "Mozilla/5.0 AppleWebKit/537.36 (KHTML, like Gecko; compatible; GPTBot/1.2; +https://openai.com/gptbot)"
4.227.36.124 - - [16/Jan/2025:18:25:16 +0100] "GET /vendor/phpdocumentor/reflection-common/src/File.php HTTP/2.0" 200 20 "-" "Mozilla/5.0 AppleWebKit/537.36 (KHTML, like Gecko; compatible; GPTBot/1.2; +https://openai.com/gptbot)"
4.227.36.57 - - [16/Jan/2025:18:25:16 +0100] "GET /vendor/barryvdh/laravel-debugbar/src/DataCollector/ModelsCollector.php HTTP/2.0" 200 211 "-" "Mozilla/5.0 AppleWebKit/537.36 (KHTML, like Gecko; compatible; GPTBot/1.2; +https://openai.com/gptbot)"
4.227.36.124 - - [16/Jan/2025:18:25:17 +0100] "GET /vendor/phpdocumentor/reflection-common/src/?C=M%3BO%3DA HTTP/2.0" 200 965 "-" "Mozilla/5.0 AppleWebKit/537.36 (KHTML, like Gecko; compatible; GPTBot/1.2; +https://openai.com/gptbot)"
4.227.36.57 - - [16/Jan/2025:18:25:18 +0100] "GET /vendor/barryvdh/laravel-debugbar/src/DataCollector/PhpInfoCollector.php HTTP/2.0" 200 215 "-" "Mozilla/5.0 AppleWebKit/537.36 (KHTML, like Gecko; compatible; GPTBot/1.2; +https://openai.com/gptbot)"
4.227.36.124 - - [16/Jan/2025:18:25:18 +0100] "GET /vendor/phpdocumentor/type-resolver/src/Type.php HTTP/2.0" 200 20 "-" "Mozilla/5.0 AppleWebKit/537.36 (KHTML, like Gecko; compatible; GPTBot/1.2; +https://openai.com/gptbot)"
4.227.36.57 - - [16/Jan/2025:18:25:19 +0100] "GET /vendor/barryvdh/laravel-debugbar/src/DataCollector/RouteCollector.php HTTP/2.0" 200 210 "-" "Mozilla/5.0 AppleWebKit/537.36 (KHTML, like Gecko; compatible; GPTBot/1.2; +https://openai.com/gptbot)"
4.227.36.124 - - [16/Jan/2025:18:25:20 +0100] "GET /vendor/phpdocumentor/type-resolver/src/?C=S%3BO%3DA HTTP/2.0" 200 957 "-" "Mozilla/5.0 AppleWebKit/537.36 (KHTML, like Gecko; compatible; GPTBot/1.2; +https://openai.com/gptbot)"
4.227.36.57 - - [16/Jan/2025:18:25:20 +0100] "GET /vendor/barryvdh/laravel-debugbar/src/DataCollector/?C=S%3BO%3DA HTTP/2.0" 200 1769 "-" "Mozilla/5.0 AppleWebKit/537.36 (KHTML, like Gecko; compatible; GPTBot/1.2; +https://openai.com/gptbot)"
4.227.36.124 - - [16/Jan/2025:18:25:21 +0100] "GET /vendor/phpdocumentor/reflection-common/src/Fqsen.php HTTP/2.0" 200 20 "-" "Mozilla/5.0 AppleWebKit/537.36 (KHTML, like Gecko; compatible; GPTBot/1.2; +https://openai.com/gptbot)"
4.227.36.57 - - [16/Jan/2025:18:25:21 +0100] "GET /vendor/barryvdh/laravel-debugbar/src/DataCollector/?C=M%3BO%3DA HTTP/2.0" 200 1769 "-" "Mozilla/5.0 AppleWebKit/537.36 (KHTML, like Gecko; compatible; GPTBot/1.2; +https://openai.com/gptbot)"
4.227.36.124 - - [16/Jan/2025:18:25:22 +0100] "GET /vendor/phpdocumentor/type-resolver/src/?C=D%3BO%3DA HTTP/2.0" 200 957 "-" "Mozilla/5.0 AppleWebKit/537.36 (KHTML, like Gecko; compatible; GPTBot/1.2; +https://openai.com/gptbot)"
