4.227.36.124 - - [16/Jan/2025:18:12:55 +0100] "GET /vendor/symfony/service-contracts/Attribute/ HTTP/2.0" 200 667 "-" "Mozilla/5.0 AppleWebKit/537.36 (KHTML, like Gecko; compatible; GPTBot/1.2; +https://openai.com/gptbot)"
4.227.36.57 - - [16/Jan/2025:18:12:56 +0100] "GET /vendor/phpdocumentor/reflection-common/ HTTP/2.0" 200 847 "-" "Mozilla/5.0 AppleWebKit/537.36 (KHTML, like Gecko; compatible; GPTBot/1.2; +https://openai.com/gptbot)"
4.227.36.124 - - [16/Jan/2025:18:12:56 +0100] "GET /vendor/symfony/service-contracts/ServiceSubscriberInterface.php HTTP/2.0" 200 20 "-" "Mozilla/5.0 AppleWebKit/537.36 (KHTML, like Gecko; compatible; GPTBot/1.2; +https://openai.com/gptbot)"
4.227.36.57 - - [16/Jan/2025:18:12:57 +0100] "GET /vendor/phpdocumentor/reflection-docblock/ HTTP/2.0" 200 779 "-" "Mozilla/5.0 AppleWebKit/537.36 (KHTML, like Gecko; compatible; GPTBot/1.2; +https://openai.com/gptbot)"
4.227.36.124 - - [16/Jan/2025:18:12:57 +0100] "GET /vendor/symfony/service-contracts/README.md HTTP/2.0" 200 332 "-" "Mozilla/5.0 AppleWebKit/537.36 (KHTML, like Gecko; compatible; GPTBot/1.2; +https://openai.com/gptbot)"
4.227.36.57 - - [16/Jan/2025:18:12:58 +0100] "GET /vendor/phpdocumentor/?C=S%3BO%3DA HTTP/2.0" 200 680 "-" "Mozilla/5.0 AppleWebKit/537.36 (KHTML, like Gecko; compatible; GPTBot/1.2; +https://openai.com/gptbot)"
4.227.36.124 - - [16/Jan/2025:18:12:58 +0100] "GET /vendor/symfony/service-contracts/LICENSE HTTP/2.0" 200 1065 "-" "Mozilla/5.0 AppleWebKit/537.36 (KHTML, like Gecko; compatible; GPTBot/1.2; +https://openai.com/gptbot)"
4.227.36.57 - - [16/Jan/2025:18:12:59 +0100] "GET /vendor/theseer/?C=D%3BO%3DA HTTP/2.0" 200 498 "-" "Mozilla/5.0 AppleWebKit/537.36 (KHTML, like Gecko; compatible; GPTBot/1.2; +https://openai.com/gptbot)"
4.227.36.124 - - [16/Jan/2025:18:12:59 +0100] "GET /vendor/symfony/service-contracts/ResetInterface.php HTTP/2.0" 200 20 "-" "Mozilla/5.0 AppleWebKit/537.36 (KHTML, like Gecko; compatible; GPTBot/1.2; +https://openai.com/gptbot)"
4.227.36.124 - - [16/Jan/2025:18:13:01 +0100] "GET /vendor/symfony/service-contracts/?C=S%3BO%3DA HTTP/2.0" 200 1436 "-" "Mozilla/5.0 AppleWebKit/537.36 (KHTML, like Gecko; compatible; GPTBot/1.2; +https://openai.com/gptbot)"
4.227.36.124 - - [16/Jan/2025:18:13:02 +0100] "GET /vendor/symfony/service-contracts/ServiceSubscriberTrait.php HTTP/2.0" 200 20 "-" "Mozilla/5.0 AppleWebKit/537.36 (KHTML, like Gecko; compatible; GPTBot/1.2; +https://openai.com/gptbot)"
4.227.36.124 - - [16/Jan/2025:18:13:03 +0100] "GET /vendor/symfony/service-contracts/?C=D%3BO%3DA HTTP/2.0" 200 1436 "-" "Mozilla/5.0 AppleWebKit/537.36 (KHTML, like Gecko; compatible; GPTBot/1.2; +https://openai.com/gptbot)"
4.227.36.124 - - [16/Jan/2025:18:13:04 +0100] "GET /vendor/symfony/service-contracts/ServiceLocatorTrait.php HTTP/2.0" 200 20 "-" "Mozilla/5.0 AppleWebKit/537.36 (KHTML, like Gecko; compatible; GPTBot/1.2; +https://openai.com/gptbot)"
4.227.36.57 - - [16/Jan/2025:18:13:04 +0100] "GET /storage/logs/?C=N%3BO%3DD HTTP/2.0" 200 495 "-" "Mozilla/5.0 AppleWebKit/537.36 (KHTML, like Gecko; compatible; GPTBot/1.2; +https://openai.com/gptbot)"
4.227.36.124 - - [16/Jan/2025:18:13:05 +0100] "GET /vendor/symfony/service-contracts/Test/ HTTP/2.0" 200 582 "-" "Mozilla/5.0 AppleWebKit/537.36 (KHTML, like Gecko; compatible; GPTBot/1.2; +https://openai.com/gptbot)"
4.227.36.57 - - [16/Jan/2025:18:13:05 +0100] "GET /storage/logs/?C=S%3BO%3DA HTTP/2.0" 200 495 "-" "Mozilla/5.0 AppleWebKit/537.36 (KHTML, like Gecko; compatible; GPTBot/1.2; +https://openai.com/gptbot)"
4.227.36.124 - - [16/Jan/2025:18:13:06 +0100] "GET /vendor/symfony/service-contracts/?C=M%3BO%3DA HTTP/2.0" 200 1436 "-" "Mozilla/5.0 AppleWebKit/537.36 (KHTML, like Gecko; compatible; GPTBot/1.2; +https://openai.com/gptbot)"
4.227.36.57 - - [16/Jan/2025:18:13:06 +0100] "GET /storage/logs/?C=D%3BO%3DA HTTP/2.0" 200 495 "-" "Mozilla/5.0 AppleWebKit/537.36 (KHTML, like Gecko; compatible; GPTBot/1.2; +https://openai.com/gptbot)"
4.227.36.124 - - [16/Jan/2025:18:13:07 +0100] "GET /vendor/symfony/service-contracts/CHANGELOG.md HTTP/2.0" 200 157 "-" "Mozilla/5.0 AppleWebKit/537.36 (KHTML, like Gecko; compatible; GPTBot/1.2; +https://openai.com/gptbot)"
4.227.36.57 - - [16/Jan/2025:18:13:07 +0100] "GET /storage/logs/.gitignore HTTP/2.0" 200 14 "-" "Mozilla/5.0 AppleWebKit/537.36 (KHTML, like Gecko; compatible; GPTBot/1.2; +https://openai.com/gptbot)"
4.227.36.124 - - [16/Jan/2025:18:13:08 +0100] "GET /vendor/symfony/service-contracts/ServiceProviderInterface.php HTTP/2.0" 200 208 "-" "Mozilla/5.0 AppleWebKit/537.36 (KHTML, like Gecko; compatible; GPTBot/1.2; +https://openai.com/gptbot)"
4.227.36.57 - - [16/Jan/2025:18:13:09 +0100] "GET /storage/logs/?C=M%3BO%3DA HTTP/2.0" 200 495 "-" "Mozilla/5.0 AppleWebKit/537.36 (KHTML, like Gecko; compatible; GPTBot/1.2; +https://openai.com/gptbot)"
4.227.36.124 - - [16/Jan/2025:18:13:09 +0100] "GET /vendor/symfony/service-contracts/.gitignore HTTP/2.0" 200 34 "-" "Mozilla/5.0 AppleWebKit/537.36 (KHTML, like Gecko; compatible; GPTBot/1.2; +https://openai.com/gptbot)"
4.227.36.57 - - [16/Jan/2025:18:13:10 +0100] "GET /storage/debugbar/?C=N%3BO%3DD HTTP/2.0" 200 503 "-" "Mozilla/5.0 AppleWebKit/537.36 (KHTML, like Gecko; compatible; GPTBot/1.2; +https://openai.com/gptbot)"
4.227.36.124 - - [16/Jan/2025:18:13:10 +0100] "GET /vendor/symfony/service-contracts/composer.json HTTP/2.0" 200 481 "-" "Mozilla/5.0 AppleWebKit/537.36 (KHTML, like Gecko; compatible; GPTBot/1.2; +https://openai.com/gptbot)"
4.227.36.57 - - [16/Jan/2025:18:13:11 +0100] "GET /storage/debugbar/?C=D%3BO%3DA HTTP/2.0" 200 503 "-" "Mozilla/5.0 AppleWebKit/537.36 (KHTML, like Gecko; compatible; GPTBot/1.2; +https://openai.com/gptbot)"
4.227.36.124 - - [16/Jan/2025:18:13:12 +0100] "GET /vendor/symfony/service-contracts/?C=N%3BO%3DD HTTP/2.0" 200 1436 "-" "Mozilla/5.0 AppleWebKit/537.36 (KHTML, like Gecko; compatible; GPTBot/1.2; +https://openai.com/gptbot)"
4.227.36.57 - - [16/Jan/2025:18:13:12 +0100] "GET /storage/debugbar/?C=S%3BO%3DA HTTP/2.0" 200 503 "-" "Mozilla/5.0 AppleWebKit/537.36 (KHTML, like Gecko; compatible; GPTBot/1.2; +https://openai.com/gptbot)"
4.227.36.124 - - [16/Jan/2025:18:13:13 +0100] "GET /vendor/symfony/deprecation-contracts/README.md HTTP/2.0" 200 1204 "-" "Mozilla/5.0 AppleWebKit/537.36 (KHTML, like Gecko; compatible; GPTBot/1.2; +https://openai.com/gptbot)"
4.227.36.57 - - [16/Jan/2025:18:13:13 +0100] "GET /storage/debugbar/.gitignore HTTP/2.0" 200 14 "-" "Mozilla/5.0 AppleWebKit/537.36 (KHTML, like Gecko; compatible; GPTBot/1.2; +https://openai.com/gptbot)"
4.227.36.124 - - [16/Jan/2025:18:13:14 +0100] "GET /vendor/symfony/deprecation-contracts/function.php HTTP/2.0" 200 20 "-" "Mozilla/5.0 AppleWebKit/537.36 (KHTML, like Gecko; compatible; GPTBot/1.2; +https://openai.com/gptbot)"
4.227.36.57 - - [16/Jan/2025:18:13:14 +0100] "GET /storage/app/.gitignore HTTP/2.0" 200 33 "-" "Mozilla/5.0 AppleWebKit/537.36 (KHTML, like Gecko; compatible; GPTBot/1.2; +https://openai.com/gptbot)"
4.227.36.124 - - [16/Jan/2025:18:13:15 +0100] "GET /vendor/symfony/deprecation-contracts/?C=D%3BO%3DA HTTP/2.0" 200 923 "-" "Mozilla/5.0 AppleWebKit/537.36 (KHTML, like Gecko; compatible; GPTBot/1.2; +https://openai.com/gptbot)"
4.227.36.57 - - [16/Jan/2025:18:13:15 +0100] "GET /storage/debugbar/?C=M%3BO%3DA HTTP/2.0" 200 503 "-" "Mozilla/5.0 AppleWebKit/537.36 (KHTML, like Gecko; compatible; GPTBot/1.2; +https://openai.com/gptbot)"
4.227.36.124 - - [16/Jan/2025:18:13:16 +0100] "GET /vendor/symfony/deprecation-contracts/LICENSE HTTP/2.0" 200 1065 "-" "Mozilla/5.0 AppleWebKit/537.36 (KHTML, like Gecko; compatible; GPTBot/1.2; +https://openai.com/gptbot)"
4.227.36.57 - - [16/Jan/2025:18:13:16 +0100] "GET /storage/app/?C=S%3BO%3DA HTTP/2.0" 200 636 "-" "Mozilla/5.0 AppleWebKit/537.36 (KHTML, like Gecko; compatible; GPTBot/1.2; +https://openai.com/gptbot)"
4.227.36.124 - - [16/Jan/2025:18:13:17 +0100] "GET /vendor/symfony/deprecation-contracts/?C=S%3BO%3DA HTTP/2.0" 200 923 "-" "Mozilla/5.0 AppleWebKit/537.36 (KHTML, like Gecko; compatible; GPTBot/1.2; +https://openai.com/gptbot)"
4.227.36.57 - - [16/Jan/2025:18:13:17 +0100] "GET /storage/app/?C=D%3BO%3DA HTTP/2.0" 200 636 "-" "Mozilla/5.0 AppleWebKit/537.36 (KHTML, like Gecko; compatible; GPTBot/1.2; +https://openai.com/gptbot)"
4.227.36.124 - - [16/Jan/2025:18:13:18 +0100] "GET /vendor/symfony/deprecation-contracts/.gitignore HTTP/2.0" 200 34 "-" "Mozilla/5.0 AppleWebKit/537.36 (KHTML, like Gecko; compatible; GPTBot/1.2; +https://openai.com/gptbot)"
4.227.36.57 - - [16/Jan/2025:18:13:19 +0100] "GET /storage/app/?C=N%3BO%3DD HTTP/2.0" 200 636 "-" "Mozilla/5.0 AppleWebKit/537.36 (KHTML, like Gecko; compatible; GPTBot/1.2; +https://openai.com/gptbot)"
4.227.36.124 - - [16/Jan/2025:18:13:19 +0100] "GET /vendor/symfony/deprecation-contracts/?C=M%3BO%3DA HTTP/2.0" 200 923 "-" "Mozilla/5.0 AppleWebKit/537.36 (KHTML, like Gecko; compatible; GPTBot/1.2; +https://openai.com/gptbot)"
4.227.36.57 - - [16/Jan/2025:18:13:20 +0100] "GET /storage/app/?C=M%3BO%3DA HTTP/2.0" 200 636 "-" "Mozilla/5.0 AppleWebKit/537.36 (KHTML, like Gecko; compatible; GPTBot/1.2; +https://openai.com/gptbot)"
4.227.36.124 - - [16/Jan/2025:18:13:20 +0100] "GET /vendor/symfony/deprecation-contracts/composer.json HTTP/2.0" 200 375 "-" "Mozilla/5.0 AppleWebKit/537.36 (KHTML, like Gecko; compatible; GPTBot/1.2; +https://openai.com/gptbot)"
4.227.36.57 - - [16/Jan/2025:18:13:21 +0100] "GET /storage/app/uploads/ HTTP/2.0" 200 513 "-" "Mozilla/5.0 AppleWebKit/537.36 (KHTML, like Gecko; compatible; GPTBot/1.2; +https://openai.com/gptbot)"
4.227.36.124 - - [16/Jan/2025:18:13:21 +0100] "GET /vendor/symfony/deprecation-contracts/?C=N%3BO%3DD HTTP/2.0" 200 923 "-" "Mozilla/5.0 AppleWebKit/537.36 (KHTML, like Gecko; compatible; GPTBot/1.2; +https://openai.com/gptbot)"
4.227.36.57 - - [16/Jan/2025:18:13:22 +0100] "GET /storage/app/public/ HTTP/2.0" 200 511 "-" "Mozilla/5.0 AppleWebKit/537.36 (KHTML, like Gecko; compatible; GPTBot/1.2; +https://openai.com/gptbot)"
4.227.36.124 - - [16/Jan/2025:18:13:23 +0100] "GET /vendor/symfony/deprecation-contracts/CHANGELOG.md HTTP/2.0" 200 157 "-" "Mozilla/5.0 AppleWebKit/537.36 (KHTML, like Gecko; compatible; GPTBot/1.2; +https://openai.com/gptbot)"
4.227.36.57 - - [16/Jan/2025:18:13:23 +0100] "GET /storage/framework/?C=M%3BO%3DA HTTP/2.0" 200 790 "-" "Mozilla/5.0 AppleWebKit/537.36 (KHTML, like Gecko; compatible; GPTBot/1.2; +https://openai.com/gptbot)"
4.227.36.124 - - [16/Jan/2025:18:13:24 +0100] "GET /vendor/symfony/var-dumper/LICENSE HTTP/2.0" 200 1065 "-" "Mozilla/5.0 AppleWebKit/537.36 (KHTML, like Gecko; compatible; GPTBot/1.2; +https://openai.com/gptbot)"
4.227.36.57 - - [16/Jan/2025:18:13:24 +0100] "GET /storage/framework/?C=N%3BO%3DD HTTP/2.0" 200 790 "-" "Mozilla/5.0 AppleWebKit/537.36 (KHTML, like Gecko; compatible; GPTBot/1.2; +https://openai.com/gptbot)"
4.227.36.124 - - [16/Jan/2025:18:13:25 +0100] "GET /vendor/symfony/var-dumper/composer.json HTTP/2.0" 200 659 "-" "Mozilla/5.0 AppleWebKit/537.36 (KHTML, like Gecko; compatible; GPTBot/1.2; +https://openai.com/gptbot)"
4.227.36.57 - - [16/Jan/2025:18:13:25 +0100] "GET /storage/framework/?C=S%3BO%3DA HTTP/2.0" 200 790 "-" "Mozilla/5.0 AppleWebKit/537.36 (KHTML, like Gecko; compatible; GPTBot/1.2; +https://openai.com/gptbot)"
4.227.36.124 - - [16/Jan/2025:18:13:26 +0100] "GET /vendor/symfony/var-dumper/Resources/ HTTP/2.0" 200 762 "-" "Mozilla/5.0 AppleWebKit/537.36 (KHTML, like Gecko; compatible; GPTBot/1.2; +https://openai.com/gptbot)"
4.227.36.57 - - [16/Jan/2025:18:13:26 +0100] "GET /storage/framework/sessions/ HTTP/2.0" 200 3422 "-" "Mozilla/5.0 AppleWebKit/537.36 (KHTML, like Gecko; compatible; GPTBot/1.2; +https://openai.com/gptbot)"
4.227.36.124 - - [16/Jan/2025:18:13:27 +0100] "GET /vendor/symfony/var-dumper/Caster/ HTTP/2.0" 200 3399 "-" "Mozilla/5.0 AppleWebKit/537.36 (KHTML, like Gecko; compatible; GPTBot/1.2; +https://openai.com/gptbot)"
4.227.36.57 - - [16/Jan/2025:18:13:27 +0100] "GET /storage/framework/?C=D%3BO%3DA HTTP/2.0" 200 790 "-" "Mozilla/5.0 AppleWebKit/537.36 (KHTML, like Gecko; compatible; GPTBot/1.2; +https://openai.com/gptbot)"
4.227.36.124 - - [16/Jan/2025:18:13:28 +0100] "GET /vendor/symfony/var-dumper/?C=M%3BO%3DA HTTP/2.0" 200 1401 "-" "Mozilla/5.0 AppleWebKit/537.36 (KHTML, like Gecko; compatible; GPTBot/1.2; +https://openai.com/gptbot)"
4.227.36.57 - - [16/Jan/2025:18:13:28 +0100] "GET /storage/framework/testing/ HTTP/2.0" 200 531 "-" "Mozilla/5.0 AppleWebKit/537.36 (KHTML, like Gecko; compatible; GPTBot/1.2; +https://openai.com/gptbot)"
4.227.36.124 - - [16/Jan/2025:18:13:29 +0100] "GET /vendor/symfony/var-dumper/VarDumper.php HTTP/2.0" 200 20 "-" "Mozilla/5.0 AppleWebKit/537.36 (KHTML, like Gecko; compatible; GPTBot/1.2; +https://openai.com/gptbot)"
4.227.36.57 - - [16/Jan/2025:18:13:29 +0100] "GET /storage/framework/cache/ HTTP/2.0" 200 596 "-" "Mozilla/5.0 AppleWebKit/537.36 (KHTML, like Gecko; compatible; GPTBot/1.2; +https://openai.com/gptbot)"
4.227.36.124 - - [16/Jan/2025:18:13:30 +0100] "GET /vendor/symfony/var-dumper/Test/ HTTP/2.0" 200 561 "-" "Mozilla/5.0 AppleWebKit/537.36 (KHTML, like Gecko; compatible; GPTBot/1.2; +https://openai.com/gptbot)"
4.227.36.57 - - [16/Jan/2025:18:13:31 +0100] "GET /storage/framework/views/ HTTP/2.0" 200 1193 "-" "Mozilla/5.0 AppleWebKit/537.36 (KHTML, like Gecko; compatible; GPTBot/1.2; +https://openai.com/gptbot)"
4.227.36.124 - - [16/Jan/2025:18:13:31 +0100] "GET /vendor/symfony/var-dumper/README.md HTTP/2.0" 200 607 "-" "Mozilla/5.0 AppleWebKit/537.36 (KHTML, like Gecko; compatible; GPTBot/1.2; +https://openai.com/gptbot)"
4.227.36.57 - - [16/Jan/2025:18:13:32 +0100] "GET /storage/framework/.gitignore HTTP/2.0" 200 119 "-" "Mozilla/5.0 AppleWebKit/537.36 (KHTML, like Gecko; compatible; GPTBot/1.2; +https://openai.com/gptbot)"
4.227.36.124 - - [16/Jan/2025:18:13:32 +0100] "GET /vendor/symfony/var-dumper/CHANGELOG.md HTTP/2.0" 200 2197 "-" "Mozilla/5.0 AppleWebKit/537.36 (KHTML, like Gecko; compatible; GPTBot/1.2; +https://openai.com/gptbot)"
4.227.36.57 - - [16/Jan/2025:18:13:33 +0100] "GET /vendor/barryvdh/laravel-debugbar/src/LumenServiceProvider.php HTTP/2.0" 200 210 "-" "Mozilla/5.0 AppleWebKit/537.36 (KHTML, like Gecko; compatible; GPTBot/1.2; +https://openai.com/gptbot)"
4.227.36.124 - - [16/Jan/2025:18:13:34 +0100] "GET /vendor/symfony/var-dumper/?C=S%3BO%3DA HTTP/2.0" 200 1401 "-" "Mozilla/5.0 AppleWebKit/537.36 (KHTML, like Gecko; compatible; GPTBot/1.2; +https://openai.com/gptbot)"
4.227.36.57 - - [16/Jan/2025:18:13:34 +0100] "GET /vendor/barryvdh/laravel-debugbar/src/Middleware/ HTTP/2.0" 200 685 "-" "Mozilla/5.0 AppleWebKit/537.36 (KHTML, like Gecko; compatible; GPTBot/1.2; +https://openai.com/gptbot)"
4.227.36.124 - - [16/Jan/2025:18:13:35 +0100] "GET /vendor/symfony/var-dumper/Command/ HTTP/2.0" 200 641 "-" "Mozilla/5.0 AppleWebKit/537.36 (KHTML, like Gecko; compatible; GPTBot/1.2; +https://openai.com/gptbot)"
4.227.36.57 - - [16/Jan/2025:18:13:35 +0100] "GET /vendor/barryvdh/laravel-debugbar/src/DataFormatter/ HTTP/2.0" 200 691 "-" "Mozilla/5.0 AppleWebKit/537.36 (KHTML, like Gecko; compatible; GPTBot/1.2; +https://openai.com/gptbot)"
4.227.36.124 - - [16/Jan/2025:18:13:36 +0100] "GET /vendor/symfony/var-dumper/?C=N%3BO%3DD HTTP/2.0" 200 1401 "-" "Mozilla/5.0 AppleWebKit/537.36 (KHTML, like Gecko; compatible; GPTBot/1.2; +https://openai.com/gptbot)"
4.227.36.57 - - [16/Jan/2025:18:13:36 +0100] "GET /vendor/barryvdh/laravel-debugbar/src/LaravelDebugbar.php HTTP/2.0" 200 202 "-" "Mozilla/5.0 AppleWebKit/537.36 (KHTML, like Gecko; compatible; GPTBot/1.2; +https://openai.com/gptbot)"
4.227.36.124 - - [16/Jan/2025:18:13:37 +0100] "GET /vendor/symfony/var-dumper/Server/ HTTP/2.0" 200 635 "-" "Mozilla/5.0 AppleWebKit/537.36 (KHTML, like Gecko; compatible; GPTBot/1.2; +https://openai.com/gptbot)"
4.227.36.57 - - [16/Jan/2025:18:13:37 +0100] "GET /vendor/barryvdh/laravel-debugbar/src/Twig/ HTTP/2.0" 200 727 "-" "Mozilla/5.0 AppleWebKit/537.36 (KHTML, like Gecko; compatible; GPTBot/1.2; +https://openai.com/gptbot)"
4.227.36.124 - - [16/Jan/2025:18:13:38 +0100] "GET /vendor/symfony/var-dumper/?C=D%3BO%3DA HTTP/2.0" 200 1401 "-" "Mozilla/5.0 AppleWebKit/537.36 (KHTML, like Gecko; compatible; GPTBot/1.2; +https://openai.com/gptbot)"
4.227.36.57 - - [16/Jan/2025:18:13:38 +0100] "GET /vendor/barryvdh/laravel-debugbar/src/Resources/ HTTP/2.0" 200 1131 "-" "Mozilla/5.0 AppleWebKit/537.36 (KHTML, like Gecko; compatible; GPTBot/1.2; +https://openai.com/gptbot)"
4.227.36.124 - - [16/Jan/2025:18:13:39 +0100] "GET /vendor/symfony/var-dumper/Exception/ HTTP/2.0" 200 579 "-" "Mozilla/5.0 AppleWebKit/537.36 (KHTML, like Gecko; compatible; GPTBot/1.2; +https://openai.com/gptbot)"
4.227.36.57 - - [16/Jan/2025:18:13:39 +0100] "GET /vendor/barryvdh/laravel-debugbar/src/DebugbarViewEngine.php HTTP/2.0" 200 214 "-" "Mozilla/5.0 AppleWebKit/537.36 (KHTML, like Gecko; compatible; GPTBot/1.2; +https://openai.com/gptbot)"
4.227.36.124 - - [16/Jan/2025:18:13:40 +0100] "GET /vendor/symfony/var-dumper/Dumper/ HTTP/2.0" 200 1054 "-" "Mozilla/5.0 AppleWebKit/537.36 (KHTML, like Gecko; compatible; GPTBot/1.2; +https://openai.com/gptbot)"
4.227.36.57 - - [16/Jan/2025:18:13:41 +0100] "GET /vendor/barryvdh/laravel-debugbar/src/Support/ HTTP/2.0" 200 588 "-" "Mozilla/5.0 AppleWebKit/537.36 (KHTML, like Gecko; compatible; GPTBot/1.2; +https://openai.com/gptbot)"
4.227.36.124 - - [16/Jan/2025:18:13:41 +0100] "GET /vendor/symfony/var-dumper/Cloner/ HTTP/2.0" 200 1022 "-" "Mozilla/5.0 AppleWebKit/537.36 (KHTML, like Gecko; compatible; GPTBot/1.2; +https://openai.com/gptbot)"
4.227.36.57 - - [16/Jan/2025:18:13:42 +0100] "GET /vendor/barryvdh/laravel-debugbar/src/?C=D%3BO%3DA HTTP/2.0" 200 1978 "-" "Mozilla/5.0 AppleWebKit/537.36 (KHTML, like Gecko; compatible; GPTBot/1.2; +https://openai.com/gptbot)"
4.227.36.124 - - [16/Jan/2025:18:13:42 +0100] "GET /vendor/symfony/polyfill-ctype/bootstrap.php HTTP/2.0" 200 20 "-" "Mozilla/5.0 AppleWebKit/537.36 (KHTML, like Gecko; compatible; GPTBot/1.2; +https://openai.com/gptbot)"
4.227.36.57 - - [16/Jan/2025:18:13:43 +0100] "GET /vendor/barryvdh/laravel-debugbar/src/Storage/ HTTP/2.0" 200 680 "-" "Mozilla/5.0 AppleWebKit/537.36 (KHTML, like Gecko; compatible; GPTBot/1.2; +https://openai.com/gptbot)"
4.227.36.124 - - [16/Jan/2025:18:13:43 +0100] "GET /vendor/symfony/polyfill-ctype/bootstrap80.php HTTP/2.0" 200 20 "-" "Mozilla/5.0 AppleWebKit/537.36 (KHTML, like Gecko; compatible; GPTBot/1.2; +https://openai.com/gptbot)"
4.227.36.57 - - [16/Jan/2025:18:13:44 +0100] "GET /vendor/barryvdh/laravel-debugbar/src/?C=N%3BO%3DD HTTP/2.0" 200 1978 "-" "Mozilla/5.0 AppleWebKit/537.36 (KHTML, like Gecko; compatible; GPTBot/1.2; +https://openai.com/gptbot)"
4.227.36.124 - - [16/Jan/2025:18:13:45 +0100] "GET /vendor/symfony/polyfill-ctype/?C=D%3BO%3DA HTTP/2.0" 200 912 "-" "Mozilla/5.0 AppleWebKit/537.36 (KHTML, like Gecko; compatible; GPTBot/1.2; +https://openai.com/gptbot)"
4.227.36.57 - - [16/Jan/2025:18:13:45 +0100] "GET /vendor/barryvdh/laravel-debugbar/src/Facade.php HTTP/2.0" 200 204 "-" "Mozilla/5.0 AppleWebKit/537.36 (KHTML, like Gecko; compatible; GPTBot/1.2; +https://openai.com/gptbot)"
4.227.36.124 - - [16/Jan/2025:18:13:46 +0100] "GET /vendor/symfony/polyfill-ctype/composer.json HTTP/2.0" 200 458 "-" "Mozilla/5.0 AppleWebKit/537.36 (KHTML, like Gecko; compatible; GPTBot/1.2; +https://openai.com/gptbot)"
4.227.36.57 - - [16/Jan/2025:18:13:46 +0100] "GET /vendor/barryvdh/laravel-debugbar/src/SymfonyHttpDriver.php HTTP/2.0" 200 212 "-" "Mozilla/5.0 AppleWebKit/537.36 (KHTML, like Gecko; compatible; GPTBot/1.2; +https://openai.com/gptbot)"
4.227.36.124 - - [16/Jan/2025:18:13:47 +0100] "GET /vendor/symfony/polyfill-ctype/?C=M%3BO%3DA HTTP/2.0" 200 912 "-" "Mozilla/5.0 AppleWebKit/537.36 (KHTML, like Gecko; compatible; GPTBot/1.2; +https://openai.com/gptbot)"
4.227.36.57 - - [16/Jan/2025:18:13:47 +0100] "GET /vendor/barryvdh/laravel-debugbar/src/?C=M%3BO%3DA HTTP/2.0" 200 1978 "-" "Mozilla/5.0 AppleWebKit/537.36 (KHTML, like Gecko; compatible; GPTBot/1.2; +https://openai.com/gptbot)"
4.227.36.124 - - [16/Jan/2025:18:13:48 +0100] "GET /vendor/symfony/polyfill-ctype/Ctype.php HTTP/2.0" 200 20 "-" "Mozilla/5.0 AppleWebKit/537.36 (KHTML, like Gecko; compatible; GPTBot/1.2; +https://openai.com/gptbot)"
4.227.36.57 - - [16/Jan/2025:18:13:48 +0100] "GET /vendor/barryvdh/laravel-debugbar/src/DataCollector/ HTTP/2.0" 200 1769 "-" "Mozilla/5.0 AppleWebKit/537.36 (KHTML, like Gecko; compatible; GPTBot/1.2; +https://openai.com/gptbot)"
4.227.36.124 - - [16/Jan/2025:18:13:49 +0100] "GET /vendor/symfony/polyfill-ctype/README.md HTTP/2.0" 200 350 "-" "Mozilla/5.0 AppleWebKit/537.36 (KHTML, like Gecko; compatible; GPTBot/1.2; +https://openai.com/gptbot)"
4.227.36.57 - - [16/Jan/2025:18:13:49 +0100] "GET /vendor/barryvdh/laravel-debugbar/src/Controllers/ HTTP/2.0" 200 949 "-" "Mozilla/5.0 AppleWebKit/537.36 (KHTML, like Gecko; compatible; GPTBot/1.2; +https://openai.com/gptbot)"
4.227.36.124 - - [16/Jan/2025:18:13:50 +0100] "GET /vendor/symfony/polyfill-ctype/LICENSE HTTP/2.0" 200 1065 "-" "Mozilla/5.0 AppleWebKit/537.36 (KHTML, like Gecko; compatible; GPTBot/1.2; +https://openai.com/gptbot)"
4.227.36.57 - - [16/Jan/2025:18:13:50 +0100] "GET /vendor/barryvdh/laravel-debugbar/src/JavascriptRenderer.php HTTP/2.0" 200 206 "-" "Mozilla/5.0 AppleWebKit/537.36 (KHTML, like Gecko; compatible; GPTBot/1.2; +https://openai.com/gptbot)"
4.227.36.124 - - [16/Jan/2025:18:13:51 +0100] "GET /vendor/symfony/polyfill-ctype/?C=S%3BO%3DA HTTP/2.0" 200 912 "-" "Mozilla/5.0 AppleWebKit/537.36 (KHTML, like Gecko; compatible; GPTBot/1.2; +https://openai.com/gptbot)"
4.227.36.57 - - [16/Jan/2025:18:13:52 +0100] "GET /vendor/barryvdh/laravel-debugbar/src/debugbar-routes.php HTTP/2.0" 200 201 "-" "Mozilla/5.0 AppleWebKit/537.36 (KHTML, like Gecko; compatible; GPTBot/1.2; +https://openai.com/gptbot)"
4.227.36.124 - - [16/Jan/2025:18:13:52 +0100] "GET /vendor/symfony/polyfill-ctype/?C=N%3BO%3DD HTTP/2.0" 200 912 "-" "Mozilla/5.0 AppleWebKit/537.36 (KHTML, like Gecko; compatible; GPTBot/1.2; +https://openai.com/gptbot)"
4.227.36.57 - - [16/Jan/2025:18:13:53 +0100] "GET /vendor/barryvdh/laravel-debugbar/src/Console/ HTTP/2.0" 200 594 "-" "Mozilla/5.0 AppleWebKit/537.36 (KHTML, like Gecko; compatible; GPTBot/1.2; +https://openai.com/gptbot)"
4.227.36.124 - - [16/Jan/2025:18:13:53 +0100] "GET /vendor/symfony/polyfill-intl-idn/bootstrap.php HTTP/2.0" 200 20 "-" "Mozilla/5.0 AppleWebKit/537.36 (KHTML, like Gecko; compatible; GPTBot/1.2; +https://openai.com/gptbot)"
4.227.36.57 - - [16/Jan/2025:18:13:54 +0100] "GET /vendor/barryvdh/laravel-debugbar/src/ServiceProvider.php HTTP/2.0" 200 212 "-" "Mozilla/5.0 AppleWebKit/537.36 (KHTML, like Gecko; compatible; GPTBot/1.2; +https://openai.com/gptbot)"
4.227.36.124 - - [16/Jan/2025:18:13:54 +0100] "GET /vendor/symfony/polyfill-intl-idn/README.md HTTP/2.0" 200 467 "-" "Mozilla/5.0 AppleWebKit/537.36 (KHTML, like Gecko; compatible; GPTBot/1.2; +https://openai.com/gptbot)"
4.227.36.57 - - [16/Jan/2025:18:13:55 +0100] "GET /vendor/barryvdh/laravel-debugbar/src/Facades/ HTTP/2.0" 200 590 "-" "Mozilla/5.0 AppleWebKit/537.36 (KHTML, like Gecko; compatible; GPTBot/1.2; +https://openai.com/gptbot)"
4.227.36.124 - - [16/Jan/2025:18:13:56 +0100] "GET /vendor/symfony/polyfill-intl-idn/Resources/ HTTP/2.0" 200 578 "-" "Mozilla/5.0 AppleWebKit/537.36 (KHTML, like Gecko; compatible; GPTBot/1.2; +https://openai.com/gptbot)"
4.227.36.57 - - [16/Jan/2025:18:13:56 +0100] "GET /vendor/barryvdh/laravel-debugbar/src/helpers.php HTTP/2.0" 200 20 "-" "Mozilla/5.0 AppleWebKit/537.36 (KHTML, like Gecko; compatible; GPTBot/1.2; +https://openai.com/gptbot)"
4.227.36.124 - - [16/Jan/2025:18:13:57 +0100] "GET /vendor/symfony/polyfill-intl-idn/?C=N%3BO%3DD HTTP/2.0" 200 1062 "-" "Mozilla/5.0 AppleWebKit/537.36 (KHTML, like Gecko; compatible; GPTBot/1.2; +https://openai.com/gptbot)"
4.227.36.57 - - [16/Jan/2025:18:13:57 +0100] "GET /vendor/barryvdh/laravel-debugbar/src/?C=S%3BO%3DA HTTP/2.0" 200 1978 "-" "Mozilla/5.0 AppleWebKit/537.36 (KHTML, like Gecko; compatible; GPTBot/1.2; +https://openai.com/gptbot)"
4.227.36.124 - - [16/Jan/2025:18:13:58 +0100] "GET /vendor/symfony/polyfill-intl-idn/?C=D%3BO%3DA HTTP/2.0" 200 1062 "-" "Mozilla/5.0 AppleWebKit/537.36 (KHTML, like Gecko; compatible; GPTBot/1.2; +https://openai.com/gptbot)"
4.227.36.57 - - [16/Jan/2025:18:13:58 +0100] "GET /vendor/barryvdh/laravel-debugbar/database/?C=D%3BO%3DA HTTP/2.0" 200 579 "-" "Mozilla/5.0 AppleWebKit/537.36 (KHTML, like Gecko; compatible; GPTBot/1.2; +https://openai.com/gptbot)"
4.227.36.124 - - [16/Jan/2025:18:13:59 +0100] "GET /vendor/symfony/polyfill-intl-idn/Idn.php HTTP/2.0" 200 20 "-" "Mozilla/5.0 AppleWebKit/537.36 (KHTML, like Gecko; compatible; GPTBot/1.2; +https://openai.com/gptbot)"
4.227.36.57 - - [16/Jan/2025:18:13:59 +0100] "GET /vendor/barryvdh/laravel-debugbar/database/?C=N%3BO%3DD HTTP/2.0" 200 579 "-" "Mozilla/5.0 AppleWebKit/537.36 (KHTML, like Gecko; compatible; GPTBot/1.2; +https://openai.com/gptbot)"
4.227.36.124 - - [16/Jan/2025:18:14:00 +0100] "GET /vendor/symfony/polyfill-intl-idn/?C=M%3BO%3DA HTTP/2.0" 200 1062 "-" "Mozilla/5.0 AppleWebKit/537.36 (KHTML, like Gecko; compatible; GPTBot/1.2; +https://openai.com/gptbot)"
4.227.36.57 - - [16/Jan/2025:18:14:00 +0100] "GET /vendor/barryvdh/laravel-debugbar/database/migrations/ HTTP/2.0" 200 656 "-" "Mozilla/5.0 AppleWebKit/537.36 (KHTML, like Gecko; compatible; GPTBot/1.2; +https://openai.com/gptbot)"
4.227.36.124 - - [16/Jan/2025:18:14:01 +0100] "GET /vendor/symfony/polyfill-intl-idn/?C=S%3BO%3DA HTTP/2.0" 200 1062 "-" "Mozilla/5.0 AppleWebKit/537.36 (KHTML, like Gecko; compatible; GPTBot/1.2; +https://openai.com/gptbot)"
4.227.36.57 - - [16/Jan/2025:18:14:01 +0100] "GET /vendor/barryvdh/laravel-debugbar/database/?C=M%3BO%3DA HTTP/2.0" 200 579 "-" "Mozilla/5.0 AppleWebKit/537.36 (KHTML, like Gecko; compatible; GPTBot/1.2; +https://openai.com/gptbot)"
4.227.36.124 - - [16/Jan/2025:18:14:02 +0100] "GET /vendor/symfony/polyfill-intl-idn/Info.php HTTP/2.0" 200 20 "-" "Mozilla/5.0 AppleWebKit/537.36 (KHTML, like Gecko; compatible; GPTBot/1.2; +https://openai.com/gptbot)"
4.227.36.57 - - [16/Jan/2025:18:14:02 +0100] "GET /vendor/barryvdh/laravel-debugbar/database/?C=S%3BO%3DA HTTP/2.0" 200 579 "-" "Mozilla/5.0 AppleWebKit/537.36 (KHTML, like Gecko; compatible; GPTBot/1.2; +https://openai.com/gptbot)"
4.227.36.124 - - [16/Jan/2025:18:14:03 +0100] "GET /vendor/symfony/polyfill-intl-idn/LICENSE HTTP/2.0" 200 1111 "-" "Mozilla/5.0 AppleWebKit/537.36 (KHTML, like Gecko; compatible; GPTBot/1.2; +https://openai.com/gptbot)"
4.227.36.57 - - [16/Jan/2025:18:14:04 +0100] "GET /vendor/barryvdh/laravel-debugbar/config/?C=N%3BO%3DD HTTP/2.0" 200 576 "-" "Mozilla/5.0 AppleWebKit/537.36 (KHTML, like Gecko; compatible; GPTBot/1.2; +https://openai.com/gptbot)"
4.227.36.124 - - [16/Jan/2025:18:14:04 +0100] "GET /vendor/symfony/polyfill-intl-idn/composer.json HTTP/2.0" 200 528 "-" "Mozilla/5.0 AppleWebKit/537.36 (KHTML, like Gecko; compatible; GPTBot/1.2; +https://openai.com/gptbot)"
4.227.36.57 - - [16/Jan/2025:18:14:05 +0100] "GET /vendor/barryvdh/laravel-debugbar/config/?C=D%3BO%3DA HTTP/2.0" 200 576 "-" "Mozilla/5.0 AppleWebKit/537.36 (KHTML, like Gecko; compatible; GPTBot/1.2; +https://openai.com/gptbot)"
4.227.36.124 - - [16/Jan/2025:18:14:05 +0100] "GET /vendor/symfony/polyfill-intl-idn/bootstrap80.php HTTP/2.0" 200 20 "-" "Mozilla/5.0 AppleWebKit/537.36 (KHTML, like Gecko; compatible; GPTBot/1.2; +https://openai.com/gptbot)"
4.227.36.57 - - [16/Jan/2025:18:14:06 +0100] "GET /vendor/barryvdh/laravel-debugbar/config/?C=S%3BO%3DA HTTP/2.0" 200 576 "-" "Mozilla/5.0 AppleWebKit/537.36 (KHTML, like Gecko; compatible; GPTBot/1.2; +https://openai.com/gptbot)"
4.227.36.124 - - [16/Jan/2025:18:14:07 +0100] "GET /vendor/symfony/mailer/DelayedEnvelope.php HTTP/2.0" 200 203 "-" "Mozilla/5.0 AppleWebKit/537.36 (KHTML, like Gecko; compatible; GPTBot/1.2; +https://openai.com/gptbot)"
4.227.36.57 - - [16/Jan/2025:18:14:07 +0100] "GET /vendor/barryvdh/laravel-debugbar/config/debugbar.php HTTP/2.0" 200 200 "-" "Mozilla/5.0 AppleWebKit/537.36 (KHTML, like Gecko; compatible; GPTBot/1.2; +https://openai.com/gptbot)"
4.227.36.124 - - [16/Jan/2025:18:14:08 +0100] "GET /vendor/symfony/mailer/Exception/ HTTP/2.0" 200 1287 "-" "Mozilla/5.0 AppleWebKit/537.36 (KHTML, like Gecko; compatible; GPTBot/1.2; +https://openai.com/gptbot)"
4.227.36.57 - - [16/Jan/2025:18:14:08 +0100] "GET /vendor/barryvdh/laravel-debugbar/config/?C=M%3BO%3DA HTTP/2.0" 200 576 "-" "Mozilla/5.0 AppleWebKit/537.36 (KHTML, like Gecko; compatible; GPTBot/1.2; +https://openai.com/gptbot)"
4.227.36.124 - - [16/Jan/2025:18:14:09 +0100] "GET /vendor/symfony/mailer/Event/ HTTP/2.0" 200 626 "-" "Mozilla/5.0 AppleWebKit/537.36 (KHTML, like Gecko; compatible; GPTBot/1.2; +https://openai.com/gptbot)"
4.227.36.57 - - [16/Jan/2025:18:14:09 +0100] "GET /app/Http/Controllers/Admin/UserController.php HTTP/2.0" 200 195 "-" "Mozilla/5.0 AppleWebKit/537.36 (KHTML, like Gecko; compatible; GPTBot/1.2; +https://openai.com/gptbot)"
4.227.36.124 - - [16/Jan/2025:18:14:10 +0100] "GET /vendor/symfony/mailer/CHANGELOG.md HTTP/2.0" 200 2459 "-" "Mozilla/5.0 AppleWebKit/537.36 (KHTML, like Gecko; compatible; GPTBot/1.2; +https://openai.com/gptbot)"
4.227.36.57 - - [16/Jan/2025:18:14:10 +0100] "GET /app/Http/Controllers/Admin/ImageController.php HTTP/2.0" 200 197 "-" "Mozilla/5.0 AppleWebKit/537.36 (KHTML, like Gecko; compatible; GPTBot/1.2; +https://openai.com/gptbot)"
4.227.36.124 - - [16/Jan/2025:18:14:11 +0100] "GET /vendor/symfony/mailer/?C=S%3BO%3DA HTTP/2.0" 200 1803 "-" "Mozilla/5.0 AppleWebKit/537.36 (KHTML, like Gecko; compatible; GPTBot/1.2; +https://openai.com/gptbot)"
4.227.36.57 - - [16/Jan/2025:18:14:11 +0100] "GET /app/Http/Controllers/Admin/GroupController.php HTTP/2.0" 200 195 "-" "Mozilla/5.0 AppleWebKit/537.36 (KHTML, like Gecko; compatible; GPTBot/1.2; +https://openai.com/gptbot)"
4.227.36.124 - - [16/Jan/2025:18:14:12 +0100] "GET /vendor/symfony/mailer/EventListener/ HTTP/2.0" 200 740 "-" "Mozilla/5.0 AppleWebKit/537.36 (KHTML, like Gecko; compatible; GPTBot/1.2; +https://openai.com/gptbot)"
4.227.36.57 - - [16/Jan/2025:18:14:12 +0100] "GET /app/Http/Controllers/Admin/ConsoleController.php HTTP/2.0" 200 196 "-" "Mozilla/5.0 AppleWebKit/537.36 (KHTML, like Gecko; compatible; GPTBot/1.2; +https://openai.com/gptbot)"
4.227.36.124 - - [16/Jan/2025:18:14:13 +0100] "GET /vendor/symfony/mailer/Test/ HTTP/2.0" 200 633 "-" "Mozilla/5.0 AppleWebKit/537.36 (KHTML, like Gecko; compatible; GPTBot/1.2; +https://openai.com/gptbot)"
4.227.36.57 - - [16/Jan/2025:18:14:14 +0100] "GET /app/Http/Controllers/Admin/?C=S%3BO%3DA HTTP/2.0" 200 966 "-" "Mozilla/5.0 AppleWebKit/537.36 (KHTML, like Gecko; compatible; GPTBot/1.2; +https://openai.com/gptbot)"
4.227.36.124 - - [16/Jan/2025:18:14:14 +0100] "GET /vendor/symfony/mailer/Mailer.php HTTP/2.0" 200 201 "-" "Mozilla/5.0 AppleWebKit/537.36 (KHTML, like Gecko; compatible; GPTBot/1.2; +https://openai.com/gptbot)"
4.227.36.57 - - [16/Jan/2025:18:14:15 +0100] "GET /app/Http/Controllers/Admin/?C=M%3BO%3DA HTTP/2.0" 200 966 "-" "Mozilla/5.0 AppleWebKit/537.36 (KHTML, like Gecko; compatible; GPTBot/1.2; +https://openai.com/gptbot)"
4.227.36.124 - - [16/Jan/2025:18:14:15 +0100] "GET /vendor/symfony/mailer/Transport/ HTTP/2.0" 200 1853 "-" "Mozilla/5.0 AppleWebKit/537.36 (KHTML, like Gecko; compatible; GPTBot/1.2; +https://openai.com/gptbot)"
4.227.36.57 - - [16/Jan/2025:18:14:16 +0100] "GET /app/Http/Controllers/Admin/?C=D%3BO%3DA HTTP/2.0" 200 966 "-" "Mozilla/5.0 AppleWebKit/537.36 (KHTML, like Gecko; compatible; GPTBot/1.2; +https://openai.com/gptbot)"
4.227.36.124 - - [16/Jan/2025:18:14:16 +0100] "GET /vendor/symfony/mailer/?C=D%3BO%3DA HTTP/2.0" 200 1803 "-" "Mozilla/5.0 AppleWebKit/537.36 (KHTML, like Gecko; compatible; GPTBot/1.2; +https://openai.com/gptbot)"
4.227.36.57 - - [16/Jan/2025:18:14:17 +0100] "GET /app/Http/Controllers/Admin/StrategyController.php HTTP/2.0" 200 199 "-" "Mozilla/5.0 AppleWebKit/537.36 (KHTML, like Gecko; compatible; GPTBot/1.2; +https://openai.com/gptbot)"
4.227.36.124 - - [16/Jan/2025:18:14:18 +0100] "GET /vendor/symfony/mailer/DataCollector/ HTTP/2.0" 200 572 "-" "Mozilla/5.0 AppleWebKit/537.36 (KHTML, like Gecko; compatible; GPTBot/1.2; +https://openai.com/gptbot)"
4.227.36.57 - - [16/Jan/2025:18:14:18 +0100] "GET /app/Http/Controllers/Admin/?C=N%3BO%3DD HTTP/2.0" 200 966 "-" "Mozilla/5.0 AppleWebKit/537.36 (KHTML, like Gecko; compatible; GPTBot/1.2; +https://openai.com/gptbot)"
4.227.36.124 - - [16/Jan/2025:18:14:19 +0100] "GET /vendor/symfony/mailer/Header/ HTTP/2.0" 200 626 "-" "Mozilla/5.0 AppleWebKit/537.36 (KHTML, like Gecko; compatible; GPTBot/1.2; +https://openai.com/gptbot)"
4.227.36.57 - - [16/Jan/2025:18:14:19 +0100] "GET /app/Http/Controllers/Admin/SettingController.php HTTP/2.0" 200 197 "-" "Mozilla/5.0 AppleWebKit/537.36 (KHTML, like Gecko; compatible; GPTBot/1.2; +https://openai.com/gptbot)"
4.227.36.124 - - [16/Jan/2025:18:14:20 +0100] "GET /vendor/symfony/mailer/composer.json HTTP/2.0" 200 471 "-" "Mozilla/5.0 AppleWebKit/537.36 (KHTML, like Gecko; compatible; GPTBot/1.2; +https://openai.com/gptbot)"
4.227.36.57 - - [16/Jan/2025:18:14:20 +0100] "GET /app/Http/Controllers/Api/V1/ HTTP/2.0" 200 885 "-" "Mozilla/5.0 AppleWebKit/537.36 (KHTML, like Gecko; compatible; GPTBot/1.2; +https://openai.com/gptbot)"
4.227.36.124 - - [16/Jan/2025:18:14:21 +0100] "GET /vendor/symfony/mailer/?C=N%3BO%3DD HTTP/2.0" 200 1803 "-" "Mozilla/5.0 AppleWebKit/537.36 (KHTML, like Gecko; compatible; GPTBot/1.2; +https://openai.com/gptbot)"
4.227.36.57 - - [16/Jan/2025:18:14:21 +0100] "GET /app/Http/Controllers/Api/?C=S%3BO%3DA HTTP/2.0" 200 525 "-" "Mozilla/5.0 AppleWebKit/537.36 (KHTML, like Gecko; compatible; GPTBot/1.2; +https://openai.com/gptbot)"
4.227.36.124 - - [16/Jan/2025:18:14:22 +0100] "GET /vendor/symfony/mailer/SentMessage.php HTTP/2.0" 200 20 "-" "Mozilla/5.0 AppleWebKit/537.36 (KHTML, like Gecko; compatible; GPTBot/1.2; +https://openai.com/gptbot)"
4.227.36.57 - - [16/Jan/2025:18:14:22 +0100] "GET /app/Http/Controllers/Api/?C=N%3BO%3DD HTTP/2.0" 200 525 "-" "Mozilla/5.0 AppleWebKit/537.36 (KHTML, like Gecko; compatible; GPTBot/1.2; +https://openai.com/gptbot)"
4.227.36.124 - - [16/Jan/2025:18:14:23 +0100] "GET /vendor/symfony/mailer/MailerInterface.php HTTP/2.0" 200 20 "-" "Mozilla/5.0 AppleWebKit/537.36 (KHTML, like Gecko; compatible; GPTBot/1.2; +https://openai.com/gptbot)"
4.227.36.57 - - [16/Jan/2025:18:14:23 +0100] "GET /app/Http/Controllers/Api/?C=D%3BO%3DA HTTP/2.0" 200 525 "-" "Mozilla/5.0 AppleWebKit/537.36 (KHTML, like Gecko; compatible; GPTBot/1.2; +https://openai.com/gptbot)"
4.227.36.124 - - [16/Jan/2025:18:14:24 +0100] "GET /vendor/symfony/mailer/Messenger/ HTTP/2.0" 200 639 "-" "Mozilla/5.0 AppleWebKit/537.36 (KHTML, like Gecko; compatible; GPTBot/1.2; +https://openai.com/gptbot)"
4.227.36.57 - - [16/Jan/2025:18:14:25 +0100] "GET /app/Http/Controllers/Api/?C=M%3BO%3DA HTTP/2.0" 200 525 "-" "Mozilla/5.0 AppleWebKit/537.36 (KHTML, like Gecko; compatible; GPTBot/1.2; +https://openai.com/gptbot)"
4.227.36.124 - - [16/Jan/2025:18:14:25 +0100] "GET /vendor/symfony/mailer/?C=M%3BO%3DA HTTP/2.0" 200 1803 "-" "Mozilla/5.0 AppleWebKit/537.36 (KHTML, like Gecko; compatible; GPTBot/1.2; +https://openai.com/gptbot)"
4.227.36.57 - - [16/Jan/2025:18:14:26 +0100] "GET /app/Http/Controllers/User/?C=S%3BO%3DA HTTP/2.0" 200 708 "-" "Mozilla/5.0 AppleWebKit/537.36 (KHTML, like Gecko; compatible; GPTBot/1.2; +https://openai.com/gptbot)"
4.227.36.124 - - [16/Jan/2025:18:14:26 +0100] "GET /vendor/symfony/mailer/README.md HTTP/2.0" 200 2125 "-" "Mozilla/5.0 AppleWebKit/537.36 (KHTML, like Gecko; compatible; GPTBot/1.2; +https://openai.com/gptbot)"
4.227.36.57 - - [16/Jan/2025:18:14:27 +0100] "GET /app/Http/Controllers/User/?C=N%3BO%3DD HTTP/2.0" 200 708 "-" "Mozilla/5.0 AppleWebKit/537.36 (KHTML, like Gecko; compatible; GPTBot/1.2; +https://openai.com/gptbot)"
4.227.36.124 - - [16/Jan/2025:18:14:27 +0100] "GET /vendor/symfony/mailer/LICENSE HTTP/2.0" 200 1065 "-" "Mozilla/5.0 AppleWebKit/537.36 (KHTML, like Gecko; compatible; GPTBot/1.2; +https://openai.com/gptbot)"
4.227.36.57 - - [16/Jan/2025:18:14:28 +0100] "GET /app/Http/Controllers/User/?C=D%3BO%3DA HTTP/2.0" 200 708 "-" "Mozilla/5.0 AppleWebKit/537.36 (KHTML, like Gecko; compatible; GPTBot/1.2; +https://openai.com/gptbot)"
4.227.36.124 - - [16/Jan/2025:18:14:29 +0100] "GET /vendor/symfony/mailer/Envelope.php HTTP/2.0" 200 20 "-" "Mozilla/5.0 AppleWebKit/537.36 (KHTML, like Gecko; compatible; GPTBot/1.2; +https://openai.com/gptbot)"
4.227.36.57 - - [16/Jan/2025:18:14:29 +0100] "GET /app/Http/Controllers/User/AlbumController.php HTTP/2.0" 200 195 "-" "Mozilla/5.0 AppleWebKit/537.36 (KHTML, like Gecko; compatible; GPTBot/1.2; +https://openai.com/gptbot)"
4.227.36.124 - - [16/Jan/2025:18:14:30 +0100] "GET /vendor/symfony/mailer/Transport.php HTTP/2.0" 200 20 "-" "Mozilla/5.0 AppleWebKit/537.36 (KHTML, like Gecko; compatible; GPTBot/1.2; +https://openai.com/gptbot)"
4.227.36.57 - - [16/Jan/2025:18:14:30 +0100] "GET /app/Http/Controllers/User/?C=M%3BO%3DA HTTP/2.0" 200 708 "-" "Mozilla/5.0 AppleWebKit/537.36 (KHTML, like Gecko; compatible; GPTBot/1.2; +https://openai.com/gptbot)"
4.227.36.124 - - [16/Jan/2025:18:14:31 +0100] "GET /vendor/symfony/translation-contracts/Test/ HTTP/2.0" 200 590 "-" "Mozilla/5.0 AppleWebKit/537.36 (KHTML, like Gecko; compatible; GPTBot/1.2; +https://openai.com/gptbot)"
4.227.36.57 - - [16/Jan/2025:18:14:31 +0100] "GET /app/Http/Controllers/User/ImageController.php HTTP/2.0" 200 195 "-" "Mozilla/5.0 AppleWebKit/537.36 (KHTML, like Gecko; compatible; GPTBot/1.2; +https://openai.com/gptbot)"
4.227.36.124 - - [16/Jan/2025:18:14:32 +0100] "GET /vendor/symfony/translation-contracts/README.md HTTP/2.0" 200 340 "-" "Mozilla/5.0 AppleWebKit/537.36 (KHTML, like Gecko; compatible; GPTBot/1.2; +https://openai.com/gptbot)"
4.227.36.57 - - [16/Jan/2025:18:14:32 +0100] "GET /app/Http/Controllers/User/UserController.php HTTP/2.0" 200 194 "-" "Mozilla/5.0 AppleWebKit/537.36 (KHTML, like Gecko; compatible; GPTBot/1.2; +https://openai.com/gptbot)"
4.227.36.124 - - [16/Jan/2025:18:14:33 +0100] "GET /vendor/symfony/translation-contracts/?C=N%3BO%3DD HTTP/2.0" 200 1269 "-" "Mozilla/5.0 AppleWebKit/537.36 (KHTML, like Gecko; compatible; GPTBot/1.2; +https://openai.com/gptbot)"
4.227.36.57 - - [16/Jan/2025:18:14:33 +0100] "GET /app/Http/Controllers/Auth/VerifyEmailController.php HTTP/2.0" 200 200 "-" "Mozilla/5.0 AppleWebKit/537.36 (KHTML, like Gecko; compatible; GPTBot/1.2; +https://openai.com/gptbot)"
4.227.36.124 - - [16/Jan/2025:18:14:34 +0100] "GET /vendor/symfony/translation-contracts/.gitignore HTTP/2.0" 200 34 "-" "Mozilla/5.0 AppleWebKit/537.36 (KHTML, like Gecko; compatible; GPTBot/1.2; +https://openai.com/gptbot)"
4.227.36.57 - - [16/Jan/2025:18:14:34 +0100] "GET /app/Http/Controllers/Auth/ConfirmablePasswordController.php HTTP/2.0" 200 204 "-" "Mozilla/5.0 AppleWebKit/537.36 (KHTML, like Gecko; compatible; GPTBot/1.2; +https://openai.com/gptbot)"
4.227.36.124 - - [16/Jan/2025:18:14:35 +0100] "GET /vendor/symfony/translation-contracts/LocaleAwareInterface.php HTTP/2.0" 200 20 "-" "Mozilla/5.0 AppleWebKit/537.36 (KHTML, like Gecko; compatible; GPTBot/1.2; +https://openai.com/gptbot)"
4.227.36.57 - - [16/Jan/2025:18:14:36 +0100] "GET /app/Http/Controllers/Auth/AuthenticatedSessionController.php HTTP/2.0" 200 202 "-" "Mozilla/5.0 AppleWebKit/537.36 (KHTML, like Gecko; compatible; GPTBot/1.2; +https://openai.com/gptbot)"
4.227.36.124 - - [16/Jan/2025:18:14:36 +0100] "GET /vendor/symfony/translation-contracts/TranslatorInterface.php HTTP/2.0" 200 20 "-" "Mozilla/5.0 AppleWebKit/537.36 (KHTML, like Gecko; compatible; GPTBot/1.2; +https://openai.com/gptbot)"
4.227.36.57 - - [16/Jan/2025:18:14:37 +0100] "GET /app/Http/Controllers/Auth/?C=S%3BO%3DA HTTP/2.0" 200 1252 "-" "Mozilla/5.0 AppleWebKit/537.36 (KHTML, like Gecko; compatible; GPTBot/1.2; +https://openai.com/gptbot)"
4.227.36.124 - - [16/Jan/2025:18:14:37 +0100] "GET /vendor/symfony/translation-contracts/?C=S%3BO%3DA HTTP/2.0" 200 1269 "-" "Mozilla/5.0 AppleWebKit/537.36 (KHTML, like Gecko; compatible; GPTBot/1.2; +https://openai.com/gptbot)"
4.227.36.57 - - [16/Jan/2025:18:14:38 +0100] "GET /app/Http/Controllers/Auth/RegisteredUserController.php HTTP/2.0" 200 202 "-" "Mozilla/5.0 AppleWebKit/537.36 (KHTML, like Gecko; compatible; GPTBot/1.2; +https://openai.com/gptbot)"
4.227.36.124 - - [16/Jan/2025:18:14:38 +0100] "GET /vendor/symfony/translation-contracts/?C=D%3BO%3DA HTTP/2.0" 200 1269 "-" "Mozilla/5.0 AppleWebKit/537.36 (KHTML, like Gecko; compatible; GPTBot/1.2; +https://openai.com/gptbot)"
4.227.36.57 - - [16/Jan/2025:18:14:39 +0100] "GET /app/Http/Controllers/Auth/?C=D%3BO%3DA HTTP/2.0" 200 1252 "-" "Mozilla/5.0 AppleWebKit/537.36 (KHTML, like Gecko; compatible; GPTBot/1.2; +https://openai.com/gptbot)"
4.227.36.124 - - [16/Jan/2025:18:14:40 +0100] "GET /vendor/symfony/translation-contracts/TranslatableInterface.php HTTP/2.0" 200 20 "-" "Mozilla/5.0 AppleWebKit/537.36 (KHTML, like Gecko; compatible; GPTBot/1.2; +https://openai.com/gptbot)"
4.227.36.57 - - [16/Jan/2025:18:14:40 +0100] "GET /app/Http/Controllers/Auth/PasswordResetLinkController.php HTTP/2.0" 200 204 "-" "Mozilla/5.0 AppleWebKit/537.36 (KHTML, like Gecko; compatible; GPTBot/1.2; +https://openai.com/gptbot)"
4.227.36.124 - - [16/Jan/2025:18:14:41 +0100] "GET /vendor/symfony/translation-contracts/?C=M%3BO%3DA HTTP/2.0" 200 1269 "-" "Mozilla/5.0 AppleWebKit/537.36 (KHTML, like Gecko; compatible; GPTBot/1.2; +https://openai.com/gptbot)"
4.227.36.57 - - [16/Jan/2025:18:14:41 +0100] "GET /app/Http/Controllers/Auth/EmailVerificationNotificationController.php HTTP/2.0" 200 206 "-" "Mozilla/5.0 AppleWebKit/537.36 (KHTML, like Gecko; compatible; GPTBot/1.2; +https://openai.com/gptbot)"
4.227.36.124 - - [16/Jan/2025:18:14:42 +0100] "GET /vendor/symfony/translation-contracts/LICENSE HTTP/2.0" 200 1065 "-" "Mozilla/5.0 AppleWebKit/537.36 (KHTML, like Gecko; compatible; GPTBot/1.2; +https://openai.com/gptbot)"
4.227.36.57 - - [16/Jan/2025:18:14:42 +0100] "GET /app/Http/Controllers/Auth/?C=N%3BO%3DD HTTP/2.0" 200 1252 "-" "Mozilla/5.0 AppleWebKit/537.36 (KHTML, like Gecko; compatible; GPTBot/1.2; +https://openai.com/gptbot)"
4.227.36.124 - - [16/Jan/2025:18:14:43 +0100] "GET /vendor/symfony/translation-contracts/composer.json HTTP/2.0" 200 440 "-" "Mozilla/5.0 AppleWebKit/537.36 (KHTML, like Gecko; compatible; GPTBot/1.2; +https://openai.com/gptbot)"
4.227.36.57 - - [16/Jan/2025:18:14:43 +0100] "GET /app/Http/Controllers/Auth/EmailVerificationPromptController.php HTTP/2.0" 200 206 "-" "Mozilla/5.0 AppleWebKit/537.36 (KHTML, like Gecko; compatible; GPTBot/1.2; +https://openai.com/gptbot)"
4.227.36.124 - - [16/Jan/2025:18:14:44 +0100] "GET /vendor/symfony/translation-contracts/TranslatorTrait.php HTTP/2.0" 200 20 "-" "Mozilla/5.0 AppleWebKit/537.36 (KHTML, like Gecko; compatible; GPTBot/1.2; +https://openai.com/gptbot)"
4.227.36.57 - - [16/Jan/2025:18:14:44 +0100] "GET /app/Http/Controllers/Auth/NewPasswordController.php HTTP/2.0" 200 202 "-" "Mozilla/5.0 AppleWebKit/537.36 (KHTML, like Gecko; compatible; GPTBot/1.2; +https://openai.com/gptbot)"
4.227.36.124 - - [16/Jan/2025:18:14:45 +0100] "GET /vendor/symfony/translation-contracts/CHANGELOG.md HTTP/2.0" 200 157 "-" "Mozilla/5.0 AppleWebKit/537.36 (KHTML, like Gecko; compatible; GPTBot/1.2; +https://openai.com/gptbot)"
4.227.36.57 - - [16/Jan/2025:18:14:45 +0100] "GET /app/Http/Controllers/Auth/?C=M%3BO%3DA HTTP/2.0" 200 1252 "-" "Mozilla/5.0 AppleWebKit/537.36 (KHTML, like Gecko; compatible; GPTBot/1.2; +https://openai.com/gptbot)"
4.227.36.124 - - [16/Jan/2025:18:14:46 +0100] "GET /vendor/symfony/polyfill-php80/composer.json HTTP/2.0" 200 484 "-" "Mozilla/5.0 AppleWebKit/537.36 (KHTML, like Gecko; compatible; GPTBot/1.2; +https://openai.com/gptbot)"
4.227.36.57 - - [16/Jan/2025:18:14:46 +0100] "GET /app/Http/Controllers/Common/?C=M%3BO%3DA HTTP/2.0" 200 630 "-" "Mozilla/5.0 AppleWebKit/537.36 (KHTML, like Gecko; compatible; GPTBot/1.2; +https://openai.com/gptbot)"
4.227.36.124 - - [16/Jan/2025:18:14:47 +0100] "GET /vendor/symfony/polyfill-php80/LICENSE HTTP/2.0" 200 1060 "-" "Mozilla/5.0 AppleWebKit/537.36 (KHTML, like Gecko; compatible; GPTBot/1.2; +https://openai.com/gptbot)"
4.227.36.57 - - [16/Jan/2025:18:14:48 +0100] "GET /app/Http/Controllers/Common/?C=D%3BO%3DA HTTP/2.0" 200 630 "-" "Mozilla/5.0 AppleWebKit/537.36 (KHTML, like Gecko; compatible; GPTBot/1.2; +https://openai.com/gptbot)"
4.227.36.124 - - [16/Jan/2025:18:14:48 +0100] "GET /vendor/symfony/polyfill-php80/?C=D%3BO%3DA HTTP/2.0" 200 983 "-" "Mozilla/5.0 AppleWebKit/537.36 (KHTML, like Gecko; compatible; GPTBot/1.2; +https://openai.com/gptbot)"
4.227.36.57 - - [16/Jan/2025:18:14:49 +0100] "GET /app/Http/Controllers/Common/GalleryController.php HTTP/2.0" 200 196 "-" "Mozilla/5.0 AppleWebKit/537.36 (KHTML, like Gecko; compatible; GPTBot/1.2; +https://openai.com/gptbot)"
4.227.36.124 - - [16/Jan/2025:18:14:49 +0100] "GET /vendor/symfony/polyfill-php80/Resources/ HTTP/2.0" 200 567 "-" "Mozilla/5.0 AppleWebKit/537.36 (KHTML, like Gecko; compatible; GPTBot/1.2; +https://openai.com/gptbot)"
4.227.36.57 - - [16/Jan/2025:18:14:50 +0100] "GET /app/Http/Controllers/Common/?C=N%3BO%3DD HTTP/2.0" 200 630 "-" "Mozilla/5.0 AppleWebKit/537.36 (KHTML, like Gecko; compatible; GPTBot/1.2; +https://openai.com/gptbot)"
4.227.36.124 - - [16/Jan/2025:18:14:51 +0100] "GET /vendor/symfony/polyfill-php80/?C=M%3BO%3DA HTTP/2.0" 200 983 "-" "Mozilla/5.0 AppleWebKit/537.36 (KHTML, like Gecko; compatible; GPTBot/1.2; +https://openai.com/gptbot)"
4.227.36.57 - - [16/Jan/2025:18:14:51 +0100] "GET /app/Http/Controllers/Common/?C=S%3BO%3DA HTTP/2.0" 200 630 "-" "Mozilla/5.0 AppleWebKit/537.36 (KHTML, like Gecko; compatible; GPTBot/1.2; +https://openai.com/gptbot)"
4.227.36.124 - - [16/Jan/2025:18:14:52 +0100] "GET /vendor/symfony/polyfill-php80/bootstrap.php HTTP/2.0" 200 20 "-" "Mozilla/5.0 AppleWebKit/537.36 (KHTML, like Gecko; compatible; GPTBot/1.2; +https://openai.com/gptbot)"
4.227.36.57 - - [16/Jan/2025:18:14:52 +0100] "GET /app/Http/Controllers/Common/ApiController.php HTTP/2.0" 200 193 "-" "Mozilla/5.0 AppleWebKit/537.36 (KHTML, like Gecko; compatible; GPTBot/1.2; +https://openai.com/gptbot)"
4.227.36.124 - - [16/Jan/2025:18:14:53 +0100] "GET /vendor/symfony/polyfill-php80/PhpToken.php HTTP/2.0" 200 20 "-" "Mozilla/5.0 AppleWebKit/537.36 (KHTML, like Gecko; compatible; GPTBot/1.2; +https://openai.com/gptbot)"
4.227.36.57 - - [16/Jan/2025:18:14:53 +0100] "GET /app/Http/Requests/Admin/UserRequest.php HTTP/2.0" 200 195 "-" "Mozilla/5.0 AppleWebKit/537.36 (KHTML, like Gecko; compatible; GPTBot/1.2; +https://openai.com/gptbot)"
4.227.36.124 - - [16/Jan/2025:18:14:54 +0100] "GET /vendor/symfony/polyfill-php80/?C=S%3BO%3DA HTTP/2.0" 200 983 "-" "Mozilla/5.0 AppleWebKit/537.36 (KHTML, like Gecko; compatible; GPTBot/1.2; +https://openai.com/gptbot)"
4.227.36.57 - - [16/Jan/2025:18:14:54 +0100] "GET /app/Http/Requests/Admin/?C=M%3BO%3DA HTTP/2.0" 200 695 "-" "Mozilla/5.0 AppleWebKit/537.36 (KHTML, like Gecko; compatible; GPTBot/1.2; +https://openai.com/gptbot)"
4.227.36.124 - - [16/Jan/2025:18:14:55 +0100] "GET /vendor/symfony/polyfill-php80/README.md HTTP/2.0" 200 919 "-" "Mozilla/5.0 AppleWebKit/537.36 (KHTML, like Gecko; compatible; GPTBot/1.2; +https://openai.com/gptbot)"
4.227.36.57 - - [16/Jan/2025:18:14:55 +0100] "GET /app/Http/Requests/Admin/?C=S%3BO%3DA HTTP/2.0" 200 695 "-" "Mozilla/5.0 AppleWebKit/537.36 (KHTML, like Gecko; compatible; GPTBot/1.2; +https://openai.com/gptbot)"
4.227.36.124 - - [16/Jan/2025:18:14:56 +0100] "GET /vendor/symfony/polyfill-php80/Php80.php HTTP/2.0" 200 20 "-" "Mozilla/5.0 AppleWebKit/537.36 (KHTML, like Gecko; compatible; GPTBot/1.2; +https://openai.com/gptbot)"
4.227.36.57 - - [16/Jan/2025:18:14:56 +0100] "GET /app/Http/Requests/Admin/StrategyRequest.php HTTP/2.0" 200 199 "-" "Mozilla/5.0 AppleWebKit/537.36 (KHTML, like Gecko; compatible; GPTBot/1.2; +https://openai.com/gptbot)"
4.227.36.124 - - [16/Jan/2025:18:14:57 +0100] "GET /vendor/symfony/polyfill-php80/?C=N%3BO%3DD HTTP/2.0" 200 983 "-" "Mozilla/5.0 AppleWebKit/537.36 (KHTML, like Gecko; compatible; GPTBot/1.2; +https://openai.com/gptbot)"
4.227.36.57 - - [16/Jan/2025:18:14:57 +0100] "GET /app/Http/Requests/Admin/?C=D%3BO%3DA HTTP/2.0" 200 695 "-" "Mozilla/5.0 AppleWebKit/537.36 (KHTML, like Gecko; compatible; GPTBot/1.2; +https://openai.com/gptbot)"
4.227.36.124 - - [16/Jan/2025:18:14:58 +0100] "GET /vendor/symfony/finder/?C=S%3BO%3DA HTTP/2.0" 200 1267 "-" "Mozilla/5.0 AppleWebKit/537.36 (KHTML, like Gecko; compatible; GPTBot/1.2; +https://openai.com/gptbot)"
4.227.36.57 - - [16/Jan/2025:18:14:59 +0100] "GET /app/Http/Requests/Admin/GroupRequest.php HTTP/2.0" 200 195 "-" "Mozilla/5.0 AppleWebKit/537.36 (KHTML, like Gecko; compatible; GPTBot/1.2; +https://openai.com/gptbot)"
4.227.36.124 - - [16/Jan/2025:18:14:59 +0100] "GET /vendor/symfony/finder/?C=N%3BO%3DD HTTP/2.0" 200 1267 "-" "Mozilla/5.0 AppleWebKit/537.36 (KHTML, like Gecko; compatible; GPTBot/1.2; +https://openai.com/gptbot)"
4.227.36.57 - - [16/Jan/2025:18:15:00 +0100] "GET /app/Http/Requests/Admin/?C=N%3BO%3DD HTTP/2.0" 200 695 "-" "Mozilla/5.0 AppleWebKit/537.36 (KHTML, like Gecko; compatible; GPTBot/1.2; +https://openai.com/gptbot)"
4.227.36.124 - - [16/Jan/2025:18:15:00 +0100] "GET /vendor/symfony/finder/CHANGELOG.md HTTP/2.0" 200 2332 "-" "Mozilla/5.0 AppleWebKit/537.36 (KHTML, like Gecko; compatible; GPTBot/1.2; +https://openai.com/gptbot)"
4.227.36.57 - - [16/Jan/2025:18:15:01 +0100] "GET /app/Http/Requests/Auth/?C=S%3BO%3DA HTTP/2.0" 200 531 "-" "Mozilla/5.0 AppleWebKit/537.36 (KHTML, like Gecko; compatible; GPTBot/1.2; +https://openai.com/gptbot)"
