4.227.36.57 - - [16/Jan/2025:18:25:22 +0100] "GET /vendor/barryvdh/laravel-debugbar/src/DataCollector/LaravelCollector.php HTTP/2.0" 200 210 "-" "Mozilla/5.0 AppleWebKit/537.36 (KHTML, like Gecko; compatible; GPTBot/1.2; +https://openai.com/gptbot)"
4.227.36.124 - - [16/Jan/2025:18:25:23 +0100] "GET /vendor/phpdocumentor/type-resolver/src/Types/ HTTP/2.0" 200 2803 "-" "Mozilla/5.0 AppleWebKit/537.36 (KHTML, like Gecko; compatible; GPTBot/1.2; +https://openai.com/gptbot)"
4.227.36.57 - - [16/Jan/2025:18:25:23 +0100] "GET /vendor/barryvdh/laravel-debugbar/src/DataCollector/RequestCollector.php HTTP/2.0" 200 213 "-" "Mozilla/5.0 AppleWebKit/537.36 (KHTML, like Gecko; compatible; GPTBot/1.2; +https://openai.com/gptbot)"
4.227.36.124 - - [16/Jan/2025:18:25:24 +0100] "GET /vendor/phpdocumentor/type-resolver/src/PseudoType.php HTTP/2.0" 200 213 "-" "Mozilla/5.0 AppleWebKit/537.36 (KHTML, like Gecko; compatible; GPTBot/1.2; +https://openai.com/gptbot)"
4.227.36.57 - - [16/Jan/2025:18:25:24 +0100] "GET /vendor/barryvdh/laravel-debugbar/src/DataCollector/?C=N%3BO%3DD HTTP/2.0" 200 1769 "-" "Mozilla/5.0 AppleWebKit/537.36 (KHTML, like Gecko; compatible; GPTBot/1.2; +https://openai.com/gptbot)"
4.227.36.124 - - [16/Jan/2025:18:25:25 +0100] "GET /vendor/phpdocumentor/type-resolver/src/?C=M%3BO%3DA HTTP/2.0" 200 957 "-" "Mozilla/5.0 AppleWebKit/537.36 (KHTML, like Gecko; compatible; GPTBot/1.2; +https://openai.com/gptbot)"
4.227.36.57 - - [16/Jan/2025:18:25:25 +0100] "GET /vendor/barryvdh/laravel-debugbar/src/Controllers/?C=S%3BO%3DA HTTP/2.0" 200 949 "-" "Mozilla/5.0 AppleWebKit/537.36 (KHTML, like Gecko; compatible; GPTBot/1.2; +https://openai.com/gptbot)"
4.227.36.124 - - [16/Jan/2025:18:25:26 +0100] "GET /vendor/phpdocumentor/type-resolver/src/TypeResolver.php HTTP/2.0" 200 20 "-" "Mozilla/5.0 AppleWebKit/537.36 (KHTML, like Gecko; compatible; GPTBot/1.2; +https://openai.com/gptbot)"
4.227.36.57 - - [16/Jan/2025:18:25:26 +0100] "GET /vendor/barryvdh/laravel-debugbar/src/Controllers/?C=M%3BO%3DA HTTP/2.0" 200 949 "-" "Mozilla/5.0 AppleWebKit/537.36 (KHTML, like Gecko; compatible; GPTBot/1.2; +https://openai.com/gptbot)"
4.227.36.124 - - [16/Jan/2025:18:25:27 +0100] "GET /vendor/phpdocumentor/type-resolver/src/?C=N%3BO%3DD HTTP/2.0" 200 957 "-" "Mozilla/5.0 AppleWebKit/537.36 (KHTML, like Gecko; compatible; GPTBot/1.2; +https://openai.com/gptbot)"
4.227.36.57 - - [16/Jan/2025:18:25:27 +0100] "GET /vendor/barryvdh/laravel-debugbar/src/Controllers/AssetController.php HTTP/2.0" 200 212 "-" "Mozilla/5.0 AppleWebKit/537.36 (KHTML, like Gecko; compatible; GPTBot/1.2; +https://openai.com/gptbot)"
4.227.36.124 - - [16/Jan/2025:18:25:28 +0100] "GET /vendor/phpdocumentor/type-resolver/src/PseudoTypes/ HTTP/2.0" 200 1737 "-" "Mozilla/5.0 AppleWebKit/537.36 (KHTML, like Gecko; compatible; GPTBot/1.2; +https://openai.com/gptbot)"
4.227.36.57 - - [16/Jan/2025:18:25:29 +0100] "GET /vendor/barryvdh/laravel-debugbar/src/Controllers/BaseController.php HTTP/2.0" 200 20 "-" "Mozilla/5.0 AppleWebKit/537.36 (KHTML, like Gecko; compatible; GPTBot/1.2; +https://openai.com/gptbot)"
4.227.36.124 - - [16/Jan/2025:18:25:29 +0100] "GET /vendor/phpdocumentor/type-resolver/src/FqsenResolver.php HTTP/2.0" 200 20 "-" "Mozilla/5.0 AppleWebKit/537.36 (KHTML, like Gecko; compatible; GPTBot/1.2; +https://openai.com/gptbot)"
4.227.36.57 - - [16/Jan/2025:18:25:30 +0100] "GET /vendor/barryvdh/laravel-debugbar/src/Controllers/OpenHandlerController.php HTTP/2.0" 200 218 "-" "Mozilla/5.0 AppleWebKit/537.36 (KHTML, like Gecko; compatible; GPTBot/1.2; +https://openai.com/gptbot)"
4.227.36.124 - - [16/Jan/2025:18:25:31 +0100] "GET /vendor/phpdocumentor/reflection-docblock/src/DocBlock/ HTTP/2.0" 200 1168 "-" "Mozilla/5.0 AppleWebKit/537.36 (KHTML, like Gecko; compatible; GPTBot/1.2; +https://openai.com/gptbot)"
4.227.36.57 - - [16/Jan/2025:18:25:31 +0100] "GET /vendor/barryvdh/laravel-debugbar/src/Controllers/TelescopeController.php HTTP/2.0" 200 215 "-" "Mozilla/5.0 AppleWebKit/537.36 (KHTML, like Gecko; compatible; GPTBot/1.2; +https://openai.com/gptbot)"
4.227.36.124 - - [16/Jan/2025:18:25:32 +0100] "GET /vendor/phpdocumentor/reflection-docblock/src/Utils.php HTTP/2.0" 200 20 "-" "Mozilla/5.0 AppleWebKit/537.36 (KHTML, like Gecko; compatible; GPTBot/1.2; +https://openai.com/gptbot)"
4.227.36.57 - - [16/Jan/2025:18:25:32 +0100] "GET /vendor/barryvdh/laravel-debugbar/src/Controllers/CacheController.php HTTP/2.0" 200 211 "-" "Mozilla/5.0 AppleWebKit/537.36 (KHTML, like Gecko; compatible; GPTBot/1.2; +https://openai.com/gptbot)"
4.227.36.124 - - [16/Jan/2025:18:25:33 +0100] "GET /vendor/phpdocumentor/reflection-docblock/src/DocBlockFactory.php HTTP/2.0" 200 218 "-" "Mozilla/5.0 AppleWebKit/537.36 (KHTML, like Gecko; compatible; GPTBot/1.2; +https://openai.com/gptbot)"
4.227.36.57 - - [16/Jan/2025:18:25:33 +0100] "GET /vendor/barryvdh/laravel-debugbar/src/Controllers/?C=N%3BO%3DD HTTP/2.0" 200 949 "-" "Mozilla/5.0 AppleWebKit/537.36 (KHTML, like Gecko; compatible; GPTBot/1.2; +https://openai.com/gptbot)"
4.227.36.124 - - [16/Jan/2025:18:25:34 +0100] "GET /vendor/phpdocumentor/reflection-docblock/src/Exception/ HTTP/2.0" 200 623 "-" "Mozilla/5.0 AppleWebKit/537.36 (KHTML, like Gecko; compatible; GPTBot/1.2; +https://openai.com/gptbot)"
4.227.36.57 - - [16/Jan/2025:18:25:34 +0100] "GET /vendor/barryvdh/laravel-debugbar/src/Controllers/?C=D%3BO%3DA HTTP/2.0" 200 949 "-" "Mozilla/5.0 AppleWebKit/537.36 (KHTML, like Gecko; compatible; GPTBot/1.2; +https://openai.com/gptbot)"
4.227.36.124 - - [16/Jan/2025:18:25:35 +0100] "GET /vendor/phpdocumentor/reflection-docblock/src/DocBlockFactoryInterface.php HTTP/2.0" 200 20 "-" "Mozilla/5.0 AppleWebKit/537.36 (KHTML, like Gecko; compatible; GPTBot/1.2; +https://openai.com/gptbot)"
4.227.36.57 - - [16/Jan/2025:18:25:35 +0100] "GET /vendor/barryvdh/laravel-debugbar/src/Console/?C=N%3BO%3DD HTTP/2.0" 200 594 "-" "Mozilla/5.0 AppleWebKit/537.36 (KHTML, like Gecko; compatible; GPTBot/1.2; +https://openai.com/gptbot)"
4.227.36.124 - - [16/Jan/2025:18:25:36 +0100] "GET /vendor/phpdocumentor/reflection-docblock/src/DocBlock.php HTTP/2.0" 200 20 "-" "Mozilla/5.0 AppleWebKit/537.36 (KHTML, like Gecko; compatible; GPTBot/1.2; +https://openai.com/gptbot)"
4.227.36.57 - - [16/Jan/2025:18:25:36 +0100] "GET /vendor/barryvdh/laravel-debugbar/src/Console/?C=D%3BO%3DA HTTP/2.0" 200 594 "-" "Mozilla/5.0 AppleWebKit/537.36 (KHTML, like Gecko; compatible; GPTBot/1.2; +https://openai.com/gptbot)"
4.227.36.124 - - [16/Jan/2025:18:25:37 +0100] "GET /vendor/phpdocumentor/reflection-docblock/src/?C=S%3BO%3DA HTTP/2.0" 200 992 "-" "Mozilla/5.0 AppleWebKit/537.36 (KHTML, like Gecko; compatible; GPTBot/1.2; +https://openai.com/gptbot)"
4.227.36.57 - - [16/Jan/2025:18:25:37 +0100] "GET /vendor/barryvdh/laravel-debugbar/src/Console/ClearCommand.php HTTP/2.0" 200 208 "-" "Mozilla/5.0 AppleWebKit/537.36 (KHTML, like Gecko; compatible; GPTBot/1.2; +https://openai.com/gptbot)"
4.227.36.124 - - [16/Jan/2025:18:25:38 +0100] "GET /vendor/phpdocumentor/reflection-docblock/src/?C=M%3BO%3DA HTTP/2.0" 200 992 "-" "Mozilla/5.0 AppleWebKit/537.36 (KHTML, like Gecko; compatible; GPTBot/1.2; +https://openai.com/gptbot)"
4.227.36.57 - - [16/Jan/2025:18:25:38 +0100] "GET /vendor/barryvdh/laravel-debugbar/src/Console/?C=M%3BO%3DA HTTP/2.0" 200 594 "-" "Mozilla/5.0 AppleWebKit/537.36 (KHTML, like Gecko; compatible; GPTBot/1.2; +https://openai.com/gptbot)"
4.227.36.124 - - [16/Jan/2025:18:25:39 +0100] "GET /vendor/phpdocumentor/reflection-docblock/src/?C=D%3BO%3DA HTTP/2.0" 200 992 "-" "Mozilla/5.0 AppleWebKit/537.36 (KHTML, like Gecko; compatible; GPTBot/1.2; +https://openai.com/gptbot)"
4.227.36.57 - - [16/Jan/2025:18:25:40 +0100] "GET /vendor/barryvdh/laravel-debugbar/src/Console/?C=S%3BO%3DA HTTP/2.0" 200 594 "-" "Mozilla/5.0 AppleWebKit/537.36 (KHTML, like Gecko; compatible; GPTBot/1.2; +https://openai.com/gptbot)"
4.227.36.124 - - [16/Jan/2025:18:25:40 +0100] "GET /vendor/phpdocumentor/reflection-docblock/src/?C=N%3BO%3DD HTTP/2.0" 200 992 "-" "Mozilla/5.0 AppleWebKit/537.36 (KHTML, like Gecko; compatible; GPTBot/1.2; +https://openai.com/gptbot)"
4.227.36.57 - - [16/Jan/2025:18:25:41 +0100] "GET /vendor/barryvdh/laravel-debugbar/src/Facades/?C=S%3BO%3DA HTTP/2.0" 200 590 "-" "Mozilla/5.0 AppleWebKit/537.36 (KHTML, like Gecko; compatible; GPTBot/1.2; +https://openai.com/gptbot)"
4.227.36.124 - - [16/Jan/2025:18:25:42 +0100] "GET /vendor/intervention/image/src/?C=N%3BO%3DD HTTP/2.0" 200 621 "-" "Mozilla/5.0 AppleWebKit/537.36 (KHTML, like Gecko; compatible; GPTBot/1.2; +https://openai.com/gptbot)"
4.227.36.57 - - [16/Jan/2025:18:25:42 +0100] "GET /vendor/barryvdh/laravel-debugbar/src/Facades/Debugbar.php HTTP/2.0" 200 210 "-" "Mozilla/5.0 AppleWebKit/537.36 (KHTML, like Gecko; compatible; GPTBot/1.2; +https://openai.com/gptbot)"
4.227.36.124 - - [16/Jan/2025:18:25:43 +0100] "GET /vendor/intervention/image/src/?C=S%3BO%3DA HTTP/2.0" 200 621 "-" "Mozilla/5.0 AppleWebKit/537.36 (KHTML, like Gecko; compatible; GPTBot/1.2; +https://openai.com/gptbot)"
4.227.36.57 - - [16/Jan/2025:18:25:43 +0100] "GET /vendor/barryvdh/laravel-debugbar/src/Facades/?C=D%3BO%3DA HTTP/2.0" 200 590 "-" "Mozilla/5.0 AppleWebKit/537.36 (KHTML, like Gecko; compatible; GPTBot/1.2; +https://openai.com/gptbot)"
4.227.36.124 - - [16/Jan/2025:18:25:44 +0100] "GET /vendor/intervention/image/src/config/ HTTP/2.0" 200 565 "-" "Mozilla/5.0 AppleWebKit/537.36 (KHTML, like Gecko; compatible; GPTBot/1.2; +https://openai.com/gptbot)"
4.227.36.57 - - [16/Jan/2025:18:25:44 +0100] "GET /vendor/barryvdh/laravel-debugbar/src/Facades/?C=N%3BO%3DD HTTP/2.0" 200 590 "-" "Mozilla/5.0 AppleWebKit/537.36 (KHTML, like Gecko; compatible; GPTBot/1.2; +https://openai.com/gptbot)"
4.227.36.124 - - [16/Jan/2025:18:25:45 +0100] "GET /vendor/intervention/image/src/Intervention/ HTTP/2.0" 200 573 "-" "Mozilla/5.0 AppleWebKit/537.36 (KHTML, like Gecko; compatible; GPTBot/1.2; +https://openai.com/gptbot)"
4.227.36.57 - - [16/Jan/2025:18:25:45 +0100] "GET /vendor/barryvdh/laravel-debugbar/src/Facades/?C=M%3BO%3DA HTTP/2.0" 200 590 "-" "Mozilla/5.0 AppleWebKit/537.36 (KHTML, like Gecko; compatible; GPTBot/1.2; +https://openai.com/gptbot)"
4.227.36.124 - - [16/Jan/2025:18:25:46 +0100] "GET /vendor/intervention/image/src/?C=M%3BO%3DA HTTP/2.0" 200 621 "-" "Mozilla/5.0 AppleWebKit/537.36 (KHTML, like Gecko; compatible; GPTBot/1.2; +https://openai.com/gptbot)"
4.227.36.57 - - [16/Jan/2025:18:25:46 +0100] "GET /vendor/barryvdh/laravel-debugbar/database/migrations/?C=N%3BO%3DD HTTP/2.0" 200 656 "-" "Mozilla/5.0 AppleWebKit/537.36 (KHTML, like Gecko; compatible; GPTBot/1.2; +https://openai.com/gptbot)"
4.227.36.124 - - [16/Jan/2025:18:25:47 +0100] "GET /vendor/intervention/image/src/?C=D%3BO%3DA HTTP/2.0" 200 621 "-" "Mozilla/5.0 AppleWebKit/537.36 (KHTML, like Gecko; compatible; GPTBot/1.2; +https://openai.com/gptbot)"
4.227.36.57 - - [16/Jan/2025:18:25:47 +0100] "GET /vendor/barryvdh/laravel-debugbar/database/migrations/?C=D%3BO%3DA HTTP/2.0" 200 656 "-" "Mozilla/5.0 AppleWebKit/537.36 (KHTML, like Gecko; compatible; GPTBot/1.2; +https://openai.com/gptbot)"
4.227.36.124 - - [16/Jan/2025:18:25:48 +0100] "GET /vendor/intervention/imagecache/src/?C=D%3BO%3DA HTTP/2.0" 200 636 "-" "Mozilla/5.0 AppleWebKit/537.36 (KHTML, like Gecko; compatible; GPTBot/1.2; +https://openai.com/gptbot)"
4.227.36.57 - - [16/Jan/2025:18:25:48 +0100] "GET /vendor/barryvdh/laravel-debugbar/database/migrations/?C=S%3BO%3DA HTTP/2.0" 200 656 "-" "Mozilla/5.0 AppleWebKit/537.36 (KHTML, like Gecko; compatible; GPTBot/1.2; +https://openai.com/gptbot)"
4.227.36.124 - - [16/Jan/2025:18:25:49 +0100] "GET /vendor/intervention/imagecache/src/?C=S%3BO%3DA HTTP/2.0" 200 636 "-" "Mozilla/5.0 AppleWebKit/537.36 (KHTML, like Gecko; compatible; GPTBot/1.2; +https://openai.com/gptbot)"
4.227.36.57 - - [16/Jan/2025:18:25:49 +0100] "GET /vendor/barryvdh/laravel-debugbar/database/migrations/2014_12_01_120000_create_phpdebugbar_storage_table.php HTTP/2.0" 200 245 "-" "Mozilla/5.0 AppleWebKit/537.36 (KHTML, like Gecko; compatible; GPTBot/1.2; +https://openai.com/gptbot)"
4.227.36.124 - - [16/Jan/2025:18:25:50 +0100] "GET /vendor/intervention/imagecache/src/?C=N%3BO%3DD HTTP/2.0" 200 636 "-" "Mozilla/5.0 AppleWebKit/537.36 (KHTML, like Gecko; compatible; GPTBot/1.2; +https://openai.com/gptbot)"
4.227.36.57 - - [16/Jan/2025:18:25:51 +0100] "GET /vendor/barryvdh/laravel-debugbar/database/migrations/?C=M%3BO%3DA HTTP/2.0" 200 656 "-" "Mozilla/5.0 AppleWebKit/537.36 (KHTML, like Gecko; compatible; GPTBot/1.2; +https://openai.com/gptbot)"
4.227.36.124 - - [16/Jan/2025:18:25:51 +0100] "GET /vendor/intervention/imagecache/src/config/ HTTP/2.0" 200 580 "-" "Mozilla/5.0 AppleWebKit/537.36 (KHTML, like Gecko; compatible; GPTBot/1.2; +https://openai.com/gptbot)"
4.227.36.57 - - [16/Jan/2025:18:25:52 +0100] "GET /app/Http/Controllers/Api/V1/AlbumController.php HTTP/2.0" 200 198 "-" "Mozilla/5.0 AppleWebKit/537.36 (KHTML, like Gecko; compatible; GPTBot/1.2; +https://openai.com/gptbot)"
4.227.36.124 - - [16/Jan/2025:18:25:53 +0100] "GET /vendor/intervention/imagecache/src/?C=M%3BO%3DA HTTP/2.0" 200 636 "-" "Mozilla/5.0 AppleWebKit/537.36 (KHTML, like Gecko; compatible; GPTBot/1.2; +https://openai.com/gptbot)"
4.227.36.57 - - [16/Jan/2025:18:25:53 +0100] "GET /app/Http/Controllers/Api/V1/ImageController.php HTTP/2.0" 200 198 "-" "Mozilla/5.0 AppleWebKit/537.36 (KHTML, like Gecko; compatible; GPTBot/1.2; +https://openai.com/gptbot)"
4.227.36.124 - - [16/Jan/2025:18:25:54 +0100] "GET /vendor/intervention/imagecache/src/Intervention/ HTTP/2.0" 200 588 "-" "Mozilla/5.0 AppleWebKit/537.36 (KHTML, like Gecko; compatible; GPTBot/1.2; +https://openai.com/gptbot)"
4.227.36.57 - - [16/Jan/2025:18:25:54 +0100] "GET /app/Http/Controllers/Api/V1/?C=S%3BO%3DA HTTP/2.0" 200 885 "-" "Mozilla/5.0 AppleWebKit/537.36 (KHTML, like Gecko; compatible; GPTBot/1.2; +https://openai.com/gptbot)"
4.227.36.124 - - [16/Jan/2025:18:25:55 +0100] "GET /vendor/intervention/imagecache/storage/?C=D%3BO%3DA HTTP/2.0" 200 566 "-" "Mozilla/5.0 AppleWebKit/537.36 (KHTML, like Gecko; compatible; GPTBot/1.2; +https://openai.com/gptbot)"
4.227.36.57 - - [16/Jan/2025:18:25:55 +0100] "GET /app/Http/Controllers/Api/V1/?C=N%3BO%3DD HTTP/2.0" 200 885 "-" "Mozilla/5.0 AppleWebKit/537.36 (KHTML, like Gecko; compatible; GPTBot/1.2; +https://openai.com/gptbot)"
4.227.36.124 - - [16/Jan/2025:18:25:56 +0100] "GET /vendor/intervention/imagecache/storage/?C=S%3BO%3DA HTTP/2.0" 200 566 "-" "Mozilla/5.0 AppleWebKit/537.36 (KHTML, like Gecko; compatible; GPTBot/1.2; +https://openai.com/gptbot)"
4.227.36.57 - - [16/Jan/2025:18:25:56 +0100] "GET /app/Http/Controllers/Api/V1/?C=M%3BO%3DA HTTP/2.0" 200 885 "-" "Mozilla/5.0 AppleWebKit/537.36 (KHTML, like Gecko; compatible; GPTBot/1.2; +https://openai.com/gptbot)"
4.227.36.124 - - [16/Jan/2025:18:25:57 +0100] "GET /vendor/intervention/imagecache/storage/cache/ HTTP/2.0" 200 588 "-" "Mozilla/5.0 AppleWebKit/537.36 (KHTML, like Gecko; compatible; GPTBot/1.2; +https://openai.com/gptbot)"
4.227.36.57 - - [16/Jan/2025:18:25:57 +0100] "GET /app/Http/Controllers/Api/V1/TokenController.php HTTP/2.0" 200 197 "-" "Mozilla/5.0 AppleWebKit/537.36 (KHTML, like Gecko; compatible; GPTBot/1.2; +https://openai.com/gptbot)"
4.227.36.124 - - [16/Jan/2025:18:25:58 +0100] "GET /vendor/intervention/imagecache/storage/?C=N%3BO%3DD HTTP/2.0" 200 566 "-" "Mozilla/5.0 AppleWebKit/537.36 (KHTML, like Gecko; compatible; GPTBot/1.2; +https://openai.com/gptbot)"
4.227.36.57 - - [16/Jan/2025:18:25:58 +0100] "GET /app/Http/Controllers/Api/V1/StrategyController.php HTTP/2.0" 200 198 "-" "Mozilla/5.0 AppleWebKit/537.36 (KHTML, like Gecko; compatible; GPTBot/1.2; +https://openai.com/gptbot)"
4.227.36.124 - - [16/Jan/2025:18:25:59 +0100] "GET /vendor/intervention/imagecache/storage/?C=M%3BO%3DA HTTP/2.0" 200 566 "-" "Mozilla/5.0 AppleWebKit/537.36 (KHTML, like Gecko; compatible; GPTBot/1.2; +https://openai.com/gptbot)"
4.227.36.57 - - [16/Jan/2025:18:26:00 +0100] "GET /app/Http/Controllers/Api/V1/UserController.php HTTP/2.0" 200 196 "-" "Mozilla/5.0 AppleWebKit/537.36 (KHTML, like Gecko; compatible; GPTBot/1.2; +https://openai.com/gptbot)"
4.227.36.124 - - [16/Jan/2025:18:26:00 +0100] "GET /vendor/intervention/imagecache/tests/?C=N%3BO%3DD HTTP/2.0" 200 814 "-" "Mozilla/5.0 AppleWebKit/537.36 (KHTML, like Gecko; compatible; GPTBot/1.2; +https://openai.com/gptbot)"
4.227.36.57 - - [16/Jan/2025:18:26:00 +0100] "GET /app/Http/Controllers/Api/V1/?C=D%3BO%3DA HTTP/2.0" 200 885 "-" "Mozilla/5.0 AppleWebKit/537.36 (KHTML, like Gecko; compatible; GPTBot/1.2; +https://openai.com/gptbot)"
4.227.36.124 - - [16/Jan/2025:18:26:01 +0100] "GET /vendor/intervention/imagecache/tests/ImageCacheTest.php HTTP/2.0" 200 210 "-" "Mozilla/5.0 AppleWebKit/537.36 (KHTML, like Gecko; compatible; GPTBot/1.2; +https://openai.com/gptbot)"
4.227.36.57 - - [16/Jan/2025:18:26:02 +0100] "GET /resources/views/admin/image/%7B%7B%20route('admin.images')%20%7D%7D HTTP/2.0" 404 2645 "-" "Mozilla/5.0 AppleWebKit/537.36 (KHTML, like Gecko; compatible; GPTBot/1.2; +https://openai.com/gptbot)"
4.227.36.124 - - [16/Jan/2025:18:26:02 +0100] "GET /vendor/intervention/imagecache/tests/CachedImageTest.php HTTP/2.0" 200 210 "-" "Mozilla/5.0 AppleWebKit/537.36 (KHTML, like Gecko; compatible; GPTBot/1.2; +https://openai.com/gptbot)"
4.227.36.57 - - [16/Jan/2025:18:26:03 +0100] "GET /resources/views/admin/image/%7B%7B%20$image-%3Ethumb_url%20%7D%7D HTTP/2.0" 404 2645 "-" "Mozilla/5.0 AppleWebKit/537.36 (KHTML, like Gecko; compatible; GPTBot/1.2; +https://openai.com/gptbot)"
4.227.36.124 - - [16/Jan/2025:18:26:04 +0100] "GET /vendor/intervention/imagecache/tests/?C=S%3BO%3DA HTTP/2.0" 200 814 "-" "Mozilla/5.0 AppleWebKit/537.36 (KHTML, like Gecko; compatible; GPTBot/1.2; +https://openai.com/gptbot)"
4.227.36.57 - - [16/Jan/2025:18:26:04 +0100] "GET /resources/views/admin/image/%7B%7B%20$image-%3Euser-%3Eavatar%20%7D%7D HTTP/2.0" 404 2645 "-" "Mozilla/5.0 AppleWebKit/537.36 (KHTML, like Gecko; compatible; GPTBot/1.2; +https://openai.com/gptbot)"
4.227.36.124 - - [16/Jan/2025:18:26:05 +0100] "GET /vendor/intervention/imagecache/tests/?C=M%3BO%3DA HTTP/2.0" 200 814 "-" "Mozilla/5.0 AppleWebKit/537.36 (KHTML, like Gecko; compatible; GPTBot/1.2; +https://openai.com/gptbot)"
4.227.36.57 - - [16/Jan/2025:18:26:05 +0100] "GET /resources/views/admin/strategy/%7B%7B%20route('admin.strategies')%20%7D%7D HTTP/2.0" 404 2645 "-" "Mozilla/5.0 AppleWebKit/537.36 (KHTML, like Gecko; compatible; GPTBot/1.2; +https://openai.com/gptbot)"
4.227.36.124 - - [16/Jan/2025:18:26:06 +0100] "GET /vendor/intervention/imagecache/tests/?C=D%3BO%3DA HTTP/2.0" 200 814 "-" "Mozilla/5.0 AppleWebKit/537.36 (KHTML, like Gecko; compatible; GPTBot/1.2; +https://openai.com/gptbot)"
4.227.36.57 - - [16/Jan/2025:18:26:06 +0100] "GET /resources/views/admin/strategy/%7B%7B%20route('admin.strategy.edit',%20['id'%20=%3E%20$strategy-%3Eid])%20%7D%7D HTTP/2.0" 404 2645 "-" "Mozilla/5.0 AppleWebKit/537.36 (KHTML, like Gecko; compatible; GPTBot/1.2; +https://openai.com/gptbot)"
4.227.36.124 - - [16/Jan/2025:18:26:07 +0100] "GET /vendor/intervention/imagecache/tests/files/ HTTP/2.0" 200 654 "-" "Mozilla/5.0 AppleWebKit/537.36 (KHTML, like Gecko; compatible; GPTBot/1.2; +https://openai.com/gptbot)"
4.227.36.57 - - [16/Jan/2025:18:26:07 +0100] "GET /resources/views/admin/strategy/%7B%7B%20route('admin.strategy.update',%20['id'%20=%3E%20$strategy-%3Eid])%20%7D%7D HTTP/2.0" 404 2645 "-" "Mozilla/5.0 AppleWebKit/537.36 (KHTML, like Gecko; compatible; GPTBot/1.2; +https://openai.com/gptbot)"
4.227.36.124 - - [16/Jan/2025:18:26:08 +0100] "GET /vendor/intervention/imagecache/tests/HashableClosureTest.php HTTP/2.0" 200 212 "-" "Mozilla/5.0 AppleWebKit/537.36 (KHTML, like Gecko; compatible; GPTBot/1.2; +https://openai.com/gptbot)"
4.227.36.57 - - [16/Jan/2025:18:26:08 +0100] "GET /resources/views/admin/strategy/%7B%7B%20route('admin.strategy.create')%20%7D%7D HTTP/2.0" 404 2645 "-" "Mozilla/5.0 AppleWebKit/537.36 (KHTML, like Gecko; compatible; GPTBot/1.2; +https://openai.com/gptbot)"
4.227.36.124 - - [16/Jan/2025:18:26:09 +0100] "GET /vendor/facade/ignition-contracts/src/HasSolutionsForThrowable.php HTTP/2.0" 200 20 "-" "Mozilla/5.0 AppleWebKit/537.36 (KHTML, like Gecko; compatible; GPTBot/1.2; +https://openai.com/gptbot)"
4.227.36.57 - - [16/Jan/2025:18:26:09 +0100] "GET /resources/views/admin/group/%7B%7B%20route('admin.group.edit',%20['id'%20=%3E%20$group-%3Eid])%20%7D%7D HTTP/2.0" 404 2645 "-" "Mozilla/5.0 AppleWebKit/537.36 (KHTML, like Gecko; compatible; GPTBot/1.2; +https://openai.com/gptbot)"
4.227.36.124 - - [16/Jan/2025:18:26:10 +0100] "GET /vendor/facade/ignition-contracts/src/RunnableSolution.php HTTP/2.0" 200 209 "-" "Mozilla/5.0 AppleWebKit/537.36 (KHTML, like Gecko; compatible; GPTBot/1.2; +https://openai.com/gptbot)"
4.227.36.57 - - [16/Jan/2025:18:26:10 +0100] "GET /resources/views/admin/group/%7B%7B%20route('admin.groups')%20%7D%7D HTTP/2.0" 404 2645 "-" "Mozilla/5.0 AppleWebKit/537.36 (KHTML, like Gecko; compatible; GPTBot/1.2; +https://openai.com/gptbot)"
4.227.36.124 - - [16/Jan/2025:18:26:11 +0100] "GET /vendor/facade/ignition-contracts/src/Solution.php HTTP/2.0" 200 20 "-" "Mozilla/5.0 AppleWebKit/537.36 (KHTML, like Gecko; compatible; GPTBot/1.2; +https://openai.com/gptbot)"
4.227.36.57 - - [16/Jan/2025:18:26:11 +0100] "GET /resources/views/admin/group/%7B%7B%20route('admin.group.update',%20['id'%20=%3E%20$group-%3Eid])%20%7D%7D HTTP/2.0" 404 2645 "-" "Mozilla/5.0 AppleWebKit/537.36 (KHTML, like Gecko; compatible; GPTBot/1.2; +https://openai.com/gptbot)"
4.227.36.124 - - [16/Jan/2025:18:26:12 +0100] "GET /vendor/facade/ignition-contracts/src/?C=M%3BO%3DA HTTP/2.0" 200 1010 "-" "Mozilla/5.0 AppleWebKit/537.36 (KHTML, like Gecko; compatible; GPTBot/1.2; +https://openai.com/gptbot)"
4.227.36.57 - - [16/Jan/2025:18:26:13 +0100] "GET /resources/views/admin/group/%7B%7B%20route('admin.group.create')%20%7D%7D HTTP/2.0" 404 2645 "-" "Mozilla/5.0 AppleWebKit/537.36 (KHTML, like Gecko; compatible; GPTBot/1.2; +https://openai.com/gptbot)"
4.227.36.124 - - [16/Jan/2025:18:26:13 +0100] "GET /vendor/facade/ignition-contracts/src/BaseSolution.php HTTP/2.0" 200 206 "-" "Mozilla/5.0 AppleWebKit/537.36 (KHTML, like Gecko; compatible; GPTBot/1.2; +https://openai.com/gptbot)"
4.227.36.57 - - [16/Jan/2025:18:26:14 +0100] "GET /resources/views/admin/setting/%7B%7B%20route('admin.settings.save')%20%7D%7D HTTP/2.0" 404 2645 "-" "Mozilla/5.0 AppleWebKit/537.36 (KHTML, like Gecko; compatible; GPTBot/1.2; +https://openai.com/gptbot)"
4.227.36.124 - - [16/Jan/2025:18:26:15 +0100] "GET /vendor/facade/ignition-contracts/src/?C=S%3BO%3DA HTTP/2.0" 200 1010 "-" "Mozilla/5.0 AppleWebKit/537.36 (KHTML, like Gecko; compatible; GPTBot/1.2; +https://openai.com/gptbot)"
4.227.36.57 - - [16/Jan/2025:18:26:15 +0100] "GET /resources/views/admin/setting/%7B%7B%20asset('css/markdown-css/github-markdown-light.css')%20%7D%7D HTTP/2.0" 404 2645 "-" "Mozilla/5.0 AppleWebKit/537.36 (KHTML, like Gecko; compatible; GPTBot/1.2; +https://openai.com/gptbot)"
4.227.36.124 - - [16/Jan/2025:18:26:16 +0100] "GET /vendor/facade/ignition-contracts/src/?C=N%3BO%3DD HTTP/2.0" 200 1010 "-" "Mozilla/5.0 AppleWebKit/537.36 (KHTML, like Gecko; compatible; GPTBot/1.2; +https://openai.com/gptbot)"
4.227.36.57 - - [16/Jan/2025:18:26:16 +0100] "GET /resources/views/admin/user/%7B%7B%20route('admin.user.update',%20['id'%20=%3E%20$user-%3Eid%20?:%20%270%27])%20}} HTTP/2.0" 404 2645 "-" "Mozilla/5.0 AppleWebKit/537.36 (KHTML, like Gecko; compatible; GPTBot/1.2; +https://openai.com/gptbot)"
4.227.36.124 - - [16/Jan/2025:18:26:17 +0100] "GET /vendor/facade/ignition-contracts/src/?C=D%3BO%3DA HTTP/2.0" 200 1010 "-" "Mozilla/5.0 AppleWebKit/537.36 (KHTML, like Gecko; compatible; GPTBot/1.2; +https://openai.com/gptbot)"
4.227.36.57 - - [16/Jan/2025:18:26:17 +0100] "GET /resources/views/admin/user/%7B%7B%20route('admin.user.edit',%20['id'%20=%3E%20$user-%3Eid])%20%7D%7D HTTP/2.0" 404 2645 "-" "Mozilla/5.0 AppleWebKit/537.36 (KHTML, like Gecko; compatible; GPTBot/1.2; +https://openai.com/gptbot)"
4.227.36.124 - - [16/Jan/2025:18:26:18 +0100] "GET /vendor/facade/ignition-contracts/src/ProvidesSolution.php HTTP/2.0" 200 20 "-" "Mozilla/5.0 AppleWebKit/537.36 (KHTML, like Gecko; compatible; GPTBot/1.2; +https://openai.com/gptbot)"
4.227.36.57 - - [16/Jan/2025:18:26:18 +0100] "GET /resources/views/admin/user/%7B%7B%20route('admin.users')%20%7D%7D HTTP/2.0" 404 2645 "-" "Mozilla/5.0 AppleWebKit/537.36 (KHTML, like Gecko; compatible; GPTBot/1.2; +https://openai.com/gptbot)"
4.227.36.124 - - [16/Jan/2025:18:26:19 +0100] "GET /vendor/facade/ignition-contracts/src/SolutionProviderRepository.php HTTP/2.0" 200 20 "-" "Mozilla/5.0 AppleWebKit/537.36 (KHTML, like Gecko; compatible; GPTBot/1.2; +https://openai.com/gptbot)"
4.227.36.57 - - [16/Jan/2025:18:26:19 +0100] "GET /resources/views/admin/console/%7B%7B%20asset('js/echarts/echarts.min.js')%20%7D%7D HTTP/2.0" 404 2645 "-" "Mozilla/5.0 AppleWebKit/537.36 (KHTML, like Gecko; compatible; GPTBot/1.2; +https://openai.com/gptbot)"
4.227.36.124 - - [16/Jan/2025:18:26:20 +0100] "GET /vendor/symfony/polyfill-php81/Resources/?C=M%3BO%3DA HTTP/2.0" 200 567 "-" "Mozilla/5.0 AppleWebKit/537.36 (KHTML, like Gecko; compatible; GPTBot/1.2; +https://openai.com/gptbot)"
4.227.36.57 - - [16/Jan/2025:18:26:20 +0100] "GET /vendor/alibabacloud/client/src/Log/?C=S%3BO%3DA HTTP/2.0" 200 568 "-" "Mozilla/5.0 AppleWebKit/537.36 (KHTML, like Gecko; compatible; GPTBot/1.2; +https://openai.com/gptbot)"
4.227.36.124 - - [16/Jan/2025:18:26:21 +0100] "GET /vendor/symfony/polyfill-php81/Resources/?C=D%3BO%3DA HTTP/2.0" 200 567 "-" "Mozilla/5.0 AppleWebKit/537.36 (KHTML, like Gecko; compatible; GPTBot/1.2; +https://openai.com/gptbot)"
4.227.36.57 - - [16/Jan/2025:18:26:21 +0100] "GET /vendor/alibabacloud/client/src/Log/?C=M%3BO%3DA HTTP/2.0" 200 568 "-" "Mozilla/5.0 AppleWebKit/537.36 (KHTML, like Gecko; compatible; GPTBot/1.2; +https://openai.com/gptbot)"
4.227.36.124 - - [16/Jan/2025:18:26:22 +0100] "GET /vendor/symfony/polyfill-php81/Resources/?C=N%3BO%3DD HTTP/2.0" 200 567 "-" "Mozilla/5.0 AppleWebKit/537.36 (KHTML, like Gecko; compatible; GPTBot/1.2; +https://openai.com/gptbot)"
4.227.36.57 - - [16/Jan/2025:18:26:22 +0100] "GET /vendor/alibabacloud/client/src/Log/LogFormatter.php HTTP/2.0" 200 168 "-" "Mozilla/5.0 AppleWebKit/537.36 (KHTML, like Gecko; compatible; GPTBot/1.2; +https://openai.com/gptbot)"
4.227.36.124 - - [16/Jan/2025:18:26:23 +0100] "GET /vendor/symfony/polyfill-php81/Resources/?C=S%3BO%3DA HTTP/2.0" 200 567 "-" "Mozilla/5.0 AppleWebKit/537.36 (KHTML, like Gecko; compatible; GPTBot/1.2; +https://openai.com/gptbot)"
4.227.36.57 - - [16/Jan/2025:18:26:24 +0100] "GET /vendor/alibabacloud/client/src/Log/?C=D%3BO%3DA HTTP/2.0" 200 568 "-" "Mozilla/5.0 AppleWebKit/537.36 (KHTML, like Gecko; compatible; GPTBot/1.2; +https://openai.com/gptbot)"
4.227.36.124 - - [16/Jan/2025:18:26:24 +0100] "GET /vendor/symfony/polyfill-php81/Resources/stubs/ HTTP/2.0" 200 610 "-" "Mozilla/5.0 AppleWebKit/537.36 (KHTML, like Gecko; compatible; GPTBot/1.2; +https://openai.com/gptbot)"
4.227.36.57 - - [16/Jan/2025:18:26:25 +0100] "GET /vendor/alibabacloud/client/src/Log/?C=N%3BO%3DD HTTP/2.0" 200 568 "-" "Mozilla/5.0 AppleWebKit/537.36 (KHTML, like Gecko; compatible; GPTBot/1.2; +https://openai.com/gptbot)"
4.227.36.124 - - [16/Jan/2025:18:26:26 +0100] "GET /vendor/symfony/http-kernel/Log/Logger.php HTTP/2.0" 200 200 "-" "Mozilla/5.0 AppleWebKit/537.36 (KHTML, like Gecko; compatible; GPTBot/1.2; +https://openai.com/gptbot)"
4.227.36.57 - - [16/Jan/2025:18:26:26 +0100] "GET /vendor/alibabacloud/client/src/Profile/?C=S%3BO%3DA HTTP/2.0" 200 578 "-" "Mozilla/5.0 AppleWebKit/537.36 (KHTML, like Gecko; compatible; GPTBot/1.2; +https://openai.com/gptbot)"
4.227.36.124 - - [16/Jan/2025:18:26:27 +0100] "GET /vendor/symfony/http-kernel/Log/?C=D%3BO%3DA HTTP/2.0" 200 641 "-" "Mozilla/5.0 AppleWebKit/537.36 (KHTML, like Gecko; compatible; GPTBot/1.2; +https://openai.com/gptbot)"
4.227.36.57 - - [16/Jan/2025:18:26:27 +0100] "GET /vendor/alibabacloud/client/src/Profile/DefaultProfile.php HTTP/2.0" 200 20 "-" "Mozilla/5.0 AppleWebKit/537.36 (KHTML, like Gecko; compatible; GPTBot/1.2; +https://openai.com/gptbot)"
4.227.36.124 - - [16/Jan/2025:18:26:28 +0100] "GET /vendor/symfony/http-kernel/Log/?C=S%3BO%3DA HTTP/2.0" 200 641 "-" "Mozilla/5.0 AppleWebKit/537.36 (KHTML, like Gecko; compatible; GPTBot/1.2; +https://openai.com/gptbot)"
4.227.36.57 - - [16/Jan/2025:18:26:28 +0100] "GET /vendor/alibabacloud/client/src/Profile/?C=M%3BO%3DA HTTP/2.0" 200 578 "-" "Mozilla/5.0 AppleWebKit/537.36 (KHTML, like Gecko; compatible; GPTBot/1.2; +https://openai.com/gptbot)"
4.227.36.124 - - [16/Jan/2025:18:26:29 +0100] "GET /vendor/symfony/http-kernel/Log/DebugLoggerInterface.php HTTP/2.0" 200 20 "-" "Mozilla/5.0 AppleWebKit/537.36 (KHTML, like Gecko; compatible; GPTBot/1.2; +https://openai.com/gptbot)"
4.227.36.57 - - [16/Jan/2025:18:26:29 +0100] "GET /vendor/alibabacloud/client/src/Profile/?C=D%3BO%3DA HTTP/2.0" 200 578 "-" "Mozilla/5.0 AppleWebKit/537.36 (KHTML, like Gecko; compatible; GPTBot/1.2; +https://openai.com/gptbot)"
4.227.36.124 - - [16/Jan/2025:18:26:30 +0100] "GET /vendor/symfony/http-kernel/Log/?C=N%3BO%3DD HTTP/2.0" 200 641 "-" "Mozilla/5.0 AppleWebKit/537.36 (KHTML, like Gecko; compatible; GPTBot/1.2; +https://openai.com/gptbot)"
4.227.36.57 - - [16/Jan/2025:18:26:30 +0100] "GET /vendor/alibabacloud/client/src/Profile/?C=N%3BO%3DD HTTP/2.0" 200 578 "-" "Mozilla/5.0 AppleWebKit/537.36 (KHTML, like Gecko; compatible; GPTBot/1.2; +https://openai.com/gptbot)"
4.227.36.124 - - [16/Jan/2025:18:26:31 +0100] "GET /vendor/symfony/http-kernel/Profiler/Profile.php HTTP/2.0" 200 20 "-" "Mozilla/5.0 AppleWebKit/537.36 (KHTML, like Gecko; compatible; GPTBot/1.2; +https://openai.com/gptbot)"
4.227.36.57 - - [16/Jan/2025:18:26:31 +0100] "GET /vendor/alibabacloud/client/src/Signature/BearerTokenSignature.php HTTP/2.0" 200 210 "-" "Mozilla/5.0 AppleWebKit/537.36 (KHTML, like Gecko; compatible; GPTBot/1.2; +https://openai.com/gptbot)"
4.227.36.124 - - [16/Jan/2025:18:26:32 +0100] "GET /vendor/symfony/http-kernel/Log/?C=M%3BO%3DA HTTP/2.0" 200 641 "-" "Mozilla/5.0 AppleWebKit/537.36 (KHTML, like Gecko; compatible; GPTBot/1.2; +https://openai.com/gptbot)"
4.227.36.57 - - [16/Jan/2025:18:26:32 +0100] "GET /vendor/alibabacloud/client/src/Signature/ShaHmac1Signature.php HTTP/2.0" 200 210 "-" "Mozilla/5.0 AppleWebKit/537.36 (KHTML, like Gecko; compatible; GPTBot/1.2; +https://openai.com/gptbot)"
4.227.36.124 - - [16/Jan/2025:18:26:33 +0100] "GET /vendor/symfony/http-kernel/Profiler/?C=M%3BO%3DA HTTP/2.0" 200 819 "-" "Mozilla/5.0 AppleWebKit/537.36 (KHTML, like Gecko; compatible; GPTBot/1.2; +https://openai.com/gptbot)"
4.227.36.57 - - [16/Jan/2025:18:26:33 +0100] "GET /vendor/alibabacloud/client/src/Signature/SignatureInterface.php HTTP/2.0" 200 20 "-" "Mozilla/5.0 AppleWebKit/537.36 (KHTML, like Gecko; compatible; GPTBot/1.2; +https://openai.com/gptbot)"
4.227.36.124 - - [16/Jan/2025:18:26:34 +0100] "GET /vendor/symfony/http-kernel/Profiler/?C=S%3BO%3DA HTTP/2.0" 200 819 "-" "Mozilla/5.0 AppleWebKit/537.36 (KHTML, like Gecko; compatible; GPTBot/1.2; +https://openai.com/gptbot)"
4.227.36.57 - - [16/Jan/2025:18:26:35 +0100] "GET /vendor/alibabacloud/client/src/Signature/Signature.php HTTP/2.0" 200 20 "-" "Mozilla/5.0 AppleWebKit/537.36 (KHTML, like Gecko; compatible; GPTBot/1.2; +https://openai.com/gptbot)"
4.227.36.124 - - [16/Jan/2025:18:26:35 +0100] "GET /vendor/symfony/http-kernel/Profiler/?C=N%3BO%3DD HTTP/2.0" 200 819 "-" "Mozilla/5.0 AppleWebKit/537.36 (KHTML, like Gecko; compatible; GPTBot/1.2; +https://openai.com/gptbot)"
4.227.36.57 - - [16/Jan/2025:18:26:36 +0100] "GET /vendor/alibabacloud/client/src/Signature/?C=N%3BO%3DD HTTP/2.0" 200 1023 "-" "Mozilla/5.0 AppleWebKit/537.36 (KHTML, like Gecko; compatible; GPTBot/1.2; +https://openai.com/gptbot)"
4.227.36.124 - - [16/Jan/2025:18:26:37 +0100] "GET /vendor/symfony/http-kernel/Profiler/?C=D%3BO%3DA HTTP/2.0" 200 819 "-" "Mozilla/5.0 AppleWebKit/537.36 (KHTML, like Gecko; compatible; GPTBot/1.2; +https://openai.com/gptbot)"
4.227.36.57 - - [16/Jan/2025:18:26:37 +0100] "GET /vendor/alibabacloud/client/src/Signature/?C=M%3BO%3DA HTTP/2.0" 200 1023 "-" "Mozilla/5.0 AppleWebKit/537.36 (KHTML, like Gecko; compatible; GPTBot/1.2; +https://openai.com/gptbot)"
4.227.36.124 - - [16/Jan/2025:18:26:38 +0100] "GET /vendor/symfony/http-kernel/Profiler/Profiler.php HTTP/2.0" 200 213 "-" "Mozilla/5.0 AppleWebKit/537.36 (KHTML, like Gecko; compatible; GPTBot/1.2; +https://openai.com/gptbot)"
4.227.36.57 - - [16/Jan/2025:18:26:38 +0100] "GET /vendor/alibabacloud/client/src/Signature/?C=D%3BO%3DA HTTP/2.0" 200 1023 "-" "Mozilla/5.0 AppleWebKit/537.36 (KHTML, like Gecko; compatible; GPTBot/1.2; +https://openai.com/gptbot)"
4.227.36.124 - - [16/Jan/2025:18:26:39 +0100] "GET /vendor/symfony/http-kernel/Profiler/ProfilerStorageInterface.php HTTP/2.0" 200 20 "-" "Mozilla/5.0 AppleWebKit/537.36 (KHTML, like Gecko; compatible; GPTBot/1.2; +https://openai.com/gptbot)"
4.227.36.57 - - [16/Jan/2025:18:26:39 +0100] "GET /vendor/alibabacloud/client/src/Signature/ShaHmac256Signature.php HTTP/2.0" 200 213 "-" "Mozilla/5.0 AppleWebKit/537.36 (KHTML, like Gecko; compatible; GPTBot/1.2; +https://openai.com/gptbot)"
4.227.36.124 - - [16/Jan/2025:18:26:40 +0100] "GET /vendor/symfony/http-kernel/Profiler/FileProfilerStorage.php HTTP/2.0" 200 223 "-" "Mozilla/5.0 AppleWebKit/537.36 (KHTML, like Gecko; compatible; GPTBot/1.2; +https://openai.com/gptbot)"
4.227.36.57 - - [16/Jan/2025:18:26:40 +0100] "GET /vendor/alibabacloud/client/src/Signature/ShaHmac256WithRsaSignature.php HTTP/2.0" 200 219 "-" "Mozilla/5.0 AppleWebKit/537.36 (KHTML, like Gecko; compatible; GPTBot/1.2; +https://openai.com/gptbot)"
4.227.36.124 - - [16/Jan/2025:18:26:41 +0100] "GET /vendor/symfony/http-kernel/CacheClearer/CacheClearerInterface.php HTTP/2.0" 200 20 "-" "Mozilla/5.0 AppleWebKit/537.36 (KHTML, like Gecko; compatible; GPTBot/1.2; +https://openai.com/gptbot)"
4.227.36.57 - - [16/Jan/2025:18:26:41 +0100] "GET /vendor/alibabacloud/client/src/Signature/?C=S%3BO%3DA HTTP/2.0" 200 1023 "-" "Mozilla/5.0 AppleWebKit/537.36 (KHTML, like Gecko; compatible; GPTBot/1.2; +https://openai.com/gptbot)"
4.227.36.124 - - [16/Jan/2025:18:26:42 +0100] "GET /vendor/symfony/http-kernel/CacheClearer/Psr6CacheClearer.php HTTP/2.0" 200 222 "-" "Mozilla/5.0 AppleWebKit/537.36 (KHTML, like Gecko; compatible; GPTBot/1.2; +https://openai.com/gptbot)"
4.227.36.57 - - [16/Jan/2025:18:26:42 +0100] "GET /vendor/alibabacloud/client/src/Support/Arrays.php HTTP/2.0" 200 20 "-" "Mozilla/5.0 AppleWebKit/537.36 (KHTML, like Gecko; compatible; GPTBot/1.2; +https://openai.com/gptbot)"
4.227.36.124 - - [16/Jan/2025:18:26:43 +0100] "GET /vendor/symfony/http-kernel/CacheClearer/?C=D%3BO%3DA HTTP/2.0" 200 755 "-" "Mozilla/5.0 AppleWebKit/537.36 (KHTML, like Gecko; compatible; GPTBot/1.2; +https://openai.com/gptbot)"
4.227.36.57 - - [16/Jan/2025:18:26:43 +0100] "GET /vendor/alibabacloud/client/src/Support/?C=D%3BO%3DA HTTP/2.0" 200 714 "-" "Mozilla/5.0 AppleWebKit/537.36 (KHTML, like Gecko; compatible; GPTBot/1.2; +https://openai.com/gptbot)"
4.227.36.124 - - [16/Jan/2025:18:26:44 +0100] "GET /vendor/symfony/http-kernel/CacheClearer/?C=M%3BO%3DA HTTP/2.0" 200 755 "-" "Mozilla/5.0 AppleWebKit/537.36 (KHTML, like Gecko; compatible; GPTBot/1.2; +https://openai.com/gptbot)"
4.227.36.57 - - [16/Jan/2025:18:26:44 +0100] "GET /vendor/alibabacloud/client/src/Support/Sign.php HTTP/2.0" 200 20 "-" "Mozilla/5.0 AppleWebKit/537.36 (KHTML, like Gecko; compatible; GPTBot/1.2; +https://openai.com/gptbot)"
4.227.36.124 - - [16/Jan/2025:18:26:45 +0100] "GET /vendor/symfony/http-kernel/CacheClearer/?C=S%3BO%3DA HTTP/2.0" 200 755 "-" "Mozilla/5.0 AppleWebKit/537.36 (KHTML, like Gecko; compatible; GPTBot/1.2; +https://openai.com/gptbot)"
4.227.36.57 - - [16/Jan/2025:18:26:46 +0100] "GET /vendor/alibabacloud/client/src/Support/?C=S%3BO%3DA HTTP/2.0" 200 714 "-" "Mozilla/5.0 AppleWebKit/537.36 (KHTML, like Gecko; compatible; GPTBot/1.2; +https://openai.com/gptbot)"
4.227.36.124 - - [16/Jan/2025:18:26:46 +0100] "GET /vendor/symfony/http-kernel/CacheClearer/ChainCacheClearer.php HTTP/2.0" 200 221 "-" "Mozilla/5.0 AppleWebKit/537.36 (KHTML, like Gecko; compatible; GPTBot/1.2; +https://openai.com/gptbot)"
4.227.36.57 - - [16/Jan/2025:18:26:47 +0100] "GET /vendor/alibabacloud/client/src/Support/?C=M%3BO%3DA HTTP/2.0" 200 714 "-" "Mozilla/5.0 AppleWebKit/537.36 (KHTML, like Gecko; compatible; GPTBot/1.2; +https://openai.com/gptbot)"
4.227.36.124 - - [16/Jan/2025:18:26:48 +0100] "GET /vendor/symfony/http-kernel/CacheClearer/?C=N%3BO%3DD HTTP/2.0" 200 755 "-" "Mozilla/5.0 AppleWebKit/537.36 (KHTML, like Gecko; compatible; GPTBot/1.2; +https://openai.com/gptbot)"
4.227.36.57 - - [16/Jan/2025:18:26:48 +0100] "GET /vendor/alibabacloud/client/src/Support/Path.php HTTP/2.0" 200 20 "-" "Mozilla/5.0 AppleWebKit/537.36 (KHTML, like Gecko; compatible; GPTBot/1.2; +https://openai.com/gptbot)"
4.227.36.124 - - [16/Jan/2025:18:26:49 +0100] "GET /vendor/symfony/http-kernel/Resources/welcome.html.php HTTP/2.0" 200 8400 "-" "Mozilla/5.0 AppleWebKit/537.36 (KHTML, like Gecko; compatible; GPTBot/1.2; +https://openai.com/gptbot)"
4.227.36.57 - - [16/Jan/2025:18:26:49 +0100] "GET /vendor/alibabacloud/client/src/Support/?C=N%3BO%3DD HTTP/2.0" 200 714 "-" "Mozilla/5.0 AppleWebKit/537.36 (KHTML, like Gecko; compatible; GPTBot/1.2; +https://openai.com/gptbot)"
4.227.36.124 - - [16/Jan/2025:18:26:50 +0100] "GET /vendor/symfony/http-kernel/Resources/?C=D%3BO%3DA HTTP/2.0" 200 568 "-" "Mozilla/5.0 AppleWebKit/537.36 (KHTML, like Gecko; compatible; GPTBot/1.2; +https://openai.com/gptbot)"
4.227.36.57 - - [16/Jan/2025:18:26:50 +0100] "GET /vendor/alibabacloud/client/src/Resolver/?C=N%3BO%3DD HTTP/2.0" 200 966 "-" "Mozilla/5.0 AppleWebKit/537.36 (KHTML, like Gecko; compatible; GPTBot/1.2; +https://openai.com/gptbot)"
4.227.36.124 - - [16/Jan/2025:18:26:51 +0100] "GET /vendor/symfony/http-kernel/Resources/?C=S%3BO%3DA HTTP/2.0" 200 568 "-" "Mozilla/5.0 AppleWebKit/537.36 (KHTML, like Gecko; compatible; GPTBot/1.2; +https://openai.com/gptbot)"
4.227.36.57 - - [16/Jan/2025:18:26:51 +0100] "GET /vendor/alibabacloud/client/src/Resolver/ActionResolverTrait.php HTTP/2.0" 200 20 "-" "Mozilla/5.0 AppleWebKit/537.36 (KHTML, like Gecko; compatible; GPTBot/1.2; +https://openai.com/gptbot)"
4.227.36.124 - - [16/Jan/2025:18:26:52 +0100] "GET /vendor/symfony/http-kernel/Resources/?C=N%3BO%3DD HTTP/2.0" 200 568 "-" "Mozilla/5.0 AppleWebKit/537.36 (KHTML, like Gecko; compatible; GPTBot/1.2; +https://openai.com/gptbot)"
4.227.36.57 - - [16/Jan/2025:18:26:52 +0100] "GET /vendor/alibabacloud/client/src/Resolver/Rpc.php HTTP/2.0" 200 209 "-" "Mozilla/5.0 AppleWebKit/537.36 (KHTML, like Gecko; compatible; GPTBot/1.2; +https://openai.com/gptbot)"
4.227.36.124 - - [16/Jan/2025:18:26:53 +0100] "GET /vendor/symfony/http-kernel/Resources/?C=M%3BO%3DA HTTP/2.0" 200 568 "-" "Mozilla/5.0 AppleWebKit/537.36 (KHTML, like Gecko; compatible; GPTBot/1.2; +https://openai.com/gptbot)"
4.227.36.57 - - [16/Jan/2025:18:26:53 +0100] "GET /vendor/alibabacloud/client/src/Resolver/?C=D%3BO%3DA HTTP/2.0" 200 966 "-" "Mozilla/5.0 AppleWebKit/537.36 (KHTML, like Gecko; compatible; GPTBot/1.2; +https://openai.com/gptbot)"
4.227.36.124 - - [16/Jan/2025:18:26:54 +0100] "GET /vendor/symfony/http-kernel/Bundle/?C=S%3BO%3DA HTTP/2.0" 200 639 "-" "Mozilla/5.0 AppleWebKit/537.36 (KHTML, like Gecko; compatible; GPTBot/1.2; +https://openai.com/gptbot)"
4.227.36.57 - - [16/Jan/2025:18:26:54 +0100] "GET /vendor/alibabacloud/client/src/Resolver/CallTrait.php HTTP/2.0" 200 20 "-" "Mozilla/5.0 AppleWebKit/537.36 (KHTML, like Gecko; compatible; GPTBot/1.2; +https://openai.com/gptbot)"
4.227.36.124 - - [16/Jan/2025:18:26:55 +0100] "GET /vendor/symfony/http-kernel/Bundle/Bundle.php HTTP/2.0" 200 180 "-" "Mozilla/5.0 AppleWebKit/537.36 (KHTML, like Gecko; compatible; GPTBot/1.2; +https://openai.com/gptbot)"
4.227.36.57 - - [16/Jan/2025:18:26:55 +0100] "GET /vendor/alibabacloud/client/src/Resolver/?C=S%3BO%3DA HTTP/2.0" 200 966 "-" "Mozilla/5.0 AppleWebKit/537.36 (KHTML, like Gecko; compatible; GPTBot/1.2; +https://openai.com/gptbot)"
4.227.36.124 - - [16/Jan/2025:18:26:56 +0100] "GET /vendor/symfony/http-kernel/Bundle/?C=N%3BO%3DD HTTP/2.0" 200 639 "-" "Mozilla/5.0 AppleWebKit/537.36 (KHTML, like Gecko; compatible; GPTBot/1.2; +https://openai.com/gptbot)"
4.227.36.57 - - [16/Jan/2025:18:26:57 +0100] "GET /vendor/alibabacloud/client/src/Resolver/?C=M%3BO%3DA HTTP/2.0" 200 966 "-" "Mozilla/5.0 AppleWebKit/537.36 (KHTML, like Gecko; compatible; GPTBot/1.2; +https://openai.com/gptbot)"
4.227.36.124 - - [16/Jan/2025:18:26:57 +0100] "GET /vendor/symfony/http-kernel/Bundle/?C=D%3BO%3DA HTTP/2.0" 200 639 "-" "Mozilla/5.0 AppleWebKit/537.36 (KHTML, like Gecko; compatible; GPTBot/1.2; +https://openai.com/gptbot)"
4.227.36.57 - - [16/Jan/2025:18:26:58 +0100] "GET /vendor/alibabacloud/client/src/Resolver/Roa.php HTTP/2.0" 200 208 "-" "Mozilla/5.0 AppleWebKit/537.36 (KHTML, like Gecko; compatible; GPTBot/1.2; +https://openai.com/gptbot)"
4.227.36.124 - - [16/Jan/2025:18:26:59 +0100] "GET /vendor/symfony/http-kernel/Bundle/BundleInterface.php HTTP/2.0" 200 226 "-" "Mozilla/5.0 AppleWebKit/537.36 (KHTML, like Gecko; compatible; GPTBot/1.2; +https://openai.com/gptbot)"
4.227.36.57 - - [16/Jan/2025:18:26:59 +0100] "GET /vendor/alibabacloud/client/src/Resolver/VersionResolver.php HTTP/2.0" 200 20 "-" "Mozilla/5.0 AppleWebKit/537.36 (KHTML, like Gecko; compatible; GPTBot/1.2; +https://openai.com/gptbot)"
4.227.36.124 - - [16/Jan/2025:18:27:00 +0100] "GET /vendor/symfony/http-kernel/Bundle/?C=M%3BO%3DA HTTP/2.0" 200 639 "-" "Mozilla/5.0 AppleWebKit/537.36 (KHTML, like Gecko; compatible; GPTBot/1.2; +https://openai.com/gptbot)"
4.227.36.57 - - [16/Jan/2025:18:27:00 +0100] "GET /vendor/alibabacloud/client/src/Resolver/ApiResolver.php HTTP/2.0" 200 20 "-" "Mozilla/5.0 AppleWebKit/537.36 (KHTML, like Gecko; compatible; GPTBot/1.2; +https://openai.com/gptbot)"
4.227.36.124 - - [16/Jan/2025:18:27:01 +0100] "GET /vendor/symfony/http-kernel/Exception/PreconditionRequiredHttpException.php HTTP/2.0" 200 226 "-" "Mozilla/5.0 AppleWebKit/537.36 (KHTML, like Gecko; compatible; GPTBot/1.2; +https://openai.com/gptbot)"
4.227.36.57 - - [16/Jan/2025:18:27:01 +0100] "GET /vendor/alibabacloud/client/src/Result/Result.php HTTP/2.0" 200 205 "-" "Mozilla/5.0 AppleWebKit/537.36 (KHTML, like Gecko; compatible; GPTBot/1.2; +https://openai.com/gptbot)"
4.227.36.124 - - [16/Jan/2025:18:27:02 +0100] "GET /vendor/symfony/http-kernel/Exception/PreconditionFailedHttpException.php HTTP/2.0" 200 224 "-" "Mozilla/5.0 AppleWebKit/537.36 (KHTML, like Gecko; compatible; GPTBot/1.2; +https://openai.com/gptbot)"
4.227.36.57 - - [16/Jan/2025:18:27:02 +0100] "GET /vendor/alibabacloud/client/src/Result/?C=M%3BO%3DA HTTP/2.0" 200 568 "-" "Mozilla/5.0 AppleWebKit/537.36 (KHTML, like Gecko; compatible; GPTBot/1.2; +https://openai.com/gptbot)"
4.227.36.124 - - [16/Jan/2025:18:27:03 +0100] "GET /vendor/symfony/http-kernel/Exception/HttpExceptionInterface.php HTTP/2.0" 200 20 "-" "Mozilla/5.0 AppleWebKit/537.36 (KHTML, like Gecko; compatible; GPTBot/1.2; +https://openai.com/gptbot)"
4.227.36.57 - - [16/Jan/2025:18:27:03 +0100] "GET /vendor/alibabacloud/client/src/Result/?C=D%3BO%3DA HTTP/2.0" 200 568 "-" "Mozilla/5.0 AppleWebKit/537.36 (KHTML, like Gecko; compatible; GPTBot/1.2; +https://openai.com/gptbot)"
4.227.36.124 - - [16/Jan/2025:18:27:04 +0100] "GET /vendor/symfony/http-kernel/Exception/TooManyRequestsHttpException.php HTTP/2.0" 200 224 "-" "Mozilla/5.0 AppleWebKit/537.36 (KHTML, like Gecko; compatible; GPTBot/1.2; +https://openai.com/gptbot)"
4.227.36.57 - - [16/Jan/2025:18:27:04 +0100] "GET /vendor/alibabacloud/client/src/Result/?C=N%3BO%3DD HTTP/2.0" 200 568 "-" "Mozilla/5.0 AppleWebKit/537.36 (KHTML, like Gecko; compatible; GPTBot/1.2; +https://openai.com/gptbot)"
4.227.36.124 - - [16/Jan/2025:18:27:05 +0100] "GET /vendor/symfony/http-kernel/Exception/AccessDeniedHttpException.php HTTP/2.0" 200 221 "-" "Mozilla/5.0 AppleWebKit/537.36 (KHTML, like Gecko; compatible; GPTBot/1.2; +https://openai.com/gptbot)"
4.227.36.57 - - [16/Jan/2025:18:27:05 +0100] "GET /vendor/alibabacloud/client/src/Result/?C=S%3BO%3DA HTTP/2.0" 200 568 "-" "Mozilla/5.0 AppleWebKit/537.36 (KHTML, like Gecko; compatible; GPTBot/1.2; +https://openai.com/gptbot)"
4.227.36.124 - - [16/Jan/2025:18:27:06 +0100] "GET /vendor/symfony/http-kernel/Exception/?C=D%3BO%3DA HTTP/2.0" 200 2434 "-" "Mozilla/5.0 AppleWebKit/537.36 (KHTML, like Gecko; compatible; GPTBot/1.2; +https://openai.com/gptbot)"
4.227.36.57 - - [16/Jan/2025:18:27:06 +0100] "GET /vendor/alibabacloud/client/src/Credentials/?C=S%3BO%3DA HTTP/2.0" 200 1343 "-" "Mozilla/5.0 AppleWebKit/537.36 (KHTML, like Gecko; compatible; GPTBot/1.2; +https://openai.com/gptbot)"
4.227.36.124 - - [16/Jan/2025:18:27:07 +0100] "GET /vendor/symfony/http-kernel/Exception/InvalidMetadataException.php HTTP/2.0" 200 20 "-" "Mozilla/5.0 AppleWebKit/537.36 (KHTML, like Gecko; compatible; GPTBot/1.2; +https://openai.com/gptbot)"
4.227.36.57 - - [16/Jan/2025:18:27:08 +0100] "GET /vendor/alibabacloud/client/src/Credentials/Requests/ HTTP/2.0" 200 707 "-" "Mozilla/5.0 AppleWebKit/537.36 (KHTML, like Gecko; compatible; GPTBot/1.2; +https://openai.com/gptbot)"
4.227.36.124 - - [16/Jan/2025:18:27:08 +0100] "GET /vendor/symfony/http-kernel/Exception/?C=N%3BO%3DD HTTP/2.0" 200 2434 "-" "Mozilla/5.0 AppleWebKit/537.36 (KHTML, like Gecko; compatible; GPTBot/1.2; +https://openai.com/gptbot)"
4.227.36.57 - - [16/Jan/2025:18:27:09 +0100] "GET /vendor/alibabacloud/client/src/Credentials/EcsRamRoleCredential.php HTTP/2.0" 200 219 "-" "Mozilla/5.0 AppleWebKit/537.36 (KHTML, like Gecko; compatible; GPTBot/1.2; +https://openai.com/gptbot)"
4.227.36.124 - - [16/Jan/2025:18:27:10 +0100] "GET /vendor/symfony/http-kernel/Exception/GoneHttpException.php HTTP/2.0" 200 217 "-" "Mozilla/5.0 AppleWebKit/537.36 (KHTML, like Gecko; compatible; GPTBot/1.2; +https://openai.com/gptbot)"
4.227.36.57 - - [16/Jan/2025:18:27:10 +0100] "GET /vendor/alibabacloud/client/src/Credentials/Providers/ HTTP/2.0" 200 957 "-" "Mozilla/5.0 AppleWebKit/537.36 (KHTML, like Gecko; compatible; GPTBot/1.2; +https://openai.com/gptbot)"
4.227.36.124 - - [16/Jan/2025:18:27:11 +0100] "GET /vendor/symfony/http-kernel/Exception/MethodNotAllowedHttpException.php HTTP/2.0" 200 225 "-" "Mozilla/5.0 AppleWebKit/537.36 (KHTML, like Gecko; compatible; GPTBot/1.2; +https://openai.com/gptbot)"
4.227.36.57 - - [16/Jan/2025:18:27:11 +0100] "GET /vendor/alibabacloud/client/src/Credentials/StsCredential.php HTTP/2.0" 200 213 "-" "Mozilla/5.0 AppleWebKit/537.36 (KHTML, like Gecko; compatible; GPTBot/1.2; +https://openai.com/gptbot)"
4.227.36.124 - - [16/Jan/2025:18:27:12 +0100] "GET /vendor/symfony/http-kernel/Exception/BadRequestHttpException.php HTTP/2.0" 200 221 "-" "Mozilla/5.0 AppleWebKit/537.36 (KHTML, like Gecko; compatible; GPTBot/1.2; +https://openai.com/gptbot)"
4.227.36.57 - - [16/Jan/2025:18:27:12 +0100] "GET /vendor/alibabacloud/client/src/Credentials/Ini/ HTTP/2.0" 200 764 "-" "Mozilla/5.0 AppleWebKit/537.36 (KHTML, like Gecko; compatible; GPTBot/1.2; +https://openai.com/gptbot)"
4.227.36.57 - - [16/Jan/2025:18:27:13 +0100] "GET /vendor/alibabacloud/client/src/Credentials/?C=N%3BO%3DD HTTP/2.0" 200 1343 "-" "Mozilla/5.0 AppleWebKit/537.36 (KHTML, like Gecko; compatible; GPTBot/1.2; +https://openai.com/gptbot)"
4.227.36.57 - - [16/Jan/2025:18:27:14 +0100] "GET /vendor/alibabacloud/client/src/Credentials/RamRoleArnCredential.php HTTP/2.0" 200 219 "-" "Mozilla/5.0 AppleWebKit/537.36 (KHTML, like Gecko; compatible; GPTBot/1.2; +https://openai.com/gptbot)"
4.227.36.57 - - [16/Jan/2025:18:27:15 +0100] "GET /vendor/alibabacloud/client/src/Credentials/?C=M%3BO%3DA HTTP/2.0" 200 1343 "-" "Mozilla/5.0 AppleWebKit/537.36 (KHTML, like Gecko; compatible; GPTBot/1.2; +https://openai.com/gptbot)"
4.227.36.57 - - [16/Jan/2025:18:27:16 +0100] "GET /vendor/alibabacloud/client/src/Credentials/?C=D%3BO%3DA HTTP/2.0" 200 1343 "-" "Mozilla/5.0 AppleWebKit/537.36 (KHTML, like Gecko; compatible; GPTBot/1.2; +https://openai.com/gptbot)"
4.227.36.57 - - [16/Jan/2025:18:27:17 +0100] "GET /vendor/alibabacloud/client/src/Credentials/CredentialsInterface.php HTTP/2.0" 200 20 "-" "Mozilla/5.0 AppleWebKit/537.36 (KHTML, like Gecko; compatible; GPTBot/1.2; +https://openai.com/gptbot)"
4.227.36.57 - - [16/Jan/2025:18:27:19 +0100] "GET /vendor/alibabacloud/client/src/Credentials/RsaKeyPairCredential.php HTTP/2.0" 200 222 "-" "Mozilla/5.0 AppleWebKit/537.36 (KHTML, like Gecko; compatible; GPTBot/1.2; +https://openai.com/gptbot)"
4.227.36.124 - - [16/Jan/2025:18:27:19 +0100] "GET /vendor/aws/aws-sdk-php/src/Translate/?C=D%3BO%3DA HTTP/2.0" 200 645 "-" "Mozilla/5.0 AppleWebKit/537.36 (KHTML, like Gecko; compatible; GPTBot/1.2; +https://openai.com/gptbot)"
4.227.36.57 - - [16/Jan/2025:18:27:20 +0100] "GET /vendor/alibabacloud/client/src/Credentials/AccessKeyCredential.php HTTP/2.0" 200 219 "-" "Mozilla/5.0 AppleWebKit/537.36 (KHTML, like Gecko; compatible; GPTBot/1.2; +https://openai.com/gptbot)"
4.227.36.124 - - [16/Jan/2025:18:27:20 +0100] "GET /vendor/aws/aws-sdk-php/src/Translate/?C=N%3BO%3DD HTTP/2.0" 200 645 "-" "Mozilla/5.0 AppleWebKit/537.36 (KHTML, like Gecko; compatible; GPTBot/1.2; +https://openai.com/gptbot)"
4.227.36.57 - - [16/Jan/2025:18:27:21 +0100] "GET /vendor/alibabacloud/client/src/Credentials/BearerTokenCredential.php HTTP/2.0" 200 219 "-" "Mozilla/5.0 AppleWebKit/537.36 (KHTML, like Gecko; compatible; GPTBot/1.2; +https://openai.com/gptbot)"
