4.227.36.57 - - [16/Jan/2025:18:37:23 +0100] "GET /vendor/hamcrest/hamcrest-php/hamcrest/Hamcrest/?C=D%3BO%3DA HTTP/2.0" 200 2307 "-" "Mozilla/5.0 AppleWebKit/537.36 (KHTML, like Gecko; compatible; GPTBot/1.2; +https://openai.com/gptbot)"
4.227.36.57 - - [16/Jan/2025:18:37:25 +0100] "GET /vendor/hamcrest/hamcrest-php/hamcrest/Hamcrest/?C=S%3BO%3DA HTTP/2.0" 200 2307 "-" "Mozilla/5.0 AppleWebKit/537.36 (KHTML, like Gecko; compatible; GPTBot/1.2; +https://openai.com/gptbot)"
4.227.36.124 - - [16/Jan/2025:18:37:25 +0100] "GET /vendor/aws/aws-sdk-php/src/Translate/Exception/?C=D%3BO%3DA HTTP/2.0" 200 604 "-" "Mozilla/5.0 AppleWebKit/537.36 (KHTML, like Gecko; compatible; GPTBot/1.2; +https://openai.com/gptbot)"
4.227.36.57 - - [16/Jan/2025:18:37:26 +0100] "GET /vendor/hamcrest/hamcrest-php/hamcrest/Hamcrest/DiagnosingMatcher.php HTTP/2.0" 200 202 "-" "Mozilla/5.0 AppleWebKit/537.36 (KHTML, like Gecko; compatible; GPTBot/1.2; +https://openai.com/gptbot)"
4.227.36.124 - - [16/Jan/2025:18:37:26 +0100] "GET /vendor/aws/aws-sdk-php/src/Translate/Exception/?C=M%3BO%3DA HTTP/2.0" 200 604 "-" "Mozilla/5.0 AppleWebKit/537.36 (KHTML, like Gecko; compatible; GPTBot/1.2; +https://openai.com/gptbot)"
4.227.36.57 - - [16/Jan/2025:18:37:27 +0100] "GET /vendor/hamcrest/hamcrest-php/hamcrest/Hamcrest/Collection/ HTTP/2.0" 200 728 "-" "Mozilla/5.0 AppleWebKit/537.36 (KHTML, like Gecko; compatible; GPTBot/1.2; +https://openai.com/gptbot)"
4.227.36.124 - - [16/Jan/2025:18:37:27 +0100] "GET /vendor/aws/aws-sdk-php/src/Translate/Exception/?C=S%3BO%3DA HTTP/2.0" 200 604 "-" "Mozilla/5.0 AppleWebKit/537.36 (KHTML, like Gecko; compatible; GPTBot/1.2; +https://openai.com/gptbot)"
4.227.36.57 - - [16/Jan/2025:18:37:28 +0100] "GET /vendor/hamcrest/hamcrest-php/hamcrest/Hamcrest/Matcher.php HTTP/2.0" 200 205 "-" "Mozilla/5.0 AppleWebKit/537.36 (KHTML, like Gecko; compatible; GPTBot/1.2; +https://openai.com/gptbot)"
4.227.36.124 - - [16/Jan/2025:18:37:28 +0100] "GET /vendor/aws/aws-sdk-php/src/Translate/Exception/?C=N%3BO%3DD HTTP/2.0" 200 604 "-" "Mozilla/5.0 AppleWebKit/537.36 (KHTML, like Gecko; compatible; GPTBot/1.2; +https://openai.com/gptbot)"
4.227.36.57 - - [16/Jan/2025:18:37:29 +0100] "GET /vendor/hamcrest/hamcrest-php/hamcrest/Hamcrest/Text/ HTTP/2.0" 200 1405 "-" "Mozilla/5.0 AppleWebKit/537.36 (KHTML, like Gecko; compatible; GPTBot/1.2; +https://openai.com/gptbot)"
4.227.36.124 - - [16/Jan/2025:18:37:29 +0100] "GET /vendor/aws/aws-sdk-php/src/Translate/Exception/TranslateException.php HTTP/2.0" 200 205 "-" "Mozilla/5.0 AppleWebKit/537.36 (KHTML, like Gecko; compatible; GPTBot/1.2; +https://openai.com/gptbot)"
4.227.36.57 - - [16/Jan/2025:18:37:30 +0100] "GET /vendor/hamcrest/hamcrest-php/hamcrest/Hamcrest/BaseDescription.php HTTP/2.0" 200 202 "-" "Mozilla/5.0 AppleWebKit/537.36 (KHTML, like Gecko; compatible; GPTBot/1.2; +https://openai.com/gptbot)"
4.227.36.124 - - [16/Jan/2025:18:37:30 +0100] "GET /vendor/aws/aws-sdk-php/src/MediaTailor/Exception/?C=D%3BO%3DA HTTP/2.0" 200 615 "-" "Mozilla/5.0 AppleWebKit/537.36 (KHTML, like Gecko; compatible; GPTBot/1.2; +https://openai.com/gptbot)"
4.227.36.57 - - [16/Jan/2025:18:37:31 +0100] "GET /vendor/hamcrest/hamcrest-php/hamcrest/Hamcrest/Number/ HTTP/2.0" 200 705 "-" "Mozilla/5.0 AppleWebKit/537.36 (KHTML, like Gecko; compatible; GPTBot/1.2; +https://openai.com/gptbot)"
4.227.36.124 - - [16/Jan/2025:18:37:31 +0100] "GET /vendor/aws/aws-sdk-php/src/MediaTailor/Exception/?C=S%3BO%3DA HTTP/2.0" 200 615 "-" "Mozilla/5.0 AppleWebKit/537.36 (KHTML, like Gecko; compatible; GPTBot/1.2; +https://openai.com/gptbot)"
4.227.36.57 - - [16/Jan/2025:18:37:32 +0100] "GET /vendor/nikic/php-parser/lib/PhpParser/NodeVisitor/ HTTP/2.0" 200 1042 "-" "Mozilla/5.0 AppleWebKit/537.36 (KHTML, like Gecko; compatible; GPTBot/1.2; +https://openai.com/gptbot)"
4.227.36.124 - - [16/Jan/2025:18:37:33 +0100] "GET /vendor/aws/aws-sdk-php/src/MediaTailor/Exception/?C=M%3BO%3DA HTTP/2.0" 200 615 "-" "Mozilla/5.0 AppleWebKit/537.36 (KHTML, like Gecko; compatible; GPTBot/1.2; +https://openai.com/gptbot)"
4.227.36.57 - - [16/Jan/2025:18:37:33 +0100] "GET /vendor/nikic/php-parser/lib/PhpParser/Comment/ HTTP/2.0" 200 588 "-" "Mozilla/5.0 AppleWebKit/537.36 (KHTML, like Gecko; compatible; GPTBot/1.2; +https://openai.com/gptbot)"
4.227.36.124 - - [16/Jan/2025:18:37:34 +0100] "GET /vendor/aws/aws-sdk-php/src/MediaTailor/Exception/?C=N%3BO%3DD HTTP/2.0" 200 615 "-" "Mozilla/5.0 AppleWebKit/537.36 (KHTML, like Gecko; compatible; GPTBot/1.2; +https://openai.com/gptbot)"
4.227.36.57 - - [16/Jan/2025:18:37:34 +0100] "GET /vendor/nikic/php-parser/lib/PhpParser/NodeVisitorAbstract.php HTTP/2.0" 200 208 "-" "Mozilla/5.0 AppleWebKit/537.36 (KHTML, like Gecko; compatible; GPTBot/1.2; +https://openai.com/gptbot)"
4.227.36.124 - - [16/Jan/2025:18:37:35 +0100] "GET /vendor/aws/aws-sdk-php/src/MediaTailor/Exception/MediaTailorException.php HTTP/2.0" 200 207 "-" "Mozilla/5.0 AppleWebKit/537.36 (KHTML, like Gecko; compatible; GPTBot/1.2; +https://openai.com/gptbot)"
4.227.36.57 - - [16/Jan/2025:18:37:36 +0100] "GET /vendor/nikic/php-parser/lib/PhpParser/NodeTraverser.php HTTP/2.0" 200 205 "-" "Mozilla/5.0 AppleWebKit/537.36 (KHTML, like Gecko; compatible; GPTBot/1.2; +https://openai.com/gptbot)"
4.227.36.124 - - [16/Jan/2025:18:37:36 +0100] "GET /vendor/aws/aws-sdk-php/src/AutoScalingPlans/Exception/AutoScalingPlansException.php HTTP/2.0" 200 211 "-" "Mozilla/5.0 AppleWebKit/537.36 (KHTML, like Gecko; compatible; GPTBot/1.2; +https://openai.com/gptbot)"
4.227.36.57 - - [16/Jan/2025:18:37:37 +0100] "GET /vendor/nikic/php-parser/lib/PhpParser/ParserAbstract.php HTTP/2.0" 200 201 "-" "Mozilla/5.0 AppleWebKit/537.36 (KHTML, like Gecko; compatible; GPTBot/1.2; +https://openai.com/gptbot)"
4.227.36.124 - - [16/Jan/2025:18:37:37 +0100] "GET /vendor/aws/aws-sdk-php/src/AutoScalingPlans/Exception/?C=M%3BO%3DA HTTP/2.0" 200 635 "-" "Mozilla/5.0 AppleWebKit/537.36 (KHTML, like Gecko; compatible; GPTBot/1.2; +https://openai.com/gptbot)"
4.227.36.57 - - [16/Jan/2025:18:37:38 +0100] "GET /vendor/nikic/php-parser/lib/PhpParser/ConstExprEvaluationException.php HTTP/2.0" 200 20 "-" "Mozilla/5.0 AppleWebKit/537.36 (KHTML, like Gecko; compatible; GPTBot/1.2; +https://openai.com/gptbot)"
4.227.36.124 - - [16/Jan/2025:18:37:38 +0100] "GET /vendor/aws/aws-sdk-php/src/AutoScalingPlans/Exception/?C=N%3BO%3DD HTTP/2.0" 200 635 "-" "Mozilla/5.0 AppleWebKit/537.36 (KHTML, like Gecko; compatible; GPTBot/1.2; +https://openai.com/gptbot)"
4.227.36.57 - - [16/Jan/2025:18:37:39 +0100] "GET /vendor/nikic/php-parser/lib/PhpParser/?C=N%3BO%3DD HTTP/2.0" 200 3009 "-" "Mozilla/5.0 AppleWebKit/537.36 (KHTML, like Gecko; compatible; GPTBot/1.2; +https://openai.com/gptbot)"
4.227.36.124 - - [16/Jan/2025:18:37:39 +0100] "GET /vendor/aws/aws-sdk-php/src/AutoScalingPlans/Exception/?C=S%3BO%3DA HTTP/2.0" 200 635 "-" "Mozilla/5.0 AppleWebKit/537.36 (KHTML, like Gecko; compatible; GPTBot/1.2; +https://openai.com/gptbot)"
4.227.36.57 - - [16/Jan/2025:18:37:40 +0100] "GET /vendor/nikic/php-parser/lib/PhpParser/NodeAbstract.php HTTP/2.0" 200 203 "-" "Mozilla/5.0 AppleWebKit/537.36 (KHTML, like Gecko; compatible; GPTBot/1.2; +https://openai.com/gptbot)"
4.227.36.124 - - [16/Jan/2025:18:37:40 +0100] "GET /vendor/aws/aws-sdk-php/src/AutoScalingPlans/Exception/?C=D%3BO%3DA HTTP/2.0" 200 635 "-" "Mozilla/5.0 AppleWebKit/537.36 (KHTML, like Gecko; compatible; GPTBot/1.2; +https://openai.com/gptbot)"
4.227.36.57 - - [16/Jan/2025:18:37:41 +0100] "GET /vendor/nikic/php-parser/lib/PhpParser/NodeVisitor.php HTTP/2.0" 200 20 "-" "Mozilla/5.0 AppleWebKit/537.36 (KHTML, like Gecko; compatible; GPTBot/1.2; +https://openai.com/gptbot)"
4.227.36.124 - - [16/Jan/2025:18:37:41 +0100] "GET /vendor/aws/aws-sdk-php/src/LookoutEquipment/Exception/LookoutEquipmentException.php HTTP/2.0" 200 211 "-" "Mozilla/5.0 AppleWebKit/537.36 (KHTML, like Gecko; compatible; GPTBot/1.2; +https://openai.com/gptbot)"
4.227.36.57 - - [16/Jan/2025:18:37:42 +0100] "GET /vendor/nikic/php-parser/lib/PhpParser/Builder.php HTTP/2.0" 200 20 "-" "Mozilla/5.0 AppleWebKit/537.36 (KHTML, like Gecko; compatible; GPTBot/1.2; +https://openai.com/gptbot)"
4.227.36.124 - - [16/Jan/2025:18:37:42 +0100] "GET /vendor/aws/aws-sdk-php/src/LookoutEquipment/Exception/?C=D%3BO%3DA HTTP/2.0" 200 635 "-" "Mozilla/5.0 AppleWebKit/537.36 (KHTML, like Gecko; compatible; GPTBot/1.2; +https://openai.com/gptbot)"
4.227.36.57 - - [16/Jan/2025:18:37:43 +0100] "GET /vendor/nikic/php-parser/lib/PhpParser/BuilderHelpers.php HTTP/2.0" 200 20 "-" "Mozilla/5.0 AppleWebKit/537.36 (KHTML, like Gecko; compatible; GPTBot/1.2; +https://openai.com/gptbot)"
4.227.36.124 - - [16/Jan/2025:18:37:44 +0100] "GET /vendor/aws/aws-sdk-php/src/LookoutEquipment/Exception/?C=S%3BO%3DA HTTP/2.0" 200 635 "-" "Mozilla/5.0 AppleWebKit/537.36 (KHTML, like Gecko; compatible; GPTBot/1.2; +https://openai.com/gptbot)"
4.227.36.57 - - [16/Jan/2025:18:37:44 +0100] "GET /vendor/nikic/php-parser/lib/PhpParser/NodeDumper.php HTTP/2.0" 200 20 "-" "Mozilla/5.0 AppleWebKit/537.36 (KHTML, like Gecko; compatible; GPTBot/1.2; +https://openai.com/gptbot)"
4.227.36.124 - - [16/Jan/2025:18:37:45 +0100] "GET /vendor/aws/aws-sdk-php/src/AppIntegrationsService/Exception/?C=S%3BO%3DA HTTP/2.0" 200 659 "-" "Mozilla/5.0 AppleWebKit/537.36 (KHTML, like Gecko; compatible; GPTBot/1.2; +https://openai.com/gptbot)"
4.227.36.57 - - [16/Jan/2025:18:37:45 +0100] "GET /vendor/nikic/php-parser/lib/PhpParser/Lexer/ HTTP/2.0" 200 668 "-" "Mozilla/5.0 AppleWebKit/537.36 (KHTML, like Gecko; compatible; GPTBot/1.2; +https://openai.com/gptbot)"
4.227.36.124 - - [16/Jan/2025:18:37:46 +0100] "GET /vendor/aws/aws-sdk-php/src/LookoutEquipment/Exception/?C=N%3BO%3DD HTTP/2.0" 200 635 "-" "Mozilla/5.0 AppleWebKit/537.36 (KHTML, like Gecko; compatible; GPTBot/1.2; +https://openai.com/gptbot)"
4.227.36.57 - - [16/Jan/2025:18:37:47 +0100] "GET /vendor/nikic/php-parser/lib/PhpParser/Parser.php HTTP/2.0" 200 20 "-" "Mozilla/5.0 AppleWebKit/537.36 (KHTML, like Gecko; compatible; GPTBot/1.2; +https://openai.com/gptbot)"
4.227.36.124 - - [16/Jan/2025:18:37:47 +0100] "GET /vendor/aws/aws-sdk-php/src/LookoutEquipment/Exception/?C=M%3BO%3DA HTTP/2.0" 200 635 "-" "Mozilla/5.0 AppleWebKit/537.36 (KHTML, like Gecko; compatible; GPTBot/1.2; +https://openai.com/gptbot)"
4.227.36.57 - - [16/Jan/2025:18:37:48 +0100] "GET /vendor/nikic/php-parser/lib/PhpParser/Internal/ HTTP/2.0" 200 844 "-" "Mozilla/5.0 AppleWebKit/537.36 (KHTML, like Gecko; compatible; GPTBot/1.2; +https://openai.com/gptbot)"
4.227.36.124 - - [16/Jan/2025:18:37:48 +0100] "GET /vendor/aws/aws-sdk-php/src/AppIntegrationsService/Exception/?C=D%3BO%3DA HTTP/2.0" 200 659 "-" "Mozilla/5.0 AppleWebKit/537.36 (KHTML, like Gecko; compatible; GPTBot/1.2; +https://openai.com/gptbot)"
4.227.36.57 - - [16/Jan/2025:18:37:49 +0100] "GET /vendor/nikic/php-parser/lib/PhpParser/NodeFinder.php HTTP/2.0" 200 20 "-" "Mozilla/5.0 AppleWebKit/537.36 (KHTML, like Gecko; compatible; GPTBot/1.2; +https://openai.com/gptbot)"
4.227.36.124 - - [16/Jan/2025:18:37:49 +0100] "GET /vendor/aws/aws-sdk-php/src/AppIntegrationsService/Exception/AppIntegrationsServiceException.php HTTP/2.0" 200 214 "-" "Mozilla/5.0 AppleWebKit/537.36 (KHTML, like Gecko; compatible; GPTBot/1.2; +https://openai.com/gptbot)"
4.227.36.57 - - [16/Jan/2025:18:37:50 +0100] "GET /vendor/nikic/php-parser/lib/PhpParser/NodeTraverserInterface.php HTTP/2.0" 200 20 "-" "Mozilla/5.0 AppleWebKit/537.36 (KHTML, like Gecko; compatible; GPTBot/1.2; +https://openai.com/gptbot)"
4.227.36.124 - - [16/Jan/2025:18:37:50 +0100] "GET /vendor/aws/aws-sdk-php/src/AppIntegrationsService/Exception/?C=N%3BO%3DD HTTP/2.0" 200 659 "-" "Mozilla/5.0 AppleWebKit/537.36 (KHTML, like Gecko; compatible; GPTBot/1.2; +https://openai.com/gptbot)"
4.227.36.57 - - [16/Jan/2025:18:37:51 +0100] "GET /vendor/nikic/php-parser/lib/PhpParser/NameContext.php HTTP/2.0" 200 20 "-" "Mozilla/5.0 AppleWebKit/537.36 (KHTML, like Gecko; compatible; GPTBot/1.2; +https://openai.com/gptbot)"
4.227.36.124 - - [16/Jan/2025:18:37:51 +0100] "GET /vendor/aws/aws-sdk-php/src/EMRContainers/Exception/EMRContainersException.php HTTP/2.0" 200 210 "-" "Mozilla/5.0 AppleWebKit/537.36 (KHTML, like Gecko; compatible; GPTBot/1.2; +https://openai.com/gptbot)"
4.227.36.57 - - [16/Jan/2025:18:37:52 +0100] "GET /vendor/nikic/php-parser/lib/PhpParser/ErrorHandler.php HTTP/2.0" 200 20 "-" "Mozilla/5.0 AppleWebKit/537.36 (KHTML, like Gecko; compatible; GPTBot/1.2; +https://openai.com/gptbot)"
4.227.36.124 - - [16/Jan/2025:18:37:52 +0100] "GET /vendor/aws/aws-sdk-php/src/EMRContainers/Exception/?C=D%3BO%3DA HTTP/2.0" 200 623 "-" "Mozilla/5.0 AppleWebKit/537.36 (KHTML, like Gecko; compatible; GPTBot/1.2; +https://openai.com/gptbot)"
4.227.36.57 - - [16/Jan/2025:18:37:53 +0100] "GET /vendor/nikic/php-parser/lib/PhpParser/ErrorHandler/ HTTP/2.0" 200 681 "-" "Mozilla/5.0 AppleWebKit/537.36 (KHTML, like Gecko; compatible; GPTBot/1.2; +https://openai.com/gptbot)"
4.227.36.124 - - [16/Jan/2025:18:37:53 +0100] "GET /vendor/aws/aws-sdk-php/src/AppIntegrationsService/Exception/?C=M%3BO%3DA HTTP/2.0" 200 659 "-" "Mozilla/5.0 AppleWebKit/537.36 (KHTML, like Gecko; compatible; GPTBot/1.2; +https://openai.com/gptbot)"
4.227.36.57 - - [16/Jan/2025:18:37:54 +0100] "GET /vendor/nikic/php-parser/lib/PhpParser/?C=M%3BO%3DA HTTP/2.0" 200 3009 "-" "Mozilla/5.0 AppleWebKit/537.36 (KHTML, like Gecko; compatible; GPTBot/1.2; +https://openai.com/gptbot)"
4.227.36.124 - - [16/Jan/2025:18:37:55 +0100] "GET /vendor/aws/aws-sdk-php/src/EMRContainers/Exception/?C=N%3BO%3DD HTTP/2.0" 200 623 "-" "Mozilla/5.0 AppleWebKit/537.36 (KHTML, like Gecko; compatible; GPTBot/1.2; +https://openai.com/gptbot)"
4.227.36.57 - - [16/Jan/2025:18:37:55 +0100] "GET /vendor/nikic/php-parser/lib/PhpParser/?C=D%3BO%3DA HTTP/2.0" 200 3009 "-" "Mozilla/5.0 AppleWebKit/537.36 (KHTML, like Gecko; compatible; GPTBot/1.2; +https://openai.com/gptbot)"
4.227.36.124 - - [16/Jan/2025:18:37:56 +0100] "GET /vendor/aws/aws-sdk-php/src/EMRContainers/Exception/?C=S%3BO%3DA HTTP/2.0" 200 623 "-" "Mozilla/5.0 AppleWebKit/537.36 (KHTML, like Gecko; compatible; GPTBot/1.2; +https://openai.com/gptbot)"
4.227.36.57 - - [16/Jan/2025:18:37:56 +0100] "GET /vendor/nikic/php-parser/lib/PhpParser/Node/ HTTP/2.0" 200 2182 "-" "Mozilla/5.0 AppleWebKit/537.36 (KHTML, like Gecko; compatible; GPTBot/1.2; +https://openai.com/gptbot)"
4.227.36.124 - - [16/Jan/2025:18:37:57 +0100] "GET /vendor/aws/aws-sdk-php/src/NimbleStudio/Exception/NimbleStudioException.php HTTP/2.0" 200 209 "-" "Mozilla/5.0 AppleWebKit/537.36 (KHTML, like Gecko; compatible; GPTBot/1.2; +https://openai.com/gptbot)"
4.227.36.124 - - [16/Jan/2025:18:37:58 +0100] "GET /vendor/aws/aws-sdk-php/src/EMRContainers/Exception/?C=M%3BO%3DA HTTP/2.0" 200 623 "-" "Mozilla/5.0 AppleWebKit/537.36 (KHTML, like Gecko; compatible; GPTBot/1.2; +https://openai.com/gptbot)"
4.227.36.57 - - [16/Jan/2025:18:37:58 +0100] "GET /vendor/nikic/php-parser/lib/PhpParser/?C=S%3BO%3DA HTTP/2.0" 200 3009 "-" "Mozilla/5.0 AppleWebKit/537.36 (KHTML, like Gecko; compatible; GPTBot/1.2; +https://openai.com/gptbot)"
4.227.36.57 - - [16/Jan/2025:18:37:59 +0100] "GET /vendor/nikic/php-parser/lib/PhpParser/Parser/ HTTP/2.0" 200 809 "-" "Mozilla/5.0 AppleWebKit/537.36 (KHTML, like Gecko; compatible; GPTBot/1.2; +https://openai.com/gptbot)"
4.227.36.124 - - [16/Jan/2025:18:37:59 +0100] "GET /vendor/aws/aws-sdk-php/src/NimbleStudio/Exception/?C=D%3BO%3DA HTTP/2.0" 200 619 "-" "Mozilla/5.0 AppleWebKit/537.36 (KHTML, like Gecko; compatible; GPTBot/1.2; +https://openai.com/gptbot)"
4.227.36.57 - - [16/Jan/2025:18:38:00 +0100] "GET /vendor/nikic/php-parser/lib/PhpParser/Comment.php HTTP/2.0" 200 20 "-" "Mozilla/5.0 AppleWebKit/537.36 (KHTML, like Gecko; compatible; GPTBot/1.2; +https://openai.com/gptbot)"
4.227.36.124 - - [16/Jan/2025:18:38:00 +0100] "GET /vendor/aws/aws-sdk-php/src/NimbleStudio/Exception/?C=N%3BO%3DD HTTP/2.0" 200 619 "-" "Mozilla/5.0 AppleWebKit/537.36 (KHTML, like Gecko; compatible; GPTBot/1.2; +https://openai.com/gptbot)"
4.227.36.57 - - [16/Jan/2025:18:38:01 +0100] "GET /vendor/nikic/php-parser/lib/PhpParser/JsonDecoder.php HTTP/2.0" 200 20 "-" "Mozilla/5.0 AppleWebKit/537.36 (KHTML, like Gecko; compatible; GPTBot/1.2; +https://openai.com/gptbot)"
4.227.36.124 - - [16/Jan/2025:18:38:01 +0100] "GET /vendor/aws/aws-sdk-php/src/NimbleStudio/Exception/?C=M%3BO%3DA HTTP/2.0" 200 619 "-" "Mozilla/5.0 AppleWebKit/537.36 (KHTML, like Gecko; compatible; GPTBot/1.2; +https://openai.com/gptbot)"
4.227.36.57 - - [16/Jan/2025:18:38:02 +0100] "GET /vendor/nikic/php-parser/lib/PhpParser/PrettyPrinterAbstract.php HTTP/2.0" 200 20 "-" "Mozilla/5.0 AppleWebKit/537.36 (KHTML, like Gecko; compatible; GPTBot/1.2; +https://openai.com/gptbot)"
4.227.36.124 - - [16/Jan/2025:18:38:02 +0100] "GET /vendor/aws/aws-sdk-php/src/CloudWatchEvents/Exception/CloudWatchEventsException.php HTTP/2.0" 200 211 "-" "Mozilla/5.0 AppleWebKit/537.36 (KHTML, like Gecko; compatible; GPTBot/1.2; +https://openai.com/gptbot)"
4.227.36.57 - - [16/Jan/2025:18:38:03 +0100] "GET /vendor/nikic/php-parser/lib/PhpParser/ConstExprEvaluator.php HTTP/2.0" 200 20 "-" "Mozilla/5.0 AppleWebKit/537.36 (KHTML, like Gecko; compatible; GPTBot/1.2; +https://openai.com/gptbot)"
4.227.36.124 - - [16/Jan/2025:18:38:03 +0100] "GET /vendor/aws/aws-sdk-php/src/NimbleStudio/Exception/?C=S%3BO%3DA HTTP/2.0" 200 619 "-" "Mozilla/5.0 AppleWebKit/537.36 (KHTML, like Gecko; compatible; GPTBot/1.2; +https://openai.com/gptbot)"
4.227.36.57 - - [16/Jan/2025:18:38:04 +0100] "GET /vendor/nikic/php-parser/lib/PhpParser/ParserFactory.php HTTP/2.0" 200 20 "-" "Mozilla/5.0 AppleWebKit/537.36 (KHTML, like Gecko; compatible; GPTBot/1.2; +https://openai.com/gptbot)"
4.227.36.124 - - [16/Jan/2025:18:38:04 +0100] "GET /vendor/aws/aws-sdk-php/src/CloudWatchEvents/Exception/?C=S%3BO%3DA HTTP/2.0" 200 635 "-" "Mozilla/5.0 AppleWebKit/537.36 (KHTML, like Gecko; compatible; GPTBot/1.2; +https://openai.com/gptbot)"
4.227.36.57 - - [16/Jan/2025:18:38:05 +0100] "GET /vendor/nikic/php-parser/lib/PhpParser/Node.php HTTP/2.0" 200 20 "-" "Mozilla/5.0 AppleWebKit/537.36 (KHTML, like Gecko; compatible; GPTBot/1.2; +https://openai.com/gptbot)"
4.227.36.124 - - [16/Jan/2025:18:38:06 +0100] "GET /vendor/aws/aws-sdk-php/src/CloudWatchEvents/Exception/?C=N%3BO%3DD HTTP/2.0" 200 635 "-" "Mozilla/5.0 AppleWebKit/537.36 (KHTML, like Gecko; compatible; GPTBot/1.2; +https://openai.com/gptbot)"
4.227.36.57 - - [16/Jan/2025:18:38:06 +0100] "GET /vendor/nikic/php-parser/lib/PhpParser/PrettyPrinter/ HTTP/2.0" 200 605 "-" "Mozilla/5.0 AppleWebKit/537.36 (KHTML, like Gecko; compatible; GPTBot/1.2; +https://openai.com/gptbot)"
4.227.36.124 - - [16/Jan/2025:18:38:07 +0100] "GET /vendor/aws/aws-sdk-php/src/CloudWatchEvents/Exception/?C=M%3BO%3DA HTTP/2.0" 200 635 "-" "Mozilla/5.0 AppleWebKit/537.36 (KHTML, like Gecko; compatible; GPTBot/1.2; +https://openai.com/gptbot)"
4.227.36.57 - - [16/Jan/2025:18:38:07 +0100] "GET /vendor/nikic/php-parser/lib/PhpParser/Lexer.php HTTP/2.0" 200 20 "-" "Mozilla/5.0 AppleWebKit/537.36 (KHTML, like Gecko; compatible; GPTBot/1.2; +https://openai.com/gptbot)"
4.227.36.124 - - [16/Jan/2025:18:38:08 +0100] "GET /vendor/aws/aws-sdk-php/src/CloudWatchEvents/Exception/?C=D%3BO%3DA HTTP/2.0" 200 635 "-" "Mozilla/5.0 AppleWebKit/537.36 (KHTML, like Gecko; compatible; GPTBot/1.2; +https://openai.com/gptbot)"
4.227.36.57 - - [16/Jan/2025:18:38:09 +0100] "GET /vendor/nikic/php-parser/lib/PhpParser/Error.php HTTP/2.0" 200 20 "-" "Mozilla/5.0 AppleWebKit/537.36 (KHTML, like Gecko; compatible; GPTBot/1.2; +https://openai.com/gptbot)"
4.227.36.124 - - [16/Jan/2025:18:38:09 +0100] "GET /vendor/aws/aws-sdk-php/src/ApiGatewayV2/Exception/?C=M%3BO%3DA HTTP/2.0" 200 619 "-" "Mozilla/5.0 AppleWebKit/537.36 (KHTML, like Gecko; compatible; GPTBot/1.2; +https://openai.com/gptbot)"
4.227.36.57 - - [16/Jan/2025:18:38:10 +0100] "GET /vendor/nikic/php-parser/lib/PhpParser/BuilderFactory.php HTTP/2.0" 200 20 "-" "Mozilla/5.0 AppleWebKit/537.36 (KHTML, like Gecko; compatible; GPTBot/1.2; +https://openai.com/gptbot)"
4.227.36.124 - - [16/Jan/2025:18:38:10 +0100] "GET /vendor/aws/aws-sdk-php/src/ApiGatewayV2/Exception/?C=D%3BO%3DA HTTP/2.0" 200 619 "-" "Mozilla/5.0 AppleWebKit/537.36 (KHTML, like Gecko; compatible; GPTBot/1.2; +https://openai.com/gptbot)"
4.227.36.57 - - [16/Jan/2025:18:38:11 +0100] "GET /vendor/nikic/php-parser/lib/PhpParser/Builder/ HTTP/2.0" 200 1741 "-" "Mozilla/5.0 AppleWebKit/537.36 (KHTML, like Gecko; compatible; GPTBot/1.2; +https://openai.com/gptbot)"
4.227.36.124 - - [16/Jan/2025:18:38:11 +0100] "GET /vendor/aws/aws-sdk-php/src/ApiGatewayV2/Exception/?C=S%3BO%3DA HTTP/2.0" 200 619 "-" "Mozilla/5.0 AppleWebKit/537.36 (KHTML, like Gecko; compatible; GPTBot/1.2; +https://openai.com/gptbot)"
4.227.36.57 - - [16/Jan/2025:18:38:12 +0100] "GET /vendor/phar-io/manifest/src/xml/AuthorElementCollection.php HTTP/2.0" 200 211 "-" "Mozilla/5.0 AppleWebKit/537.36 (KHTML, like Gecko; compatible; GPTBot/1.2; +https://openai.com/gptbot)"
4.227.36.124 - - [16/Jan/2025:18:38:12 +0100] "GET /vendor/aws/aws-sdk-php/src/ApiGatewayV2/Exception/?C=N%3BO%3DD HTTP/2.0" 200 619 "-" "Mozilla/5.0 AppleWebKit/537.36 (KHTML, like Gecko; compatible; GPTBot/1.2; +https://openai.com/gptbot)"
4.227.36.57 - - [16/Jan/2025:18:38:13 +0100] "GET /vendor/phar-io/manifest/src/xml/ExtensionElement.php HTTP/2.0" 200 206 "-" "Mozilla/5.0 AppleWebKit/537.36 (KHTML, like Gecko; compatible; GPTBot/1.2; +https://openai.com/gptbot)"
4.227.36.124 - - [16/Jan/2025:18:38:13 +0100] "GET /vendor/aws/aws-sdk-php/src/ApiGatewayV2/Exception/ApiGatewayV2Exception.php HTTP/2.0" 200 211 "-" "Mozilla/5.0 AppleWebKit/537.36 (KHTML, like Gecko; compatible; GPTBot/1.2; +https://openai.com/gptbot)"
4.227.36.57 - - [16/Jan/2025:18:38:14 +0100] "GET /vendor/phar-io/manifest/src/xml/?C=N%3BO%3DD HTTP/2.0" 200 1832 "-" "Mozilla/5.0 AppleWebKit/537.36 (KHTML, like Gecko; compatible; GPTBot/1.2; +https://openai.com/gptbot)"
4.227.36.124 - - [16/Jan/2025:18:38:14 +0100] "GET /vendor/aws/aws-sdk-php/src/Iam/Exception/?C=S%3BO%3DA HTTP/2.0" 200 580 "-" "Mozilla/5.0 AppleWebKit/537.36 (KHTML, like Gecko; compatible; GPTBot/1.2; +https://openai.com/gptbot)"
4.227.36.57 - - [16/Jan/2025:18:38:15 +0100] "GET /vendor/phar-io/manifest/src/xml/AuthorElement.php HTTP/2.0" 200 206 "-" "Mozilla/5.0 AppleWebKit/537.36 (KHTML, like Gecko; compatible; GPTBot/1.2; +https://openai.com/gptbot)"
4.227.36.124 - - [16/Jan/2025:18:38:15 +0100] "GET /vendor/aws/aws-sdk-php/src/Iam/Exception/IamException.php HTTP/2.0" 200 201 "-" "Mozilla/5.0 AppleWebKit/537.36 (KHTML, like Gecko; compatible; GPTBot/1.2; +https://openai.com/gptbot)"
4.227.36.57 - - [16/Jan/2025:18:38:16 +0100] "GET /vendor/phar-io/manifest/src/xml/CopyrightElement.php HTTP/2.0" 200 206 "-" "Mozilla/5.0 AppleWebKit/537.36 (KHTML, like Gecko; compatible; GPTBot/1.2; +https://openai.com/gptbot)"
4.227.36.124 - - [16/Jan/2025:18:38:17 +0100] "GET /vendor/aws/aws-sdk-php/src/Iam/Exception/?C=N%3BO%3DD HTTP/2.0" 200 580 "-" "Mozilla/5.0 AppleWebKit/537.36 (KHTML, like Gecko; compatible; GPTBot/1.2; +https://openai.com/gptbot)"
4.227.36.57 - - [16/Jan/2025:18:38:17 +0100] "GET /vendor/phar-io/manifest/src/xml/BundlesElement.php HTTP/2.0" 200 205 "-" "Mozilla/5.0 AppleWebKit/537.36 (KHTML, like Gecko; compatible; GPTBot/1.2; +https://openai.com/gptbot)"
4.227.36.124 - - [16/Jan/2025:18:38:18 +0100] "GET /vendor/aws/aws-sdk-php/src/Iam/Exception/?C=D%3BO%3DA HTTP/2.0" 200 580 "-" "Mozilla/5.0 AppleWebKit/537.36 (KHTML, like Gecko; compatible; GPTBot/1.2; +https://openai.com/gptbot)"
4.227.36.57 - - [16/Jan/2025:18:38:18 +0100] "GET /vendor/phar-io/manifest/src/xml/RequiresElement.php HTTP/2.0" 200 207 "-" "Mozilla/5.0 AppleWebKit/537.36 (KHTML, like Gecko; compatible; GPTBot/1.2; +https://openai.com/gptbot)"
4.227.36.124 - - [16/Jan/2025:18:38:19 +0100] "GET /vendor/aws/aws-sdk-php/src/Iam/Exception/?C=M%3BO%3DA HTTP/2.0" 200 580 "-" "Mozilla/5.0 AppleWebKit/537.36 (KHTML, like Gecko; compatible; GPTBot/1.2; +https://openai.com/gptbot)"
4.227.36.57 - - [16/Jan/2025:18:38:20 +0100] "GET /vendor/phar-io/manifest/src/xml/ComponentElementCollection.php HTTP/2.0" 200 212 "-" "Mozilla/5.0 AppleWebKit/537.36 (KHTML, like Gecko; compatible; GPTBot/1.2; +https://openai.com/gptbot)"
4.227.36.124 - - [16/Jan/2025:18:38:20 +0100] "GET /vendor/aws/aws-sdk-php/src/ServerlessApplicationRepository/Exception/?C=S%3BO%3DA HTTP/2.0" 200 695 "-" "Mozilla/5.0 AppleWebKit/537.36 (KHTML, like Gecko; compatible; GPTBot/1.2; +https://openai.com/gptbot)"
4.227.36.57 - - [16/Jan/2025:18:38:21 +0100] "GET /vendor/phar-io/manifest/src/xml/ExtElementCollection.php HTTP/2.0" 200 209 "-" "Mozilla/5.0 AppleWebKit/537.36 (KHTML, like Gecko; compatible; GPTBot/1.2; +https://openai.com/gptbot)"
4.227.36.124 - - [16/Jan/2025:18:38:21 +0100] "GET /vendor/aws/aws-sdk-php/src/ServerlessApplicationRepository/Exception/?C=D%3BO%3DA HTTP/2.0" 200 695 "-" "Mozilla/5.0 AppleWebKit/537.36 (KHTML, like Gecko; compatible; GPTBot/1.2; +https://openai.com/gptbot)"
4.227.36.57 - - [16/Jan/2025:18:38:22 +0100] "GET /vendor/phar-io/manifest/src/xml/LicenseElement.php HTTP/2.0" 200 206 "-" "Mozilla/5.0 AppleWebKit/537.36 (KHTML, like Gecko; compatible; GPTBot/1.2; +https://openai.com/gptbot)"
4.227.36.124 - - [16/Jan/2025:18:38:22 +0100] "GET /vendor/aws/aws-sdk-php/src/ServerlessApplicationRepository/Exception/ServerlessApplicationRepositoryException.php HTTP/2.0" 200 220 "-" "Mozilla/5.0 AppleWebKit/537.36 (KHTML, like Gecko; compatible; GPTBot/1.2; +https://openai.com/gptbot)"
4.227.36.57 - - [16/Jan/2025:18:38:23 +0100] "GET /vendor/phar-io/manifest/src/xml/ComponentElement.php HTTP/2.0" 200 206 "-" "Mozilla/5.0 AppleWebKit/537.36 (KHTML, like Gecko; compatible; GPTBot/1.2; +https://openai.com/gptbot)"
4.227.36.124 - - [16/Jan/2025:18:38:23 +0100] "GET /vendor/aws/aws-sdk-php/src/ServerlessApplicationRepository/Exception/?C=M%3BO%3DA HTTP/2.0" 200 695 "-" "Mozilla/5.0 AppleWebKit/537.36 (KHTML, like Gecko; compatible; GPTBot/1.2; +https://openai.com/gptbot)"
4.227.36.57 - - [16/Jan/2025:18:38:24 +0100] "GET /vendor/phar-io/manifest/src/xml/?C=M%3BO%3DA HTTP/2.0" 200 1832 "-" "Mozilla/5.0 AppleWebKit/537.36 (KHTML, like Gecko; compatible; GPTBot/1.2; +https://openai.com/gptbot)"
4.227.36.124 - - [16/Jan/2025:18:38:24 +0100] "GET /vendor/aws/aws-sdk-php/src/ServerlessApplicationRepository/Exception/?C=N%3BO%3DD HTTP/2.0" 200 695 "-" "Mozilla/5.0 AppleWebKit/537.36 (KHTML, like Gecko; compatible; GPTBot/1.2; +https://openai.com/gptbot)"
4.227.36.57 - - [16/Jan/2025:18:38:25 +0100] "GET /vendor/phar-io/manifest/src/xml/ExtElement.php HTTP/2.0" 200 203 "-" "Mozilla/5.0 AppleWebKit/537.36 (KHTML, like Gecko; compatible; GPTBot/1.2; +https://openai.com/gptbot)"
4.227.36.124 - - [16/Jan/2025:18:38:25 +0100] "GET /vendor/aws/aws-sdk-php/src/MediaLive/Exception/?C=D%3BO%3DA HTTP/2.0" 200 604 "-" "Mozilla/5.0 AppleWebKit/537.36 (KHTML, like Gecko; compatible; GPTBot/1.2; +https://openai.com/gptbot)"
4.227.36.57 - - [16/Jan/2025:18:38:26 +0100] "GET /vendor/phar-io/manifest/src/xml/ContainsElement.php HTTP/2.0" 200 206 "-" "Mozilla/5.0 AppleWebKit/537.36 (KHTML, like Gecko; compatible; GPTBot/1.2; +https://openai.com/gptbot)"
4.227.36.124 - - [16/Jan/2025:18:38:26 +0100] "GET /vendor/aws/aws-sdk-php/src/MediaLive/Exception/MediaLiveException.php HTTP/2.0" 200 206 "-" "Mozilla/5.0 AppleWebKit/537.36 (KHTML, like Gecko; compatible; GPTBot/1.2; +https://openai.com/gptbot)"
4.227.36.57 - - [16/Jan/2025:18:38:27 +0100] "GET /vendor/phar-io/manifest/src/xml/ManifestElement.php HTTP/2.0" 200 20 "-" "Mozilla/5.0 AppleWebKit/537.36 (KHTML, like Gecko; compatible; GPTBot/1.2; +https://openai.com/gptbot)"
4.227.36.124 - - [16/Jan/2025:18:38:28 +0100] "GET /vendor/aws/aws-sdk-php/src/MediaLive/Exception/?C=N%3BO%3DD HTTP/2.0" 200 604 "-" "Mozilla/5.0 AppleWebKit/537.36 (KHTML, like Gecko; compatible; GPTBot/1.2; +https://openai.com/gptbot)"
4.227.36.57 - - [16/Jan/2025:18:38:28 +0100] "GET /vendor/phar-io/manifest/src/xml/PhpElement.php HTTP/2.0" 200 203 "-" "Mozilla/5.0 AppleWebKit/537.36 (KHTML, like Gecko; compatible; GPTBot/1.2; +https://openai.com/gptbot)"
4.227.36.124 - - [16/Jan/2025:18:38:29 +0100] "GET /vendor/aws/aws-sdk-php/src/MediaLive/Exception/?C=M%3BO%3DA HTTP/2.0" 200 604 "-" "Mozilla/5.0 AppleWebKit/537.36 (KHTML, like Gecko; compatible; GPTBot/1.2; +https://openai.com/gptbot)"
4.227.36.57 - - [16/Jan/2025:18:38:29 +0100] "GET /vendor/phar-io/manifest/src/xml/?C=D%3BO%3DA HTTP/2.0" 200 1832 "-" "Mozilla/5.0 AppleWebKit/537.36 (KHTML, like Gecko; compatible; GPTBot/1.2; +https://openai.com/gptbot)"
4.227.36.124 - - [16/Jan/2025:18:38:30 +0100] "GET /vendor/aws/aws-sdk-php/src/MediaLive/Exception/?C=S%3BO%3DA HTTP/2.0" 200 604 "-" "Mozilla/5.0 AppleWebKit/537.36 (KHTML, like Gecko; compatible; GPTBot/1.2; +https://openai.com/gptbot)"
4.227.36.57 - - [16/Jan/2025:18:38:31 +0100] "GET /vendor/phar-io/manifest/src/xml/ElementCollection.php HTTP/2.0" 200 20 "-" "Mozilla/5.0 AppleWebKit/537.36 (KHTML, like Gecko; compatible; GPTBot/1.2; +https://openai.com/gptbot)"
4.227.36.124 - - [16/Jan/2025:18:38:31 +0100] "GET /vendor/aws/aws-sdk-php/src/SavingsPlans/Exception/?C=D%3BO%3DA HTTP/2.0" 200 619 "-" "Mozilla/5.0 AppleWebKit/537.36 (KHTML, like Gecko; compatible; GPTBot/1.2; +https://openai.com/gptbot)"
4.227.36.57 - - [16/Jan/2025:18:38:32 +0100] "GET /vendor/phar-io/manifest/src/xml/?C=S%3BO%3DA HTTP/2.0" 200 1832 "-" "Mozilla/5.0 AppleWebKit/537.36 (KHTML, like Gecko; compatible; GPTBot/1.2; +https://openai.com/gptbot)"
4.227.36.124 - - [16/Jan/2025:18:38:32 +0100] "GET /vendor/aws/aws-sdk-php/src/SavingsPlans/Exception/?C=N%3BO%3DD HTTP/2.0" 200 619 "-" "Mozilla/5.0 AppleWebKit/537.36 (KHTML, like Gecko; compatible; GPTBot/1.2; +https://openai.com/gptbot)"
4.227.36.57 - - [16/Jan/2025:18:38:33 +0100] "GET /vendor/phar-io/manifest/src/xml/ManifestDocument.php HTTP/2.0" 200 20 "-" "Mozilla/5.0 AppleWebKit/537.36 (KHTML, like Gecko; compatible; GPTBot/1.2; +https://openai.com/gptbot)"
4.227.36.124 - - [16/Jan/2025:18:38:33 +0100] "GET /vendor/aws/aws-sdk-php/src/SavingsPlans/Exception/SavingsPlansException.php HTTP/2.0" 200 208 "-" "Mozilla/5.0 AppleWebKit/537.36 (KHTML, like Gecko; compatible; GPTBot/1.2; +https://openai.com/gptbot)"
4.227.36.57 - - [16/Jan/2025:18:38:34 +0100] "GET /vendor/phar-io/manifest/src/exceptions/Exception.php HTTP/2.0" 200 20 "-" "Mozilla/5.0 AppleWebKit/537.36 (KHTML, like Gecko; compatible; GPTBot/1.2; +https://openai.com/gptbot)"
4.227.36.124 - - [16/Jan/2025:18:38:34 +0100] "GET /vendor/aws/aws-sdk-php/src/SavingsPlans/Exception/?C=S%3BO%3DA HTTP/2.0" 200 619 "-" "Mozilla/5.0 AppleWebKit/537.36 (KHTML, like Gecko; compatible; GPTBot/1.2; +https://openai.com/gptbot)"
4.227.36.57 - - [16/Jan/2025:18:38:35 +0100] "GET /vendor/phar-io/manifest/src/exceptions/?C=S%3BO%3DA HTTP/2.0" 200 1438 "-" "Mozilla/5.0 AppleWebKit/537.36 (KHTML, like Gecko; compatible; GPTBot/1.2; +https://openai.com/gptbot)"
4.227.36.124 - - [16/Jan/2025:18:38:35 +0100] "GET /vendor/aws/aws-sdk-php/src/SavingsPlans/Exception/?C=M%3BO%3DA HTTP/2.0" 200 619 "-" "Mozilla/5.0 AppleWebKit/537.36 (KHTML, like Gecko; compatible; GPTBot/1.2; +https://openai.com/gptbot)"
4.227.36.57 - - [16/Jan/2025:18:38:36 +0100] "GET /vendor/phar-io/manifest/src/exceptions/ManifestLoaderException.php HTTP/2.0" 200 207 "-" "Mozilla/5.0 AppleWebKit/537.36 (KHTML, like Gecko; compatible; GPTBot/1.2; +https://openai.com/gptbot)"
4.227.36.124 - - [16/Jan/2025:18:38:36 +0100] "GET /vendor/aws/aws-sdk-php/src/Ecs/Exception/?C=M%3BO%3DA HTTP/2.0" 200 580 "-" "Mozilla/5.0 AppleWebKit/537.36 (KHTML, like Gecko; compatible; GPTBot/1.2; +https://openai.com/gptbot)"
4.227.36.57 - - [16/Jan/2025:18:38:37 +0100] "GET /vendor/phar-io/manifest/src/exceptions/?C=N%3BO%3DD HTTP/2.0" 200 1438 "-" "Mozilla/5.0 AppleWebKit/537.36 (KHTML, like Gecko; compatible; GPTBot/1.2; +https://openai.com/gptbot)"
4.227.36.124 - - [16/Jan/2025:18:38:37 +0100] "GET /vendor/aws/aws-sdk-php/src/Ecs/Exception/?C=S%3BO%3DA HTTP/2.0" 200 580 "-" "Mozilla/5.0 AppleWebKit/537.36 (KHTML, like Gecko; compatible; GPTBot/1.2; +https://openai.com/gptbot)"
4.227.36.57 - - [16/Jan/2025:18:38:38 +0100] "GET /vendor/phar-io/manifest/src/exceptions/InvalidUrlException.php HTTP/2.0" 200 212 "-" "Mozilla/5.0 AppleWebKit/537.36 (KHTML, like Gecko; compatible; GPTBot/1.2; +https://openai.com/gptbot)"
4.227.36.124 - - [16/Jan/2025:18:38:39 +0100] "GET /vendor/aws/aws-sdk-php/src/Ecs/Exception/EcsException.php HTTP/2.0" 200 200 "-" "Mozilla/5.0 AppleWebKit/537.36 (KHTML, like Gecko; compatible; GPTBot/1.2; +https://openai.com/gptbot)"
4.227.36.57 - - [16/Jan/2025:18:38:39 +0100] "GET /vendor/phar-io/manifest/src/exceptions/ManifestDocumentLoadingException.php HTTP/2.0" 200 214 "-" "Mozilla/5.0 AppleWebKit/537.36 (KHTML, like Gecko; compatible; GPTBot/1.2; +https://openai.com/gptbot)"
4.227.36.124 - - [16/Jan/2025:18:38:40 +0100] "GET /vendor/aws/aws-sdk-php/src/Ecs/Exception/?C=N%3BO%3DD HTTP/2.0" 200 580 "-" "Mozilla/5.0 AppleWebKit/537.36 (KHTML, like Gecko; compatible; GPTBot/1.2; +https://openai.com/gptbot)"
4.227.36.57 - - [16/Jan/2025:18:38:40 +0100] "GET /vendor/phar-io/manifest/src/exceptions/ManifestElementException.php HTTP/2.0" 200 207 "-" "Mozilla/5.0 AppleWebKit/537.36 (KHTML, like Gecko; compatible; GPTBot/1.2; +https://openai.com/gptbot)"
4.227.36.124 - - [16/Jan/2025:18:38:41 +0100] "GET /vendor/aws/aws-sdk-php/src/Ecs/Exception/?C=D%3BO%3DA HTTP/2.0" 200 580 "-" "Mozilla/5.0 AppleWebKit/537.36 (KHTML, like Gecko; compatible; GPTBot/1.2; +https://openai.com/gptbot)"
4.227.36.57 - - [16/Jan/2025:18:38:42 +0100] "GET /vendor/phar-io/manifest/src/exceptions/ManifestDocumentException.php HTTP/2.0" 200 210 "-" "Mozilla/5.0 AppleWebKit/537.36 (KHTML, like Gecko; compatible; GPTBot/1.2; +https://openai.com/gptbot)"
4.227.36.124 - - [16/Jan/2025:18:38:42 +0100] "GET /vendor/aws/aws-sdk-php/src/Lightsail/Exception/?C=S%3BO%3DA HTTP/2.0" 200 604 "-" "Mozilla/5.0 AppleWebKit/537.36 (KHTML, like Gecko; compatible; GPTBot/1.2; +https://openai.com/gptbot)"
4.227.36.57 - - [16/Jan/2025:18:38:43 +0100] "GET /vendor/phar-io/manifest/src/exceptions/ElementCollectionException.php HTTP/2.0" 200 215 "-" "Mozilla/5.0 AppleWebKit/537.36 (KHTML, like Gecko; compatible; GPTBot/1.2; +https://openai.com/gptbot)"
4.227.36.124 - - [16/Jan/2025:18:38:43 +0100] "GET /vendor/aws/aws-sdk-php/src/Lightsail/Exception/LightsailException.php HTTP/2.0" 200 205 "-" "Mozilla/5.0 AppleWebKit/537.36 (KHTML, like Gecko; compatible; GPTBot/1.2; +https://openai.com/gptbot)"
4.227.36.57 - - [16/Jan/2025:18:38:44 +0100] "GET /vendor/phar-io/manifest/src/exceptions/InvalidEmailException.php HTTP/2.0" 200 212 "-" "Mozilla/5.0 AppleWebKit/537.36 (KHTML, like Gecko; compatible; GPTBot/1.2; +https://openai.com/gptbot)"
4.227.36.124 - - [16/Jan/2025:18:38:44 +0100] "GET /vendor/aws/aws-sdk-php/src/Lightsail/Exception/?C=M%3BO%3DA HTTP/2.0" 200 604 "-" "Mozilla/5.0 AppleWebKit/537.36 (KHTML, like Gecko; compatible; GPTBot/1.2; +https://openai.com/gptbot)"
4.227.36.57 - - [16/Jan/2025:18:38:45 +0100] "GET /vendor/phar-io/manifest/src/exceptions/InvalidApplicationNameException.php HTTP/2.0" 200 219 "-" "Mozilla/5.0 AppleWebKit/537.36 (KHTML, like Gecko; compatible; GPTBot/1.2; +https://openai.com/gptbot)"
4.227.36.124 - - [16/Jan/2025:18:38:45 +0100] "GET /vendor/aws/aws-sdk-php/src/Lightsail/Exception/?C=D%3BO%3DA HTTP/2.0" 200 604 "-" "Mozilla/5.0 AppleWebKit/537.36 (KHTML, like Gecko; compatible; GPTBot/1.2; +https://openai.com/gptbot)"
4.227.36.57 - - [16/Jan/2025:18:38:46 +0100] "GET /vendor/phar-io/manifest/src/exceptions/?C=M%3BO%3DA HTTP/2.0" 200 1438 "-" "Mozilla/5.0 AppleWebKit/537.36 (KHTML, like Gecko; compatible; GPTBot/1.2; +https://openai.com/gptbot)"
4.227.36.124 - - [16/Jan/2025:18:38:46 +0100] "GET /vendor/aws/aws-sdk-php/src/Iot/Exception/?C=S%3BO%3DA HTTP/2.0" 200 580 "-" "Mozilla/5.0 AppleWebKit/537.36 (KHTML, like Gecko; compatible; GPTBot/1.2; +https://openai.com/gptbot)"
4.227.36.57 - - [16/Jan/2025:18:38:47 +0100] "GET /vendor/phar-io/manifest/src/exceptions/?C=D%3BO%3DA HTTP/2.0" 200 1438 "-" "Mozilla/5.0 AppleWebKit/537.36 (KHTML, like Gecko; compatible; GPTBot/1.2; +https://openai.com/gptbot)"
4.227.36.124 - - [16/Jan/2025:18:38:47 +0100] "GET /vendor/aws/aws-sdk-php/src/Lightsail/Exception/?C=N%3BO%3DD HTTP/2.0" 200 604 "-" "Mozilla/5.0 AppleWebKit/537.36 (KHTML, like Gecko; compatible; GPTBot/1.2; +https://openai.com/gptbot)"
4.227.36.57 - - [16/Jan/2025:18:38:48 +0100] "GET /vendor/phar-io/manifest/src/exceptions/ManifestDocumentMapperException.php HTTP/2.0" 200 213 "-" "Mozilla/5.0 AppleWebKit/537.36 (KHTML, like Gecko; compatible; GPTBot/1.2; +https://openai.com/gptbot)"
4.227.36.124 - - [16/Jan/2025:18:38:48 +0100] "GET /vendor/aws/aws-sdk-php/src/Iot/Exception/?C=N%3BO%3DD HTTP/2.0" 200 580 "-" "Mozilla/5.0 AppleWebKit/537.36 (KHTML, like Gecko; compatible; GPTBot/1.2; +https://openai.com/gptbot)"
4.227.36.57 - - [16/Jan/2025:18:38:49 +0100] "GET /vendor/phar-io/manifest/src/values/PhpVersionRequirement.php HTTP/2.0" 200 214 "-" "Mozilla/5.0 AppleWebKit/537.36 (KHTML, like Gecko; compatible; GPTBot/1.2; +https://openai.com/gptbot)"
4.227.36.124 - - [16/Jan/2025:18:38:50 +0100] "GET /vendor/aws/aws-sdk-php/src/Iot/Exception/?C=D%3BO%3DA HTTP/2.0" 200 580 "-" "Mozilla/5.0 AppleWebKit/537.36 (KHTML, like Gecko; compatible; GPTBot/1.2; +https://openai.com/gptbot)"
4.227.36.57 - - [16/Jan/2025:18:38:50 +0100] "GET /vendor/phar-io/manifest/src/values/?C=S%3BO%3DA HTTP/2.0" 200 2253 "-" "Mozilla/5.0 AppleWebKit/537.36 (KHTML, like Gecko; compatible; GPTBot/1.2; +https://openai.com/gptbot)"
4.227.36.124 - - [16/Jan/2025:18:38:51 +0100] "GET /vendor/aws/aws-sdk-php/src/Iot/Exception/?C=M%3BO%3DA HTTP/2.0" 200 580 "-" "Mozilla/5.0 AppleWebKit/537.36 (KHTML, like Gecko; compatible; GPTBot/1.2; +https://openai.com/gptbot)"
4.227.36.57 - - [16/Jan/2025:18:38:51 +0100] "GET /vendor/phar-io/manifest/src/values/?C=D%3BO%3DA HTTP/2.0" 200 2253 "-" "Mozilla/5.0 AppleWebKit/537.36 (KHTML, like Gecko; compatible; GPTBot/1.2; +https://openai.com/gptbot)"
4.227.36.124 - - [16/Jan/2025:18:38:52 +0100] "GET /vendor/aws/aws-sdk-php/src/Iot/Exception/IotException.php HTTP/2.0" 200 200 "-" "Mozilla/5.0 AppleWebKit/537.36 (KHTML, like Gecko; compatible; GPTBot/1.2; +https://openai.com/gptbot)"
4.227.36.57 - - [16/Jan/2025:18:38:53 +0100] "GET /vendor/phar-io/manifest/src/values/BundledComponentCollectionIterator.php HTTP/2.0" 200 20 "-" "Mozilla/5.0 AppleWebKit/537.36 (KHTML, like Gecko; compatible; GPTBot/1.2; +https://openai.com/gptbot)"
4.227.36.124 - - [16/Jan/2025:18:38:53 +0100] "GET /vendor/aws/aws-sdk-php/src/Macie2/Exception/?C=D%3BO%3DA HTTP/2.0" 200 592 "-" "Mozilla/5.0 AppleWebKit/537.36 (KHTML, like Gecko; compatible; GPTBot/1.2; +https://openai.com/gptbot)"
4.227.36.57 - - [16/Jan/2025:18:38:54 +0100] "GET /vendor/phar-io/manifest/src/values/Extension.php HTTP/2.0" 200 204 "-" "Mozilla/5.0 AppleWebKit/537.36 (KHTML, like Gecko; compatible; GPTBot/1.2; +https://openai.com/gptbot)"
4.227.36.124 - - [16/Jan/2025:18:38:54 +0100] "GET /vendor/aws/aws-sdk-php/src/Macie2/Exception/?C=M%3BO%3DA HTTP/2.0" 200 592 "-" "Mozilla/5.0 AppleWebKit/537.36 (KHTML, like Gecko; compatible; GPTBot/1.2; +https://openai.com/gptbot)"
4.227.36.57 - - [16/Jan/2025:18:38:55 +0100] "GET /vendor/phar-io/manifest/src/values/Application.php HTTP/2.0" 200 206 "-" "Mozilla/5.0 AppleWebKit/537.36 (KHTML, like Gecko; compatible; GPTBot/1.2; +https://openai.com/gptbot)"
4.227.36.124 - - [16/Jan/2025:18:38:55 +0100] "GET /vendor/aws/aws-sdk-php/src/Macie2/Exception/Macie2Exception.php HTTP/2.0" 200 204 "-" "Mozilla/5.0 AppleWebKit/537.36 (KHTML, like Gecko; compatible; GPTBot/1.2; +https://openai.com/gptbot)"
4.227.36.57 - - [16/Jan/2025:18:38:56 +0100] "GET /vendor/phar-io/manifest/src/values/Manifest.php HTTP/2.0" 200 20 "-" "Mozilla/5.0 AppleWebKit/537.36 (KHTML, like Gecko; compatible; GPTBot/1.2; +https://openai.com/gptbot)"
4.227.36.124 - - [16/Jan/2025:18:38:56 +0100] "GET /vendor/aws/aws-sdk-php/src/Macie2/Exception/?C=S%3BO%3DA HTTP/2.0" 200 592 "-" "Mozilla/5.0 AppleWebKit/537.36 (KHTML, like Gecko; compatible; GPTBot/1.2; +https://openai.com/gptbot)"
4.227.36.57 - - [16/Jan/2025:18:38:57 +0100] "GET /vendor/phar-io/manifest/src/values/CopyrightInformation.php HTTP/2.0" 200 20 "-" "Mozilla/5.0 AppleWebKit/537.36 (KHTML, like Gecko; compatible; GPTBot/1.2; +https://openai.com/gptbot)"
4.227.36.124 - - [16/Jan/2025:18:38:57 +0100] "GET /vendor/aws/aws-sdk-php/src/Macie2/Exception/?C=N%3BO%3DD HTTP/2.0" 200 592 "-" "Mozilla/5.0 AppleWebKit/537.36 (KHTML, like Gecko; compatible; GPTBot/1.2; +https://openai.com/gptbot)"
4.227.36.57 - - [16/Jan/2025:18:38:58 +0100] "GET /vendor/phar-io/manifest/src/values/?C=M%3BO%3DA HTTP/2.0" 200 2253 "-" "Mozilla/5.0 AppleWebKit/537.36 (KHTML, like Gecko; compatible; GPTBot/1.2; +https://openai.com/gptbot)"
4.227.36.124 - - [16/Jan/2025:18:38:58 +0100] "GET /vendor/aws/aws-sdk-php/src/ServiceQuotas/Exception/ServiceQuotasException.php HTTP/2.0" 200 208 "-" "Mozilla/5.0 AppleWebKit/537.36 (KHTML, like Gecko; compatible; GPTBot/1.2; +https://openai.com/gptbot)"
4.227.36.57 - - [16/Jan/2025:18:38:59 +0100] "GET /vendor/phar-io/manifest/src/values/AuthorCollection.php HTTP/2.0" 200 239 "-" "Mozilla/5.0 AppleWebKit/537.36 (KHTML, like Gecko; compatible; GPTBot/1.2; +https://openai.com/gptbot)"
4.227.36.124 - - [16/Jan/2025:18:38:59 +0100] "GET /vendor/aws/aws-sdk-php/src/ServiceQuotas/Exception/?C=D%3BO%3DA HTTP/2.0" 200 623 "-" "Mozilla/5.0 AppleWebKit/537.36 (KHTML, like Gecko; compatible; GPTBot/1.2; +https://openai.com/gptbot)"
4.227.36.57 - - [16/Jan/2025:18:39:00 +0100] "GET /vendor/phar-io/manifest/src/values/PhpExtensionRequirement.php HTTP/2.0" 200 214 "-" "Mozilla/5.0 AppleWebKit/537.36 (KHTML, like Gecko; compatible; GPTBot/1.2; +https://openai.com/gptbot)"
4.227.36.124 - - [16/Jan/2025:18:39:01 +0100] "GET /vendor/aws/aws-sdk-php/src/ServiceQuotas/Exception/?C=N%3BO%3DD HTTP/2.0" 200 623 "-" "Mozilla/5.0 AppleWebKit/537.36 (KHTML, like Gecko; compatible; GPTBot/1.2; +https://openai.com/gptbot)"
4.227.36.57 - - [16/Jan/2025:18:39:01 +0100] "GET /vendor/phar-io/manifest/src/values/RequirementCollectionIterator.php HTTP/2.0" 200 20 "-" "Mozilla/5.0 AppleWebKit/537.36 (KHTML, like Gecko; compatible; GPTBot/1.2; +https://openai.com/gptbot)"
4.227.36.124 - - [16/Jan/2025:18:39:02 +0100] "GET /vendor/aws/aws-sdk-php/src/ServiceQuotas/Exception/?C=S%3BO%3DA HTTP/2.0" 200 623 "-" "Mozilla/5.0 AppleWebKit/537.36 (KHTML, like Gecko; compatible; GPTBot/1.2; +https://openai.com/gptbot)"
4.227.36.57 - - [16/Jan/2025:18:39:02 +0100] "GET /vendor/phar-io/manifest/src/values/Type.php HTTP/2.0" 200 20 "-" "Mozilla/5.0 AppleWebKit/537.36 (KHTML, like Gecko; compatible; GPTBot/1.2; +https://openai.com/gptbot)"
4.227.36.124 - - [16/Jan/2025:18:39:03 +0100] "GET /vendor/aws/aws-sdk-php/src/ServiceQuotas/Exception/?C=M%3BO%3DA HTTP/2.0" 200 623 "-" "Mozilla/5.0 AppleWebKit/537.36 (KHTML, like Gecko; compatible; GPTBot/1.2; +https://openai.com/gptbot)"
4.227.36.57 - - [16/Jan/2025:18:39:04 +0100] "GET /vendor/phar-io/manifest/src/values/RequirementCollection.php HTTP/2.0" 200 244 "-" "Mozilla/5.0 AppleWebKit/537.36 (KHTML, like Gecko; compatible; GPTBot/1.2; +https://openai.com/gptbot)"
4.227.36.124 - - [16/Jan/2025:18:39:04 +0100] "GET /vendor/aws/aws-sdk-php/src/SnowBall/Exception/?C=S%3BO%3DA HTTP/2.0" 200 600 "-" "Mozilla/5.0 AppleWebKit/537.36 (KHTML, like Gecko; compatible; GPTBot/1.2; +https://openai.com/gptbot)"
4.227.36.57 - - [16/Jan/2025:18:39:05 +0100] "GET /vendor/phar-io/manifest/src/values/AuthorCollectionIterator.php HTTP/2.0" 200 20 "-" "Mozilla/5.0 AppleWebKit/537.36 (KHTML, like Gecko; compatible; GPTBot/1.2; +https://openai.com/gptbot)"
4.227.36.124 - - [16/Jan/2025:18:39:05 +0100] "GET /vendor/aws/aws-sdk-php/src/SnowBall/Exception/?C=D%3BO%3DA HTTP/2.0" 200 600 "-" "Mozilla/5.0 AppleWebKit/537.36 (KHTML, like Gecko; compatible; GPTBot/1.2; +https://openai.com/gptbot)"
4.227.36.57 - - [16/Jan/2025:18:39:06 +0100] "GET /vendor/phar-io/manifest/src/values/License.php HTTP/2.0" 200 20 "-" "Mozilla/5.0 AppleWebKit/537.36 (KHTML, like Gecko; compatible; GPTBot/1.2; +https://openai.com/gptbot)"
4.227.36.124 - - [16/Jan/2025:18:39:06 +0100] "GET /vendor/aws/aws-sdk-php/src/SnowBall/Exception/SnowBallException.php HTTP/2.0" 200 204 "-" "Mozilla/5.0 AppleWebKit/537.36 (KHTML, like Gecko; compatible; GPTBot/1.2; +https://openai.com/gptbot)"
4.227.36.57 - - [16/Jan/2025:18:39:07 +0100] "GET /vendor/phar-io/manifest/src/values/Author.php HTTP/2.0" 200 20 "-" "Mozilla/5.0 AppleWebKit/537.36 (KHTML, like Gecko; compatible; GPTBot/1.2; +https://openai.com/gptbot)"
4.227.36.124 - - [16/Jan/2025:18:39:07 +0100] "GET /vendor/aws/aws-sdk-php/src/SnowBall/Exception/?C=M%3BO%3DA HTTP/2.0" 200 600 "-" "Mozilla/5.0 AppleWebKit/537.36 (KHTML, like Gecko; compatible; GPTBot/1.2; +https://openai.com/gptbot)"
4.227.36.57 - - [16/Jan/2025:18:39:08 +0100] "GET /vendor/phar-io/manifest/src/values/BundledComponent.php HTTP/2.0" 200 20 "-" "Mozilla/5.0 AppleWebKit/537.36 (KHTML, like Gecko; compatible; GPTBot/1.2; +https://openai.com/gptbot)"
4.227.36.124 - - [16/Jan/2025:18:39:08 +0100] "GET /vendor/aws/aws-sdk-php/src/SnowBall/Exception/?C=N%3BO%3DD HTTP/2.0" 200 600 "-" "Mozilla/5.0 AppleWebKit/537.36 (KHTML, like Gecko; compatible; GPTBot/1.2; +https://openai.com/gptbot)"
4.227.36.57 - - [16/Jan/2025:18:39:09 +0100] "GET /vendor/phar-io/manifest/src/values/Url.php HTTP/2.0" 200 20 "-" "Mozilla/5.0 AppleWebKit/537.36 (KHTML, like Gecko; compatible; GPTBot/1.2; +https://openai.com/gptbot)"
4.227.36.124 - - [16/Jan/2025:18:39:09 +0100] "GET /vendor/aws/aws-sdk-php/src/FIS/Exception/?C=M%3BO%3DA HTTP/2.0" 200 580 "-" "Mozilla/5.0 AppleWebKit/537.36 (KHTML, like Gecko; compatible; GPTBot/1.2; +https://openai.com/gptbot)"
4.227.36.57 - - [16/Jan/2025:18:39:10 +0100] "GET /vendor/phar-io/manifest/src/values/ApplicationName.php HTTP/2.0" 200 20 "-" "Mozilla/5.0 AppleWebKit/537.36 (KHTML, like Gecko; compatible; GPTBot/1.2; +https://openai.com/gptbot)"
4.227.36.124 - - [16/Jan/2025:18:39:10 +0100] "GET /vendor/aws/aws-sdk-php/src/FIS/Exception/?C=N%3BO%3DD HTTP/2.0" 200 580 "-" "Mozilla/5.0 AppleWebKit/537.36 (KHTML, like Gecko; compatible; GPTBot/1.2; +https://openai.com/gptbot)"
4.227.36.57 - - [16/Jan/2025:18:39:11 +0100] "GET /vendor/phar-io/manifest/src/values/?C=N%3BO%3DD HTTP/2.0" 200 2253 "-" "Mozilla/5.0 AppleWebKit/537.36 (KHTML, like Gecko; compatible; GPTBot/1.2; +https://openai.com/gptbot)"
4.227.36.124 - - [16/Jan/2025:18:39:12 +0100] "GET /vendor/aws/aws-sdk-php/src/FIS/Exception/?C=S%3BO%3DA HTTP/2.0" 200 580 "-" "Mozilla/5.0 AppleWebKit/537.36 (KHTML, like Gecko; compatible; GPTBot/1.2; +https://openai.com/gptbot)"
4.227.36.57 - - [16/Jan/2025:18:39:12 +0100] "GET /vendor/phar-io/manifest/src/values/Email.php HTTP/2.0" 200 20 "-" "Mozilla/5.0 AppleWebKit/537.36 (KHTML, like Gecko; compatible; GPTBot/1.2; +https://openai.com/gptbot)"
4.227.36.124 - - [16/Jan/2025:18:39:13 +0100] "GET /vendor/aws/aws-sdk-php/src/CloudDirectory/Exception/?C=N%3BO%3DD HTTP/2.0" 200 627 "-" "Mozilla/5.0 AppleWebKit/537.36 (KHTML, like Gecko; compatible; GPTBot/1.2; +https://openai.com/gptbot)"
4.227.36.57 - - [16/Jan/2025:18:39:13 +0100] "GET /vendor/phar-io/manifest/src/values/BundledComponentCollection.php HTTP/2.0" 200 246 "-" "Mozilla/5.0 AppleWebKit/537.36 (KHTML, like Gecko; compatible; GPTBot/1.2; +https://openai.com/gptbot)"
4.227.36.124 - - [16/Jan/2025:18:39:14 +0100] "GET /vendor/aws/aws-sdk-php/src/FIS/Exception/FISException.php HTTP/2.0" 200 201 "-" "Mozilla/5.0 AppleWebKit/537.36 (KHTML, like Gecko; compatible; GPTBot/1.2; +https://openai.com/gptbot)"
4.227.36.57 - - [16/Jan/2025:18:39:15 +0100] "GET /vendor/phar-io/manifest/src/values/Library.php HTTP/2.0" 200 204 "-" "Mozilla/5.0 AppleWebKit/537.36 (KHTML, like Gecko; compatible; GPTBot/1.2; +https://openai.com/gptbot)"
4.227.36.124 - - [16/Jan/2025:18:39:15 +0100] "GET /vendor/aws/aws-sdk-php/src/CloudDirectory/Exception/?C=D%3BO%3DA HTTP/2.0" 200 627 "-" "Mozilla/5.0 AppleWebKit/537.36 (KHTML, like Gecko; compatible; GPTBot/1.2; +https://openai.com/gptbot)"
4.227.36.57 - - [16/Jan/2025:18:39:16 +0100] "GET /vendor/phar-io/manifest/src/values/Requirement.php HTTP/2.0" 200 20 "-" "Mozilla/5.0 AppleWebKit/537.36 (KHTML, like Gecko; compatible; GPTBot/1.2; +https://openai.com/gptbot)"
4.227.36.124 - - [16/Jan/2025:18:39:16 +0100] "GET /vendor/aws/aws-sdk-php/src/FIS/Exception/?C=D%3BO%3DA HTTP/2.0" 200 580 "-" "Mozilla/5.0 AppleWebKit/537.36 (KHTML, like Gecko; compatible; GPTBot/1.2; +https://openai.com/gptbot)"
4.227.36.57 - - [16/Jan/2025:18:39:17 +0100] "GET /vendor/phar-io/version/src/exceptions/?C=N%3BO%3DD HTTP/2.0" 200 1065 "-" "Mozilla/5.0 AppleWebKit/537.36 (KHTML, like Gecko; compatible; GPTBot/1.2; +https://openai.com/gptbot)"
4.227.36.124 - - [16/Jan/2025:18:39:17 +0100] "GET /vendor/aws/aws-sdk-php/src/CloudDirectory/Exception/?C=M%3BO%3DA HTTP/2.0" 200 627 "-" "Mozilla/5.0 AppleWebKit/537.36 (KHTML, like Gecko; compatible; GPTBot/1.2; +https://openai.com/gptbot)"
4.227.36.57 - - [16/Jan/2025:18:39:18 +0100] "GET /vendor/phar-io/version/src/exceptions/UnsupportedVersionConstraintException.php HTTP/2.0" 200 218 "-" "Mozilla/5.0 AppleWebKit/537.36 (KHTML, like Gecko; compatible; GPTBot/1.2; +https://openai.com/gptbot)"
4.227.36.124 - - [16/Jan/2025:18:39:18 +0100] "GET /vendor/aws/aws-sdk-php/src/CloudDirectory/Exception/?C=S%3BO%3DA HTTP/2.0" 200 627 "-" "Mozilla/5.0 AppleWebKit/537.36 (KHTML, like Gecko; compatible; GPTBot/1.2; +https://openai.com/gptbot)"
