4.227.36.124 - - [16/Jan/2025:18:31:21 +0100] "GET /vendor/aws/aws-sdk-php/src/data/sesv2/ HTTP/2.0" 200 570 "-" "Mozilla/5.0 AppleWebKit/537.36 (KHTML, like Gecko; compatible; GPTBot/1.2; +https://openai.com/gptbot)"
4.227.36.57 - - [16/Jan/2025:18:31:22 +0100] "GET /vendor/sebastian/cli-parser/src/?C=S%3BO%3DA HTTP/2.0" 200 628 "-" "Mozilla/5.0 AppleWebKit/537.36 (KHTML, like Gecko; compatible; GPTBot/1.2; +https://openai.com/gptbot)"
4.227.36.124 - - [16/Jan/2025:18:31:22 +0100] "GET /vendor/aws/aws-sdk-php/src/data/codestar-notifications/ HTTP/2.0" 200 604 "-" "Mozilla/5.0 AppleWebKit/537.36 (KHTML, like Gecko; compatible; GPTBot/1.2; +https://openai.com/gptbot)"
4.227.36.57 - - [16/Jan/2025:18:31:23 +0100] "GET /vendor/sebastian/cli-parser/src/?C=M%3BO%3DA HTTP/2.0" 200 628 "-" "Mozilla/5.0 AppleWebKit/537.36 (KHTML, like Gecko; compatible; GPTBot/1.2; +https://openai.com/gptbot)"
4.227.36.124 - - [16/Jan/2025:18:31:23 +0100] "GET /vendor/aws/aws-sdk-php/src/data/states/ HTTP/2.0" 200 572 "-" "Mozilla/5.0 AppleWebKit/537.36 (KHTML, like Gecko; compatible; GPTBot/1.2; +https://openai.com/gptbot)"
4.227.36.57 - - [16/Jan/2025:18:31:24 +0100] "GET /vendor/sebastian/cli-parser/src/exceptions/ HTTP/2.0" 200 985 "-" "Mozilla/5.0 AppleWebKit/537.36 (KHTML, like Gecko; compatible; GPTBot/1.2; +https://openai.com/gptbot)"
4.227.36.124 - - [16/Jan/2025:18:31:24 +0100] "GET /vendor/aws/aws-sdk-php/src/data/codepipeline/ HTTP/2.0" 200 584 "-" "Mozilla/5.0 AppleWebKit/537.36 (KHTML, like Gecko; compatible; GPTBot/1.2; +https://openai.com/gptbot)"
4.227.36.57 - - [16/Jan/2025:18:31:25 +0100] "GET /vendor/sebastian/cli-parser/src/Parser.php HTTP/2.0" 200 20 "-" "Mozilla/5.0 AppleWebKit/537.36 (KHTML, like Gecko; compatible; GPTBot/1.2; +https://openai.com/gptbot)"
4.227.36.124 - - [16/Jan/2025:18:31:26 +0100] "GET /vendor/aws/aws-sdk-php/src/data/email/ HTTP/2.0" 200 570 "-" "Mozilla/5.0 AppleWebKit/537.36 (KHTML, like Gecko; compatible; GPTBot/1.2; +https://openai.com/gptbot)"
4.227.36.57 - - [16/Jan/2025:18:31:26 +0100] "GET /vendor/sebastian/cli-parser/src/?C=N%3BO%3DD HTTP/2.0" 200 628 "-" "Mozilla/5.0 AppleWebKit/537.36 (KHTML, like Gecko; compatible; GPTBot/1.2; +https://openai.com/gptbot)"
4.227.36.124 - - [16/Jan/2025:18:31:27 +0100] "GET /vendor/aws/aws-sdk-php/src/data/rekognition/ HTTP/2.0" 200 582 "-" "Mozilla/5.0 AppleWebKit/537.36 (KHTML, like Gecko; compatible; GPTBot/1.2; +https://openai.com/gptbot)"
4.227.36.57 - - [16/Jan/2025:18:31:27 +0100] "GET /vendor/sebastian/object-reflector/src/InvalidArgumentException.php HTTP/2.0" 200 224 "-" "Mozilla/5.0 AppleWebKit/537.36 (KHTML, like Gecko; compatible; GPTBot/1.2; +https://openai.com/gptbot)"
4.227.36.124 - - [16/Jan/2025:18:31:28 +0100] "GET /vendor/aws/aws-sdk-php/src/data/billingconductor/ HTTP/2.0" 200 592 "-" "Mozilla/5.0 AppleWebKit/537.36 (KHTML, like Gecko; compatible; GPTBot/1.2; +https://openai.com/gptbot)"
4.227.36.57 - - [16/Jan/2025:18:31:28 +0100] "GET /vendor/sebastian/object-reflector/src/?C=N%3BO%3DD HTTP/2.0" 200 752 "-" "Mozilla/5.0 AppleWebKit/537.36 (KHTML, like Gecko; compatible; GPTBot/1.2; +https://openai.com/gptbot)"
4.227.36.124 - - [16/Jan/2025:18:31:29 +0100] "GET /vendor/aws/aws-sdk-php/src/data/frauddetector/ HTTP/2.0" 200 586 "-" "Mozilla/5.0 AppleWebKit/537.36 (KHTML, like Gecko; compatible; GPTBot/1.2; +https://openai.com/gptbot)"
4.227.36.57 - - [16/Jan/2025:18:31:29 +0100] "GET /vendor/sebastian/object-reflector/src/ObjectReflector.php HTTP/2.0" 200 20 "-" "Mozilla/5.0 AppleWebKit/537.36 (KHTML, like Gecko; compatible; GPTBot/1.2; +https://openai.com/gptbot)"
4.227.36.124 - - [16/Jan/2025:18:31:30 +0100] "GET /vendor/aws/aws-sdk-php/src/data/amp/ HTTP/2.0" 200 566 "-" "Mozilla/5.0 AppleWebKit/537.36 (KHTML, like Gecko; compatible; GPTBot/1.2; +https://openai.com/gptbot)"
4.227.36.57 - - [16/Jan/2025:18:31:30 +0100] "GET /vendor/sebastian/object-reflector/src/Exception.php HTTP/2.0" 200 20 "-" "Mozilla/5.0 AppleWebKit/537.36 (KHTML, like Gecko; compatible; GPTBot/1.2; +https://openai.com/gptbot)"
4.227.36.124 - - [16/Jan/2025:18:31:31 +0100] "GET /vendor/aws/aws-sdk-php/src/data/mediaconnect/ HTTP/2.0" 200 584 "-" "Mozilla/5.0 AppleWebKit/537.36 (KHTML, like Gecko; compatible; GPTBot/1.2; +https://openai.com/gptbot)"
4.227.36.57 - - [16/Jan/2025:18:31:32 +0100] "GET /vendor/sebastian/object-reflector/src/?C=D%3BO%3DA HTTP/2.0" 200 752 "-" "Mozilla/5.0 AppleWebKit/537.36 (KHTML, like Gecko; compatible; GPTBot/1.2; +https://openai.com/gptbot)"
4.227.36.124 - - [16/Jan/2025:18:31:32 +0100] "GET /vendor/aws/aws-sdk-php/src/data/sagemaker-a2i-runtime/ HTTP/2.0" 200 602 "-" "Mozilla/5.0 AppleWebKit/537.36 (KHTML, like Gecko; compatible; GPTBot/1.2; +https://openai.com/gptbot)"
4.227.36.57 - - [16/Jan/2025:18:31:33 +0100] "GET /vendor/sebastian/object-reflector/src/?C=S%3BO%3DA HTTP/2.0" 200 752 "-" "Mozilla/5.0 AppleWebKit/537.36 (KHTML, like Gecko; compatible; GPTBot/1.2; +https://openai.com/gptbot)"
4.227.36.124 - - [16/Jan/2025:18:31:33 +0100] "GET /vendor/aws/aws-sdk-php/src/data/clouddirectory/ HTTP/2.0" 200 663 "-" "Mozilla/5.0 AppleWebKit/537.36 (KHTML, like Gecko; compatible; GPTBot/1.2; +https://openai.com/gptbot)"
4.227.36.57 - - [16/Jan/2025:18:31:34 +0100] "GET /vendor/sebastian/object-reflector/src/?C=M%3BO%3DA HTTP/2.0" 200 752 "-" "Mozilla/5.0 AppleWebKit/537.36 (KHTML, like Gecko; compatible; GPTBot/1.2; +https://openai.com/gptbot)"
4.227.36.124 - - [16/Jan/2025:18:31:34 +0100] "GET /vendor/aws/aws-sdk-php/src/data/cognito-idp/ HTTP/2.0" 200 582 "-" "Mozilla/5.0 AppleWebKit/537.36 (KHTML, like Gecko; compatible; GPTBot/1.2; +https://openai.com/gptbot)"
4.227.36.57 - - [16/Jan/2025:18:31:35 +0100] "GET /vendor/sebastian/lines-of-code/src/?C=S%3BO%3DA HTTP/2.0" 200 803 "-" "Mozilla/5.0 AppleWebKit/537.36 (KHTML, like Gecko; compatible; GPTBot/1.2; +https://openai.com/gptbot)"
4.227.36.124 - - [16/Jan/2025:18:31:35 +0100] "GET /vendor/aws/aws-sdk-php/src/data/streams.dynamodb HTTP/2.0" 301 286 "-" "Mozilla/5.0 AppleWebKit/537.36 (KHTML, like Gecko; compatible; GPTBot/1.2; +https://openai.com/gptbot)"
4.227.36.57 - - [16/Jan/2025:18:31:36 +0100] "GET /vendor/sebastian/lines-of-code/src/Exception/ HTTP/2.0" 200 861 "-" "Mozilla/5.0 AppleWebKit/537.36 (KHTML, like Gecko; compatible; GPTBot/1.2; +https://openai.com/gptbot)"
4.227.36.124 - - [16/Jan/2025:18:31:37 +0100] "GET /vendor/aws/aws-sdk-php/src/data/macie/ HTTP/2.0" 200 570 "-" "Mozilla/5.0 AppleWebKit/537.36 (KHTML, like Gecko; compatible; GPTBot/1.2; +https://openai.com/gptbot)"
4.227.36.57 - - [16/Jan/2025:18:31:37 +0100] "GET /vendor/sebastian/lines-of-code/src/Counter.php HTTP/2.0" 200 20 "-" "Mozilla/5.0 AppleWebKit/537.36 (KHTML, like Gecko; compatible; GPTBot/1.2; +https://openai.com/gptbot)"
4.227.36.124 - - [16/Jan/2025:18:31:38 +0100] "GET /vendor/aws/aws-sdk-php/src/data/appintegrations/ HTTP/2.0" 200 590 "-" "Mozilla/5.0 AppleWebKit/537.36 (KHTML, like Gecko; compatible; GPTBot/1.2; +https://openai.com/gptbot)"
4.227.36.57 - - [16/Jan/2025:18:31:38 +0100] "GET /vendor/sebastian/lines-of-code/src/LinesOfCode.php HTTP/2.0" 200 20 "-" "Mozilla/5.0 AppleWebKit/537.36 (KHTML, like Gecko; compatible; GPTBot/1.2; +https://openai.com/gptbot)"
4.227.36.124 - - [16/Jan/2025:18:31:39 +0100] "GET /vendor/aws/aws-sdk-php/src/data/ssm-contacts/ HTTP/2.0" 200 584 "-" "Mozilla/5.0 AppleWebKit/537.36 (KHTML, like Gecko; compatible; GPTBot/1.2; +https://openai.com/gptbot)"
4.227.36.57 - - [16/Jan/2025:18:31:39 +0100] "GET /vendor/sebastian/lines-of-code/src/?C=M%3BO%3DA HTTP/2.0" 200 803 "-" "Mozilla/5.0 AppleWebKit/537.36 (KHTML, like Gecko; compatible; GPTBot/1.2; +https://openai.com/gptbot)"
4.227.36.124 - - [16/Jan/2025:18:31:40 +0100] "GET /vendor/aws/aws-sdk-php/src/data/ram/ HTTP/2.0" 200 566 "-" "Mozilla/5.0 AppleWebKit/537.36 (KHTML, like Gecko; compatible; GPTBot/1.2; +https://openai.com/gptbot)"
4.227.36.57 - - [16/Jan/2025:18:31:40 +0100] "GET /vendor/sebastian/lines-of-code/src/?C=D%3BO%3DA HTTP/2.0" 200 803 "-" "Mozilla/5.0 AppleWebKit/537.36 (KHTML, like Gecko; compatible; GPTBot/1.2; +https://openai.com/gptbot)"
4.227.36.124 - - [16/Jan/2025:18:31:41 +0100] "GET /vendor/aws/aws-sdk-php/src/data/iotthingsgraph/ HTTP/2.0" 200 588 "-" "Mozilla/5.0 AppleWebKit/537.36 (KHTML, like Gecko; compatible; GPTBot/1.2; +https://openai.com/gptbot)"
4.227.36.57 - - [16/Jan/2025:18:31:41 +0100] "GET /vendor/sebastian/lines-of-code/src/?C=N%3BO%3DD HTTP/2.0" 200 803 "-" "Mozilla/5.0 AppleWebKit/537.36 (KHTML, like Gecko; compatible; GPTBot/1.2; +https://openai.com/gptbot)"
4.227.36.124 - - [16/Jan/2025:18:31:42 +0100] "GET /vendor/aws/aws-sdk-php/src/data/m2/ HTTP/2.0" 200 564 "-" "Mozilla/5.0 AppleWebKit/537.36 (KHTML, like Gecko; compatible; GPTBot/1.2; +https://openai.com/gptbot)"
4.227.36.57 - - [16/Jan/2025:18:31:43 +0100] "GET /vendor/sebastian/lines-of-code/src/LineCountingVisitor.php HTTP/2.0" 200 213 "-" "Mozilla/5.0 AppleWebKit/537.36 (KHTML, like Gecko; compatible; GPTBot/1.2; +https://openai.com/gptbot)"
4.227.36.124 - - [16/Jan/2025:18:31:43 +0100] "GET /vendor/aws/aws-sdk-php/src/data/migrationhub-config/ HTTP/2.0" 200 598 "-" "Mozilla/5.0 AppleWebKit/537.36 (KHTML, like Gecko; compatible; GPTBot/1.2; +https://openai.com/gptbot)"
4.227.36.57 - - [16/Jan/2025:18:31:44 +0100] "GET /vendor/sebastian/resource-operations/src/?C=N%3BO%3DD HTTP/2.0" 200 592 "-" "Mozilla/5.0 AppleWebKit/537.36 (KHTML, like Gecko; compatible; GPTBot/1.2; +https://openai.com/gptbot)"
4.227.36.124 - - [16/Jan/2025:18:31:44 +0100] "GET /vendor/aws/aws-sdk-php/src/data/wafv2/ HTTP/2.0" 200 570 "-" "Mozilla/5.0 AppleWebKit/537.36 (KHTML, like Gecko; compatible; GPTBot/1.2; +https://openai.com/gptbot)"
4.227.36.57 - - [16/Jan/2025:18:31:45 +0100] "GET /vendor/sebastian/resource-operations/src/?C=M%3BO%3DA HTTP/2.0" 200 592 "-" "Mozilla/5.0 AppleWebKit/537.36 (KHTML, like Gecko; compatible; GPTBot/1.2; +https://openai.com/gptbot)"
4.227.36.124 - - [16/Jan/2025:18:31:45 +0100] "GET /vendor/aws/aws-sdk-php/src/data/iot/ HTTP/2.0" 200 566 "-" "Mozilla/5.0 AppleWebKit/537.36 (KHTML, like Gecko; compatible; GPTBot/1.2; +https://openai.com/gptbot)"
4.227.36.57 - - [16/Jan/2025:18:31:46 +0100] "GET /vendor/sebastian/resource-operations/src/?C=S%3BO%3DA HTTP/2.0" 200 592 "-" "Mozilla/5.0 AppleWebKit/537.36 (KHTML, like Gecko; compatible; GPTBot/1.2; +https://openai.com/gptbot)"
4.227.36.124 - - [16/Jan/2025:18:31:46 +0100] "GET /vendor/aws/aws-sdk-php/src/data/mgh/ HTTP/2.0" 200 566 "-" "Mozilla/5.0 AppleWebKit/537.36 (KHTML, like Gecko; compatible; GPTBot/1.2; +https://openai.com/gptbot)"
4.227.36.57 - - [16/Jan/2025:18:31:47 +0100] "GET /vendor/sebastian/resource-operations/src/?C=D%3BO%3DA HTTP/2.0" 200 592 "-" "Mozilla/5.0 AppleWebKit/537.36 (KHTML, like Gecko; compatible; GPTBot/1.2; +https://openai.com/gptbot)"
4.227.36.124 - - [16/Jan/2025:18:31:48 +0100] "GET /vendor/aws/aws-sdk-php/src/data/backup/ HTTP/2.0" 200 572 "-" "Mozilla/5.0 AppleWebKit/537.36 (KHTML, like Gecko; compatible; GPTBot/1.2; +https://openai.com/gptbot)"
4.227.36.57 - - [16/Jan/2025:18:31:48 +0100] "GET /vendor/sebastian/resource-operations/src/ResourceOperations.php HTTP/2.0" 200 20 "-" "Mozilla/5.0 AppleWebKit/537.36 (KHTML, like Gecko; compatible; GPTBot/1.2; +https://openai.com/gptbot)"
4.227.36.124 - - [16/Jan/2025:18:31:49 +0100] "GET /vendor/aws/aws-sdk-php/src/data/elasticmapreduce/ HTTP/2.0" 200 592 "-" "Mozilla/5.0 AppleWebKit/537.36 (KHTML, like Gecko; compatible; GPTBot/1.2; +https://openai.com/gptbot)"
4.227.36.57 - - [16/Jan/2025:18:31:49 +0100] "GET /vendor/sebastian/resource-operations/build/?C=N%3BO%3DD HTTP/2.0" 200 586 "-" "Mozilla/5.0 AppleWebKit/537.36 (KHTML, like Gecko; compatible; GPTBot/1.2; +https://openai.com/gptbot)"
4.227.36.124 - - [16/Jan/2025:18:31:50 +0100] "GET /vendor/aws/aws-sdk-php/src/data/iam/ HTTP/2.0" 200 566 "-" "Mozilla/5.0 AppleWebKit/537.36 (KHTML, like Gecko; compatible; GPTBot/1.2; +https://openai.com/gptbot)"
4.227.36.57 - - [16/Jan/2025:18:31:50 +0100] "GET /vendor/sebastian/resource-operations/build/?C=D%3BO%3DA HTTP/2.0" 200 586 "-" "Mozilla/5.0 AppleWebKit/537.36 (KHTML, like Gecko; compatible; GPTBot/1.2; +https://openai.com/gptbot)"
4.227.36.124 - - [16/Jan/2025:18:31:51 +0100] "GET /vendor/aws/aws-sdk-php/src/data/globalaccelerator/ HTTP/2.0" 200 594 "-" "Mozilla/5.0 AppleWebKit/537.36 (KHTML, like Gecko; compatible; GPTBot/1.2; +https://openai.com/gptbot)"
4.227.36.57 - - [16/Jan/2025:18:31:51 +0100] "GET /vendor/sebastian/resource-operations/build/generate.php HTTP/2.0" 200 173 "-" "Mozilla/5.0 AppleWebKit/537.36 (KHTML, like Gecko; compatible; GPTBot/1.2; +https://openai.com/gptbot)"
4.227.36.124 - - [16/Jan/2025:18:31:52 +0100] "GET /vendor/aws/aws-sdk-php/src/data/firehose/ HTTP/2.0" 200 576 "-" "Mozilla/5.0 AppleWebKit/537.36 (KHTML, like Gecko; compatible; GPTBot/1.2; +https://openai.com/gptbot)"
4.227.36.57 - - [16/Jan/2025:18:31:52 +0100] "GET /vendor/sebastian/resource-operations/build/?C=S%3BO%3DA HTTP/2.0" 200 586 "-" "Mozilla/5.0 AppleWebKit/537.36 (KHTML, like Gecko; compatible; GPTBot/1.2; +https://openai.com/gptbot)"
4.227.36.124 - - [16/Jan/2025:18:31:53 +0100] "GET /vendor/aws/aws-sdk-php/src/data/opsworkscm/ HTTP/2.0" 200 580 "-" "Mozilla/5.0 AppleWebKit/537.36 (KHTML, like Gecko; compatible; GPTBot/1.2; +https://openai.com/gptbot)"
4.227.36.57 - - [16/Jan/2025:18:31:54 +0100] "GET /vendor/sebastian/resource-operations/build/?C=M%3BO%3DA HTTP/2.0" 200 586 "-" "Mozilla/5.0 AppleWebKit/537.36 (KHTML, like Gecko; compatible; GPTBot/1.2; +https://openai.com/gptbot)"
4.227.36.124 - - [16/Jan/2025:18:31:54 +0100] "GET /vendor/aws/aws-sdk-php/src/data/cloudfront/ HTTP/2.0" 200 1480 "-" "Mozilla/5.0 AppleWebKit/537.36 (KHTML, like Gecko; compatible; GPTBot/1.2; +https://openai.com/gptbot)"
4.227.36.57 - - [16/Jan/2025:18:31:55 +0100] "GET /vendor/sebastian/recursion-context/src/?C=N%3BO%3DD HTTP/2.0" 200 747 "-" "Mozilla/5.0 AppleWebKit/537.36 (KHTML, like Gecko; compatible; GPTBot/1.2; +https://openai.com/gptbot)"
4.227.36.124 - - [16/Jan/2025:18:31:55 +0100] "GET /vendor/aws/aws-sdk-php/src/data/elasticbeanstalk/ HTTP/2.0" 200 592 "-" "Mozilla/5.0 AppleWebKit/537.36 (KHTML, like Gecko; compatible; GPTBot/1.2; +https://openai.com/gptbot)"
4.227.36.57 - - [16/Jan/2025:18:31:56 +0100] "GET /vendor/sebastian/recursion-context/src/Context.php HTTP/2.0" 200 20 "-" "Mozilla/5.0 AppleWebKit/537.36 (KHTML, like Gecko; compatible; GPTBot/1.2; +https://openai.com/gptbot)"
4.227.36.124 - - [16/Jan/2025:18:31:56 +0100] "GET /vendor/aws/aws-sdk-php/src/data/route53-recovery-cluster/ HTTP/2.0" 200 608 "-" "Mozilla/5.0 AppleWebKit/537.36 (KHTML, like Gecko; compatible; GPTBot/1.2; +https://openai.com/gptbot)"
4.227.36.57 - - [16/Jan/2025:18:31:57 +0100] "GET /vendor/sebastian/recursion-context/src/?C=M%3BO%3DA HTTP/2.0" 200 747 "-" "Mozilla/5.0 AppleWebKit/537.36 (KHTML, like Gecko; compatible; GPTBot/1.2; +https://openai.com/gptbot)"
4.227.36.124 - - [16/Jan/2025:18:31:57 +0100] "GET /vendor/aws/aws-sdk-php/src/data/mgn/ HTTP/2.0" 200 566 "-" "Mozilla/5.0 AppleWebKit/537.36 (KHTML, like Gecko; compatible; GPTBot/1.2; +https://openai.com/gptbot)"
4.227.36.57 - - [16/Jan/2025:18:31:58 +0100] "GET /vendor/sebastian/recursion-context/src/?C=D%3BO%3DA HTTP/2.0" 200 747 "-" "Mozilla/5.0 AppleWebKit/537.36 (KHTML, like Gecko; compatible; GPTBot/1.2; +https://openai.com/gptbot)"
4.227.36.124 - - [16/Jan/2025:18:31:59 +0100] "GET /vendor/aws/aws-sdk-php/src/data/servicecatalog-appregistry/ HTTP/2.0" 200 612 "-" "Mozilla/5.0 AppleWebKit/537.36 (KHTML, like Gecko; compatible; GPTBot/1.2; +https://openai.com/gptbot)"
4.227.36.57 - - [16/Jan/2025:18:31:59 +0100] "GET /vendor/sebastian/recursion-context/src/Exception.php HTTP/2.0" 200 20 "-" "Mozilla/5.0 AppleWebKit/537.36 (KHTML, like Gecko; compatible; GPTBot/1.2; +https://openai.com/gptbot)"
4.227.36.124 - - [16/Jan/2025:18:32:00 +0100] "GET /vendor/aws/aws-sdk-php/src/data/iotevents-data/ HTTP/2.0" 200 588 "-" "Mozilla/5.0 AppleWebKit/537.36 (KHTML, like Gecko; compatible; GPTBot/1.2; +https://openai.com/gptbot)"
4.227.36.57 - - [16/Jan/2025:18:32:00 +0100] "GET /vendor/sebastian/recursion-context/src/InvalidArgumentException.php HTTP/2.0" 200 223 "-" "Mozilla/5.0 AppleWebKit/537.36 (KHTML, like Gecko; compatible; GPTBot/1.2; +https://openai.com/gptbot)"
4.227.36.124 - - [16/Jan/2025:18:32:01 +0100] "GET /vendor/aws/aws-sdk-php/src/data/rds/ HTTP/2.0" 200 641 "-" "Mozilla/5.0 AppleWebKit/537.36 (KHTML, like Gecko; compatible; GPTBot/1.2; +https://openai.com/gptbot)"
4.227.36.57 - - [16/Jan/2025:18:32:01 +0100] "GET /vendor/sebastian/recursion-context/src/?C=S%3BO%3DA HTTP/2.0" 200 747 "-" "Mozilla/5.0 AppleWebKit/537.36 (KHTML, like Gecko; compatible; GPTBot/1.2; +https://openai.com/gptbot)"
4.227.36.124 - - [16/Jan/2025:18:32:02 +0100] "GET /vendor/aws/aws-sdk-php/src/data/iotanalytics/ HTTP/2.0" 200 584 "-" "Mozilla/5.0 AppleWebKit/537.36 (KHTML, like Gecko; compatible; GPTBot/1.2; +https://openai.com/gptbot)"
4.227.36.57 - - [16/Jan/2025:18:32:02 +0100] "GET /vendor/sebastian/code-unit/src/InterfaceUnit.php HTTP/2.0" 200 206 "-" "Mozilla/5.0 AppleWebKit/537.36 (KHTML, like Gecko; compatible; GPTBot/1.2; +https://openai.com/gptbot)"
4.227.36.124 - - [16/Jan/2025:18:32:03 +0100] "GET /vendor/aws/aws-sdk-php/src/data/s3control/ HTTP/2.0" 200 578 "-" "Mozilla/5.0 AppleWebKit/537.36 (KHTML, like Gecko; compatible; GPTBot/1.2; +https://openai.com/gptbot)"
4.227.36.57 - - [16/Jan/2025:18:32:03 +0100] "GET /vendor/sebastian/code-unit/src/TraitUnit.php HTTP/2.0" 200 204 "-" "Mozilla/5.0 AppleWebKit/537.36 (KHTML, like Gecko; compatible; GPTBot/1.2; +https://openai.com/gptbot)"
4.227.36.124 - - [16/Jan/2025:18:32:04 +0100] "GET /vendor/aws/aws-sdk-php/src/data/application-autoscaling/ HTTP/2.0" 200 606 "-" "Mozilla/5.0 AppleWebKit/537.36 (KHTML, like Gecko; compatible; GPTBot/1.2; +https://openai.com/gptbot)"
4.227.36.57 - - [16/Jan/2025:18:32:05 +0100] "GET /vendor/sebastian/code-unit/src/CodeUnitCollection.php HTTP/2.0" 200 239 "-" "Mozilla/5.0 AppleWebKit/537.36 (KHTML, like Gecko; compatible; GPTBot/1.2; +https://openai.com/gptbot)"
4.227.36.124 - - [16/Jan/2025:18:32:05 +0100] "GET /vendor/aws/aws-sdk-php/src/data/auditmanager/ HTTP/2.0" 200 584 "-" "Mozilla/5.0 AppleWebKit/537.36 (KHTML, like Gecko; compatible; GPTBot/1.2; +https://openai.com/gptbot)"
4.227.36.57 - - [16/Jan/2025:18:32:06 +0100] "GET /vendor/sebastian/code-unit/src/?C=M%3BO%3DA HTTP/2.0" 200 1452 "-" "Mozilla/5.0 AppleWebKit/537.36 (KHTML, like Gecko; compatible; GPTBot/1.2; +https://openai.com/gptbot)"
4.227.36.124 - - [16/Jan/2025:18:32:06 +0100] "GET /vendor/aws/aws-sdk-php/src/data/kinesis/ HTTP/2.0" 200 574 "-" "Mozilla/5.0 AppleWebKit/537.36 (KHTML, like Gecko; compatible; GPTBot/1.2; +https://openai.com/gptbot)"
4.227.36.57 - - [16/Jan/2025:18:32:07 +0100] "GET /vendor/sebastian/code-unit/src/?C=N%3BO%3DD HTTP/2.0" 200 1452 "-" "Mozilla/5.0 AppleWebKit/537.36 (KHTML, like Gecko; compatible; GPTBot/1.2; +https://openai.com/gptbot)"
4.227.36.124 - - [16/Jan/2025:18:32:07 +0100] "GET /vendor/aws/aws-sdk-php/src/data/sts/ HTTP/2.0" 200 566 "-" "Mozilla/5.0 AppleWebKit/537.36 (KHTML, like Gecko; compatible; GPTBot/1.2; +https://openai.com/gptbot)"
4.227.36.57 - - [16/Jan/2025:18:32:08 +0100] "GET /vendor/sebastian/code-unit/src/ClassUnit.php HTTP/2.0" 200 203 "-" "Mozilla/5.0 AppleWebKit/537.36 (KHTML, like Gecko; compatible; GPTBot/1.2; +https://openai.com/gptbot)"
4.227.36.124 - - [16/Jan/2025:18:32:08 +0100] "GET /vendor/aws/aws-sdk-php/src/data/customer-profiles/ HTTP/2.0" 200 594 "-" "Mozilla/5.0 AppleWebKit/537.36 (KHTML, like Gecko; compatible; GPTBot/1.2; +https://openai.com/gptbot)"
4.227.36.57 - - [16/Jan/2025:18:32:09 +0100] "GET /vendor/sebastian/code-unit/src/CodeUnitCollectionIterator.php HTTP/2.0" 200 20 "-" "Mozilla/5.0 AppleWebKit/537.36 (KHTML, like Gecko; compatible; GPTBot/1.2; +https://openai.com/gptbot)"
4.227.36.124 - - [16/Jan/2025:18:32:10 +0100] "GET /vendor/aws/aws-sdk-php/src/data/waf-regional/ HTTP/2.0" 200 584 "-" "Mozilla/5.0 AppleWebKit/537.36 (KHTML, like Gecko; compatible; GPTBot/1.2; +https://openai.com/gptbot)"
4.227.36.57 - - [16/Jan/2025:18:32:10 +0100] "GET /vendor/sebastian/code-unit/src/CodeUnit.php HTTP/2.0" 200 20 "-" "Mozilla/5.0 AppleWebKit/537.36 (KHTML, like Gecko; compatible; GPTBot/1.2; +https://openai.com/gptbot)"
4.227.36.124 - - [16/Jan/2025:18:32:11 +0100] "GET /vendor/aws/aws-sdk-php/src/data/runtime.sagemaker HTTP/2.0" 301 287 "-" "Mozilla/5.0 AppleWebKit/537.36 (KHTML, like Gecko; compatible; GPTBot/1.2; +https://openai.com/gptbot)"
4.227.36.57 - - [16/Jan/2025:18:32:11 +0100] "GET /vendor/sebastian/code-unit/src/?C=D%3BO%3DA HTTP/2.0" 200 1452 "-" "Mozilla/5.0 AppleWebKit/537.36 (KHTML, like Gecko; compatible; GPTBot/1.2; +https://openai.com/gptbot)"
4.227.36.124 - - [16/Jan/2025:18:32:12 +0100] "GET /vendor/aws/aws-sdk-php/src/data/appconfig/ HTTP/2.0" 200 578 "-" "Mozilla/5.0 AppleWebKit/537.36 (KHTML, like Gecko; compatible; GPTBot/1.2; +https://openai.com/gptbot)"
4.227.36.57 - - [16/Jan/2025:18:32:12 +0100] "GET /vendor/sebastian/code-unit/src/FunctionUnit.php HTTP/2.0" 200 206 "-" "Mozilla/5.0 AppleWebKit/537.36 (KHTML, like Gecko; compatible; GPTBot/1.2; +https://openai.com/gptbot)"
4.227.36.124 - - [16/Jan/2025:18:32:13 +0100] "GET /vendor/aws/aws-sdk-php/src/data/network-firewall/ HTTP/2.0" 200 592 "-" "Mozilla/5.0 AppleWebKit/537.36 (KHTML, like Gecko; compatible; GPTBot/1.2; +https://openai.com/gptbot)"
4.227.36.57 - - [16/Jan/2025:18:32:13 +0100] "GET /vendor/sebastian/code-unit/src/ClassMethodUnit.php HTTP/2.0" 200 207 "-" "Mozilla/5.0 AppleWebKit/537.36 (KHTML, like Gecko; compatible; GPTBot/1.2; +https://openai.com/gptbot)"
4.227.36.124 - - [16/Jan/2025:18:32:14 +0100] "GET /vendor/aws/aws-sdk-php/src/data/worklink/ HTTP/2.0" 200 576 "-" "Mozilla/5.0 AppleWebKit/537.36 (KHTML, like Gecko; compatible; GPTBot/1.2; +https://openai.com/gptbot)"
4.227.36.57 - - [16/Jan/2025:18:32:14 +0100] "GET /vendor/sebastian/code-unit/src/InterfaceMethodUnit.php HTTP/2.0" 200 212 "-" "Mozilla/5.0 AppleWebKit/537.36 (KHTML, like Gecko; compatible; GPTBot/1.2; +https://openai.com/gptbot)"
4.227.36.124 - - [16/Jan/2025:18:32:15 +0100] "GET /vendor/aws/aws-sdk-php/src/data/s3/ HTTP/2.0" 200 564 "-" "Mozilla/5.0 AppleWebKit/537.36 (KHTML, like Gecko; compatible; GPTBot/1.2; +https://openai.com/gptbot)"
4.227.36.57 - - [16/Jan/2025:18:32:16 +0100] "GET /vendor/sebastian/code-unit/src/Mapper.php HTTP/2.0" 200 20 "-" "Mozilla/5.0 AppleWebKit/537.36 (KHTML, like Gecko; compatible; GPTBot/1.2; +https://openai.com/gptbot)"
4.227.36.124 - - [16/Jan/2025:18:32:16 +0100] "GET /vendor/aws/aws-sdk-php/src/data/qldb-session/ HTTP/2.0" 200 584 "-" "Mozilla/5.0 AppleWebKit/537.36 (KHTML, like Gecko; compatible; GPTBot/1.2; +https://openai.com/gptbot)"
4.227.36.57 - - [16/Jan/2025:18:32:17 +0100] "GET /vendor/sebastian/code-unit/src/exceptions/ HTTP/2.0" 200 845 "-" "Mozilla/5.0 AppleWebKit/537.36 (KHTML, like Gecko; compatible; GPTBot/1.2; +https://openai.com/gptbot)"
4.227.36.124 - - [16/Jan/2025:18:32:17 +0100] "GET /vendor/aws/aws-sdk-php/src/data/healthlake/ HTTP/2.0" 200 580 "-" "Mozilla/5.0 AppleWebKit/537.36 (KHTML, like Gecko; compatible; GPTBot/1.2; +https://openai.com/gptbot)"
4.227.36.57 - - [16/Jan/2025:18:32:18 +0100] "GET /vendor/sebastian/code-unit/src/TraitMethodUnit.php HTTP/2.0" 200 208 "-" "Mozilla/5.0 AppleWebKit/537.36 (KHTML, like Gecko; compatible; GPTBot/1.2; +https://openai.com/gptbot)"
4.227.36.124 - - [16/Jan/2025:18:32:18 +0100] "GET /vendor/aws/aws-sdk-php/src/data/opsworks/ HTTP/2.0" 200 576 "-" "Mozilla/5.0 AppleWebKit/537.36 (KHTML, like Gecko; compatible; GPTBot/1.2; +https://openai.com/gptbot)"
4.227.36.124 - - [16/Jan/2025:18:32:19 +0100] "GET /vendor/aws/aws-sdk-php/src/data/ce/ HTTP/2.0" 200 564 "-" "Mozilla/5.0 AppleWebKit/537.36 (KHTML, like Gecko; compatible; GPTBot/1.2; +https://openai.com/gptbot)"
4.227.36.57 - - [16/Jan/2025:18:32:20 +0100] "GET /vendor/sebastian/code-unit/src/?C=S%3BO%3DA HTTP/2.0" 200 1452 "-" "Mozilla/5.0 AppleWebKit/537.36 (KHTML, like Gecko; compatible; GPTBot/1.2; +https://openai.com/gptbot)"
4.227.36.57 - - [16/Jan/2025:18:32:20 +0100] "GET /vendor/sebastian/version/src/?C=M%3BO%3DA HTTP/2.0" 200 545 "-" "Mozilla/5.0 AppleWebKit/537.36 (KHTML, like Gecko; compatible; GPTBot/1.2; +https://openai.com/gptbot)"
4.227.36.124 - - [16/Jan/2025:18:32:21 +0100] "GET /vendor/aws/aws-sdk-php/src/data/kinesis-video-signaling/ HTTP/2.0" 200 606 "-" "Mozilla/5.0 AppleWebKit/537.36 (KHTML, like Gecko; compatible; GPTBot/1.2; +https://openai.com/gptbot)"
4.227.36.57 - - [16/Jan/2025:18:32:21 +0100] "GET /vendor/sebastian/version/src/?C=N%3BO%3DD HTTP/2.0" 200 545 "-" "Mozilla/5.0 AppleWebKit/537.36 (KHTML, like Gecko; compatible; GPTBot/1.2; +https://openai.com/gptbot)"
4.227.36.124 - - [16/Jan/2025:18:32:22 +0100] "GET /vendor/aws/aws-sdk-php/src/data/mwaa/ HTTP/2.0" 200 568 "-" "Mozilla/5.0 AppleWebKit/537.36 (KHTML, like Gecko; compatible; GPTBot/1.2; +https://openai.com/gptbot)"
4.227.36.57 - - [16/Jan/2025:18:32:22 +0100] "GET /vendor/sebastian/version/src/?C=S%3BO%3DA HTTP/2.0" 200 545 "-" "Mozilla/5.0 AppleWebKit/537.36 (KHTML, like Gecko; compatible; GPTBot/1.2; +https://openai.com/gptbot)"
4.227.36.124 - - [16/Jan/2025:18:32:23 +0100] "GET /vendor/aws/aws-sdk-php/src/data/account/ HTTP/2.0" 200 574 "-" "Mozilla/5.0 AppleWebKit/537.36 (KHTML, like Gecko; compatible; GPTBot/1.2; +https://openai.com/gptbot)"
4.227.36.57 - - [16/Jan/2025:18:32:23 +0100] "GET /vendor/sebastian/version/src/?C=D%3BO%3DA HTTP/2.0" 200 545 "-" "Mozilla/5.0 AppleWebKit/537.36 (KHTML, like Gecko; compatible; GPTBot/1.2; +https://openai.com/gptbot)"
4.227.36.124 - - [16/Jan/2025:18:32:24 +0100] "GET /vendor/aws/aws-sdk-php/src/data/elasticache/ HTTP/2.0" 200 582 "-" "Mozilla/5.0 AppleWebKit/537.36 (KHTML, like Gecko; compatible; GPTBot/1.2; +https://openai.com/gptbot)"
4.227.36.57 - - [16/Jan/2025:18:32:24 +0100] "GET /vendor/sebastian/version/src/Version.php HTTP/2.0" 200 20 "-" "Mozilla/5.0 AppleWebKit/537.36 (KHTML, like Gecko; compatible; GPTBot/1.2; +https://openai.com/gptbot)"
4.227.36.124 - - [16/Jan/2025:18:32:25 +0100] "GET /vendor/aws/aws-sdk-php/src/data/migration-hub-refactor-spaces/ HTTP/2.0" 200 618 "-" "Mozilla/5.0 AppleWebKit/537.36 (KHTML, like Gecko; compatible; GPTBot/1.2; +https://openai.com/gptbot)"
4.227.36.57 - - [16/Jan/2025:18:32:25 +0100] "GET /vendor/sebastian/exporter/src/?C=N%3BO%3DD HTTP/2.0" 200 549 "-" "Mozilla/5.0 AppleWebKit/537.36 (KHTML, like Gecko; compatible; GPTBot/1.2; +https://openai.com/gptbot)"
4.227.36.124 - - [16/Jan/2025:18:32:26 +0100] "GET /vendor/aws/aws-sdk-php/src/data/redshift-data/ HTTP/2.0" 200 586 "-" "Mozilla/5.0 AppleWebKit/537.36 (KHTML, like Gecko; compatible; GPTBot/1.2; +https://openai.com/gptbot)"
4.227.36.57 - - [16/Jan/2025:18:32:27 +0100] "GET /vendor/sebastian/exporter/src/?C=S%3BO%3DA HTTP/2.0" 200 549 "-" "Mozilla/5.0 AppleWebKit/537.36 (KHTML, like Gecko; compatible; GPTBot/1.2; +https://openai.com/gptbot)"
4.227.36.124 - - [16/Jan/2025:18:32:27 +0100] "GET /vendor/aws/aws-sdk-php/src/data/connectparticipant/ HTTP/2.0" 200 596 "-" "Mozilla/5.0 AppleWebKit/537.36 (KHTML, like Gecko; compatible; GPTBot/1.2; +https://openai.com/gptbot)"
4.227.36.57 - - [16/Jan/2025:18:32:28 +0100] "GET /vendor/sebastian/exporter/src/Exporter.php HTTP/2.0" 200 20 "-" "Mozilla/5.0 AppleWebKit/537.36 (KHTML, like Gecko; compatible; GPTBot/1.2; +https://openai.com/gptbot)"
4.227.36.124 - - [16/Jan/2025:18:32:28 +0100] "GET /vendor/aws/aws-sdk-php/src/data/rbin/ HTTP/2.0" 200 568 "-" "Mozilla/5.0 AppleWebKit/537.36 (KHTML, like Gecko; compatible; GPTBot/1.2; +https://openai.com/gptbot)"
4.227.36.57 - - [16/Jan/2025:18:32:29 +0100] "GET /vendor/sebastian/exporter/src/?C=M%3BO%3DA HTTP/2.0" 200 549 "-" "Mozilla/5.0 AppleWebKit/537.36 (KHTML, like Gecko; compatible; GPTBot/1.2; +https://openai.com/gptbot)"
4.227.36.124 - - [16/Jan/2025:18:32:29 +0100] "GET /vendor/aws/aws-sdk-php/src/data/glue/ HTTP/2.0" 200 568 "-" "Mozilla/5.0 AppleWebKit/537.36 (KHTML, like Gecko; compatible; GPTBot/1.2; +https://openai.com/gptbot)"
4.227.36.57 - - [16/Jan/2025:18:32:30 +0100] "GET /vendor/sebastian/exporter/src/?C=D%3BO%3DA HTTP/2.0" 200 549 "-" "Mozilla/5.0 AppleWebKit/537.36 (KHTML, like Gecko; compatible; GPTBot/1.2; +https://openai.com/gptbot)"
4.227.36.124 - - [16/Jan/2025:18:32:30 +0100] "GET /vendor/aws/aws-sdk-php/src/data/importexport/ HTTP/2.0" 200 584 "-" "Mozilla/5.0 AppleWebKit/537.36 (KHTML, like Gecko; compatible; GPTBot/1.2; +https://openai.com/gptbot)"
4.227.36.57 - - [16/Jan/2025:18:32:31 +0100] "GET /vendor/sebastian/environment/src/?C=S%3BO%3DA HTTP/2.0" 200 715 "-" "Mozilla/5.0 AppleWebKit/537.36 (KHTML, like Gecko; compatible; GPTBot/1.2; +https://openai.com/gptbot)"
4.227.36.124 - - [16/Jan/2025:18:32:32 +0100] "GET /vendor/aws/aws-sdk-php/src/data/wellarchitected/ HTTP/2.0" 200 590 "-" "Mozilla/5.0 AppleWebKit/537.36 (KHTML, like Gecko; compatible; GPTBot/1.2; +https://openai.com/gptbot)"
4.227.36.57 - - [16/Jan/2025:18:32:32 +0100] "GET /vendor/sebastian/environment/src/Runtime.php HTTP/2.0" 200 20 "-" "Mozilla/5.0 AppleWebKit/537.36 (KHTML, like Gecko; compatible; GPTBot/1.2; +https://openai.com/gptbot)"
4.227.36.124 - - [16/Jan/2025:18:32:33 +0100] "GET /vendor/aws/aws-sdk-php/src/data/mq/ HTTP/2.0" 200 564 "-" "Mozilla/5.0 AppleWebKit/537.36 (KHTML, like Gecko; compatible; GPTBot/1.2; +https://openai.com/gptbot)"
4.227.36.57 - - [16/Jan/2025:18:32:33 +0100] "GET /vendor/sebastian/environment/src/Console.php HTTP/2.0" 200 20 "-" "Mozilla/5.0 AppleWebKit/537.36 (KHTML, like Gecko; compatible; GPTBot/1.2; +https://openai.com/gptbot)"
4.227.36.124 - - [16/Jan/2025:18:32:34 +0100] "GET /vendor/aws/aws-sdk-php/src/data/appflow/ HTTP/2.0" 200 574 "-" "Mozilla/5.0 AppleWebKit/537.36 (KHTML, like Gecko; compatible; GPTBot/1.2; +https://openai.com/gptbot)"
4.227.36.57 - - [16/Jan/2025:18:32:34 +0100] "GET /vendor/sebastian/environment/src/?C=N%3BO%3DD HTTP/2.0" 200 715 "-" "Mozilla/5.0 AppleWebKit/537.36 (KHTML, like Gecko; compatible; GPTBot/1.2; +https://openai.com/gptbot)"
4.227.36.124 - - [16/Jan/2025:18:32:35 +0100] "GET /vendor/aws/aws-sdk-php/src/data/models.lex.v2 HTTP/2.0" 301 283 "-" "Mozilla/5.0 AppleWebKit/537.36 (KHTML, like Gecko; compatible; GPTBot/1.2; +https://openai.com/gptbot)"
4.227.36.57 - - [16/Jan/2025:18:32:35 +0100] "GET /vendor/sebastian/environment/src/?C=D%3BO%3DA HTTP/2.0" 200 715 "-" "Mozilla/5.0 AppleWebKit/537.36 (KHTML, like Gecko; compatible; GPTBot/1.2; +https://openai.com/gptbot)"
4.227.36.124 - - [16/Jan/2025:18:32:36 +0100] "GET /vendor/aws/aws-sdk-php/src/data/elasticloadbalancingv2/ HTTP/2.0" 200 604 "-" "Mozilla/5.0 AppleWebKit/537.36 (KHTML, like Gecko; compatible; GPTBot/1.2; +https://openai.com/gptbot)"
4.227.36.57 - - [16/Jan/2025:18:32:36 +0100] "GET /vendor/sebastian/environment/src/OperatingSystem.php HTTP/2.0" 200 20 "-" "Mozilla/5.0 AppleWebKit/537.36 (KHTML, like Gecko; compatible; GPTBot/1.2; +https://openai.com/gptbot)"
4.227.36.124 - - [16/Jan/2025:18:32:37 +0100] "GET /vendor/aws/aws-sdk-php/src/data/marketplacecommerceanalytics/ HTTP/2.0" 200 616 "-" "Mozilla/5.0 AppleWebKit/537.36 (KHTML, like Gecko; compatible; GPTBot/1.2; +https://openai.com/gptbot)"
4.227.36.57 - - [16/Jan/2025:18:32:38 +0100] "GET /vendor/sebastian/environment/src/?C=M%3BO%3DA HTTP/2.0" 200 715 "-" "Mozilla/5.0 AppleWebKit/537.36 (KHTML, like Gecko; compatible; GPTBot/1.2; +https://openai.com/gptbot)"
4.227.36.124 - - [16/Jan/2025:18:32:38 +0100] "GET /vendor/aws/aws-sdk-php/src/data/gamesparks/ HTTP/2.0" 200 580 "-" "Mozilla/5.0 AppleWebKit/537.36 (KHTML, like Gecko; compatible; GPTBot/1.2; +https://openai.com/gptbot)"
4.227.36.57 - - [16/Jan/2025:18:32:39 +0100] "GET /vendor/sebastian/comparator/src/?C=S%3BO%3DA HTTP/2.0" 200 1826 "-" "Mozilla/5.0 AppleWebKit/537.36 (KHTML, like Gecko; compatible; GPTBot/1.2; +https://openai.com/gptbot)"
4.227.36.124 - - [16/Jan/2025:18:32:39 +0100] "GET /vendor/aws/aws-sdk-php/src/data/connect-contact-lens/ HTTP/2.0" 200 600 "-" "Mozilla/5.0 AppleWebKit/537.36 (KHTML, like Gecko; compatible; GPTBot/1.2; +https://openai.com/gptbot)"
4.227.36.57 - - [16/Jan/2025:18:32:40 +0100] "GET /vendor/sebastian/comparator/src/?C=D%3BO%3DA HTTP/2.0" 200 1826 "-" "Mozilla/5.0 AppleWebKit/537.36 (KHTML, like Gecko; compatible; GPTBot/1.2; +https://openai.com/gptbot)"
4.227.36.124 - - [16/Jan/2025:18:32:40 +0100] "GET /vendor/aws/aws-sdk-php/src/data/macie2/ HTTP/2.0" 200 572 "-" "Mozilla/5.0 AppleWebKit/537.36 (KHTML, like Gecko; compatible; GPTBot/1.2; +https://openai.com/gptbot)"
4.227.36.57 - - [16/Jan/2025:18:32:41 +0100] "GET /vendor/sebastian/comparator/src/ResourceComparator.php HTTP/2.0" 200 204 "-" "Mozilla/5.0 AppleWebKit/537.36 (KHTML, like Gecko; compatible; GPTBot/1.2; +https://openai.com/gptbot)"
4.227.36.124 - - [16/Jan/2025:18:32:41 +0100] "GET /vendor/aws/aws-sdk-php/src/data/codeguru-reviewer/ HTTP/2.0" 200 594 "-" "Mozilla/5.0 AppleWebKit/537.36 (KHTML, like Gecko; compatible; GPTBot/1.2; +https://openai.com/gptbot)"
4.227.36.57 - - [16/Jan/2025:18:32:42 +0100] "GET /vendor/sebastian/comparator/src/DOMNodeComparator.php HTTP/2.0" 200 210 "-" "Mozilla/5.0 AppleWebKit/537.36 (KHTML, like Gecko; compatible; GPTBot/1.2; +https://openai.com/gptbot)"
4.227.36.124 - - [16/Jan/2025:18:32:43 +0100] "GET /vendor/aws/aws-sdk-php/src/data/outposts/ HTTP/2.0" 200 576 "-" "Mozilla/5.0 AppleWebKit/537.36 (KHTML, like Gecko; compatible; GPTBot/1.2; +https://openai.com/gptbot)"
4.227.36.57 - - [16/Jan/2025:18:32:43 +0100] "GET /vendor/sebastian/comparator/src/ExceptionComparator.php HTTP/2.0" 200 210 "-" "Mozilla/5.0 AppleWebKit/537.36 (KHTML, like Gecko; compatible; GPTBot/1.2; +https://openai.com/gptbot)"
4.227.36.124 - - [16/Jan/2025:18:32:44 +0100] "GET /vendor/aws/aws-sdk-php/src/data/workspaces-web/ HTTP/2.0" 200 588 "-" "Mozilla/5.0 AppleWebKit/537.36 (KHTML, like Gecko; compatible; GPTBot/1.2; +https://openai.com/gptbot)"
4.227.36.57 - - [16/Jan/2025:18:32:44 +0100] "GET /vendor/sebastian/comparator/src/ComparisonFailure.php HTTP/2.0" 200 20 "-" "Mozilla/5.0 AppleWebKit/537.36 (KHTML, like Gecko; compatible; GPTBot/1.2; +https://openai.com/gptbot)"
4.227.36.124 - - [16/Jan/2025:18:32:45 +0100] "GET /vendor/aws/aws-sdk-php/src/data/acm-pca/ HTTP/2.0" 200 574 "-" "Mozilla/5.0 AppleWebKit/537.36 (KHTML, like Gecko; compatible; GPTBot/1.2; +https://openai.com/gptbot)"
4.227.36.57 - - [16/Jan/2025:18:32:45 +0100] "GET /vendor/sebastian/comparator/src/TypeComparator.php HTTP/2.0" 200 201 "-" "Mozilla/5.0 AppleWebKit/537.36 (KHTML, like Gecko; compatible; GPTBot/1.2; +https://openai.com/gptbot)"
4.227.36.124 - - [16/Jan/2025:18:32:46 +0100] "GET /vendor/aws/aws-sdk-php/src/data/redshift/ HTTP/2.0" 200 576 "-" "Mozilla/5.0 AppleWebKit/537.36 (KHTML, like Gecko; compatible; GPTBot/1.2; +https://openai.com/gptbot)"
4.227.36.57 - - [16/Jan/2025:18:32:46 +0100] "GET /vendor/sebastian/comparator/src/SplObjectStorageComparator.php HTTP/2.0" 200 210 "-" "Mozilla/5.0 AppleWebKit/537.36 (KHTML, like Gecko; compatible; GPTBot/1.2; +https://openai.com/gptbot)"
4.227.36.124 - - [16/Jan/2025:18:32:47 +0100] "GET /vendor/aws/aws-sdk-php/src/data/serverlessrepo/ HTTP/2.0" 200 588 "-" "Mozilla/5.0 AppleWebKit/537.36 (KHTML, like Gecko; compatible; GPTBot/1.2; +https://openai.com/gptbot)"
4.227.36.57 - - [16/Jan/2025:18:32:47 +0100] "GET /vendor/sebastian/comparator/src/NumericComparator.php HTTP/2.0" 200 208 "-" "Mozilla/5.0 AppleWebKit/537.36 (KHTML, like Gecko; compatible; GPTBot/1.2; +https://openai.com/gptbot)"
4.227.36.124 - - [16/Jan/2025:18:32:48 +0100] "GET /vendor/aws/aws-sdk-php/src/data/pi/ HTTP/2.0" 200 564 "-" "Mozilla/5.0 AppleWebKit/537.36 (KHTML, like Gecko; compatible; GPTBot/1.2; +https://openai.com/gptbot)"
4.227.36.57 - - [16/Jan/2025:18:32:49 +0100] "GET /vendor/sebastian/comparator/src/Comparator.php HTTP/2.0" 200 20 "-" "Mozilla/5.0 AppleWebKit/537.36 (KHTML, like Gecko; compatible; GPTBot/1.2; +https://openai.com/gptbot)"
4.227.36.124 - - [16/Jan/2025:18:32:49 +0100] "GET /vendor/aws/aws-sdk-php/src/data/metering.marketplace HTTP/2.0" 301 290 "-" "Mozilla/5.0 AppleWebKit/537.36 (KHTML, like Gecko; compatible; GPTBot/1.2; +https://openai.com/gptbot)"
4.227.36.57 - - [16/Jan/2025:18:32:50 +0100] "GET /vendor/sebastian/comparator/src/?C=N%3BO%3DD HTTP/2.0" 200 1826 "-" "Mozilla/5.0 AppleWebKit/537.36 (KHTML, like Gecko; compatible; GPTBot/1.2; +https://openai.com/gptbot)"
4.227.36.124 - - [16/Jan/2025:18:32:50 +0100] "GET /vendor/aws/aws-sdk-php/src/data/transcribe/ HTTP/2.0" 200 580 "-" "Mozilla/5.0 AppleWebKit/537.36 (KHTML, like Gecko; compatible; GPTBot/1.2; +https://openai.com/gptbot)"
4.227.36.57 - - [16/Jan/2025:18:32:51 +0100] "GET /vendor/sebastian/comparator/src/ObjectComparator.php HTTP/2.0" 200 207 "-" "Mozilla/5.0 AppleWebKit/537.36 (KHTML, like Gecko; compatible; GPTBot/1.2; +https://openai.com/gptbot)"
4.227.36.124 - - [16/Jan/2025:18:32:51 +0100] "GET /vendor/aws/aws-sdk-php/src/data/dms/ HTTP/2.0" 200 566 "-" "Mozilla/5.0 AppleWebKit/537.36 (KHTML, like Gecko; compatible; GPTBot/1.2; +https://openai.com/gptbot)"
4.227.36.57 - - [16/Jan/2025:18:32:52 +0100] "GET /vendor/sebastian/comparator/src/DoubleComparator.php HTTP/2.0" 200 208 "-" "Mozilla/5.0 AppleWebKit/537.36 (KHTML, like Gecko; compatible; GPTBot/1.2; +https://openai.com/gptbot)"
4.227.36.124 - - [16/Jan/2025:18:32:52 +0100] "GET /vendor/aws/aws-sdk-php/src/data/iot-jobs-data/ HTTP/2.0" 200 586 "-" "Mozilla/5.0 AppleWebKit/537.36 (KHTML, like Gecko; compatible; GPTBot/1.2; +https://openai.com/gptbot)"
4.227.36.57 - - [16/Jan/2025:18:32:53 +0100] "GET /vendor/sebastian/comparator/src/MockObjectComparator.php HTTP/2.0" 200 209 "-" "Mozilla/5.0 AppleWebKit/537.36 (KHTML, like Gecko; compatible; GPTBot/1.2; +https://openai.com/gptbot)"
4.227.36.124 - - [16/Jan/2025:18:32:54 +0100] "GET /vendor/aws/aws-sdk-php/src/data/?C=D%3BO%3DA HTTP/2.0" 200 24854 "-" "Mozilla/5.0 AppleWebKit/537.36 (KHTML, like Gecko; compatible; GPTBot/1.2; +https://openai.com/gptbot)"
4.227.36.57 - - [16/Jan/2025:18:32:54 +0100] "GET /vendor/sebastian/comparator/src/DateTimeComparator.php HTTP/2.0" 200 209 "-" "Mozilla/5.0 AppleWebKit/537.36 (KHTML, like Gecko; compatible; GPTBot/1.2; +https://openai.com/gptbot)"
4.227.36.124 - - [16/Jan/2025:18:32:55 +0100] "GET /vendor/aws/aws-sdk-php/src/data/iottwinmaker/ HTTP/2.0" 200 584 "-" "Mozilla/5.0 AppleWebKit/537.36 (KHTML, like Gecko; compatible; GPTBot/1.2; +https://openai.com/gptbot)"
4.227.36.57 - - [16/Jan/2025:18:32:55 +0100] "GET /vendor/sebastian/comparator/src/?C=M%3BO%3DA HTTP/2.0" 200 1826 "-" "Mozilla/5.0 AppleWebKit/537.36 (KHTML, like Gecko; compatible; GPTBot/1.2; +https://openai.com/gptbot)"
4.227.36.124 - - [16/Jan/2025:18:32:56 +0100] "GET /vendor/aws/aws-sdk-php/src/data/cloudcontrol/ HTTP/2.0" 200 584 "-" "Mozilla/5.0 AppleWebKit/537.36 (KHTML, like Gecko; compatible; GPTBot/1.2; +https://openai.com/gptbot)"
4.227.36.57 - - [16/Jan/2025:18:32:56 +0100] "GET /vendor/sebastian/comparator/src/ScalarComparator.php HTTP/2.0" 200 201 "-" "Mozilla/5.0 AppleWebKit/537.36 (KHTML, like Gecko; compatible; GPTBot/1.2; +https://openai.com/gptbot)"
4.227.36.124 - - [16/Jan/2025:18:32:57 +0100] "GET /vendor/aws/aws-sdk-php/src/data/monitoring/ HTTP/2.0" 200 580 "-" "Mozilla/5.0 AppleWebKit/537.36 (KHTML, like Gecko; compatible; GPTBot/1.2; +https://openai.com/gptbot)"
4.227.36.57 - - [16/Jan/2025:18:32:57 +0100] "GET /vendor/sebastian/comparator/src/Factory.php HTTP/2.0" 200 20 "-" "Mozilla/5.0 AppleWebKit/537.36 (KHTML, like Gecko; compatible; GPTBot/1.2; +https://openai.com/gptbot)"
4.227.36.124 - - [16/Jan/2025:18:32:58 +0100] "GET /vendor/aws/aws-sdk-php/src/data/backup-gateway/ HTTP/2.0" 200 588 "-" "Mozilla/5.0 AppleWebKit/537.36 (KHTML, like Gecko; compatible; GPTBot/1.2; +https://openai.com/gptbot)"
4.227.36.57 - - [16/Jan/2025:18:32:58 +0100] "GET /vendor/sebastian/comparator/src/exceptions/ HTTP/2.0" 200 666 "-" "Mozilla/5.0 AppleWebKit/537.36 (KHTML, like Gecko; compatible; GPTBot/1.2; +https://openai.com/gptbot)"
4.227.36.124 - - [16/Jan/2025:18:32:59 +0100] "GET /vendor/aws/aws-sdk-php/src/data/codeartifact/ HTTP/2.0" 200 584 "-" "Mozilla/5.0 AppleWebKit/537.36 (KHTML, like Gecko; compatible; GPTBot/1.2; +https://openai.com/gptbot)"
4.227.36.57 - - [16/Jan/2025:18:33:00 +0100] "GET /vendor/sebastian/comparator/src/ArrayComparator.php HTTP/2.0" 200 203 "-" "Mozilla/5.0 AppleWebKit/537.36 (KHTML, like Gecko; compatible; GPTBot/1.2; +https://openai.com/gptbot)"
4.227.36.124 - - [16/Jan/2025:18:33:00 +0100] "GET /vendor/aws/aws-sdk-php/src/data/cur/ HTTP/2.0" 200 566 "-" "Mozilla/5.0 AppleWebKit/537.36 (KHTML, like Gecko; compatible; GPTBot/1.2; +https://openai.com/gptbot)"
4.227.36.57 - - [16/Jan/2025:18:33:01 +0100] "GET /vendor/sebastian/code-unit-reverse-lookup/src/Wizard.php HTTP/2.0" 200 20 "-" "Mozilla/5.0 AppleWebKit/537.36 (KHTML, like Gecko; compatible; GPTBot/1.2; +https://openai.com/gptbot)"
4.227.36.124 - - [16/Jan/2025:18:33:01 +0100] "GET /vendor/aws/aws-sdk-php/src/data/synthetics/ HTTP/2.0" 200 580 "-" "Mozilla/5.0 AppleWebKit/537.36 (KHTML, like Gecko; compatible; GPTBot/1.2; +https://openai.com/gptbot)"
4.227.36.57 - - [16/Jan/2025:18:33:02 +0100] "GET /vendor/sebastian/code-unit-reverse-lookup/src/?C=M%3BO%3DA HTTP/2.0" 200 595 "-" "Mozilla/5.0 AppleWebKit/537.36 (KHTML, like Gecko; compatible; GPTBot/1.2; +https://openai.com/gptbot)"
4.227.36.124 - - [16/Jan/2025:18:33:02 +0100] "GET /vendor/aws/aws-sdk-php/src/data/cognito-sync/ HTTP/2.0" 200 584 "-" "Mozilla/5.0 AppleWebKit/537.36 (KHTML, like Gecko; compatible; GPTBot/1.2; +https://openai.com/gptbot)"
4.227.36.57 - - [16/Jan/2025:18:33:03 +0100] "GET /vendor/sebastian/code-unit-reverse-lookup/src/?C=D%3BO%3DA HTTP/2.0" 200 595 "-" "Mozilla/5.0 AppleWebKit/537.36 (KHTML, like Gecko; compatible; GPTBot/1.2; +https://openai.com/gptbot)"
4.227.36.124 - - [16/Jan/2025:18:33:03 +0100] "GET /vendor/aws/aws-sdk-php/src/data/opensearch/ HTTP/2.0" 200 580 "-" "Mozilla/5.0 AppleWebKit/537.36 (KHTML, like Gecko; compatible; GPTBot/1.2; +https://openai.com/gptbot)"
4.227.36.57 - - [16/Jan/2025:18:33:04 +0100] "GET /vendor/sebastian/code-unit-reverse-lookup/src/?C=N%3BO%3DD HTTP/2.0" 200 595 "-" "Mozilla/5.0 AppleWebKit/537.36 (KHTML, like Gecko; compatible; GPTBot/1.2; +https://openai.com/gptbot)"
4.227.36.124 - - [16/Jan/2025:18:33:05 +0100] "GET /vendor/aws/aws-sdk-php/src/data/apprunner/ HTTP/2.0" 200 578 "-" "Mozilla/5.0 AppleWebKit/537.36 (KHTML, like Gecko; compatible; GPTBot/1.2; +https://openai.com/gptbot)"
4.227.36.57 - - [16/Jan/2025:18:33:05 +0100] "GET /vendor/sebastian/code-unit-reverse-lookup/src/?C=S%3BO%3DA HTTP/2.0" 200 595 "-" "Mozilla/5.0 AppleWebKit/537.36 (KHTML, like Gecko; compatible; GPTBot/1.2; +https://openai.com/gptbot)"
4.227.36.124 - - [16/Jan/2025:18:33:06 +0100] "GET /vendor/aws/aws-sdk-php/src/data/kinesis-video-media/ HTTP/2.0" 200 598 "-" "Mozilla/5.0 AppleWebKit/537.36 (KHTML, like Gecko; compatible; GPTBot/1.2; +https://openai.com/gptbot)"
4.227.36.57 - - [16/Jan/2025:18:33:06 +0100] "GET /vendor/sebastian/type/src/ReflectionMapper.php HTTP/2.0" 200 20 "-" "Mozilla/5.0 AppleWebKit/537.36 (KHTML, like Gecko; compatible; GPTBot/1.2; +https://openai.com/gptbot)"
4.227.36.124 - - [16/Jan/2025:18:33:07 +0100] "GET /vendor/aws/aws-sdk-php/src/data/pinpoint-sms-voice-v2/ HTTP/2.0" 200 602 "-" "Mozilla/5.0 AppleWebKit/537.36 (KHTML, like Gecko; compatible; GPTBot/1.2; +https://openai.com/gptbot)"
4.227.36.57 - - [16/Jan/2025:18:33:07 +0100] "GET /vendor/sebastian/type/src/exception/ HTTP/2.0" 200 646 "-" "Mozilla/5.0 AppleWebKit/537.36 (KHTML, like Gecko; compatible; GPTBot/1.2; +https://openai.com/gptbot)"
4.227.36.124 - - [16/Jan/2025:18:33:08 +0100] "GET /vendor/aws/aws-sdk-php/src/data/mediatailor/ HTTP/2.0" 200 582 "-" "Mozilla/5.0 AppleWebKit/537.36 (KHTML, like Gecko; compatible; GPTBot/1.2; +https://openai.com/gptbot)"
4.227.36.57 - - [16/Jan/2025:18:33:08 +0100] "GET /vendor/sebastian/type/src/?C=N%3BO%3DD HTTP/2.0" 200 764 "-" "Mozilla/5.0 AppleWebKit/537.36 (KHTML, like Gecko; compatible; GPTBot/1.2; +https://openai.com/gptbot)"
4.227.36.124 - - [16/Jan/2025:18:33:09 +0100] "GET /vendor/aws/aws-sdk-php/src/data/health/ HTTP/2.0" 200 572 "-" "Mozilla/5.0 AppleWebKit/537.36 (KHTML, like Gecko; compatible; GPTBot/1.2; +https://openai.com/gptbot)"
4.227.36.124 - - [16/Jan/2025:18:33:10 +0100] "GET /vendor/aws/aws-sdk-php/src/data/inspector2/ HTTP/2.0" 200 580 "-" "Mozilla/5.0 AppleWebKit/537.36 (KHTML, like Gecko; compatible; GPTBot/1.2; +https://openai.com/gptbot)"
4.227.36.124 - - [16/Jan/2025:18:33:11 +0100] "GET /vendor/aws/aws-sdk-php/src/data/forecast/ HTTP/2.0" 200 576 "-" "Mozilla/5.0 AppleWebKit/537.36 (KHTML, like Gecko; compatible; GPTBot/1.2; +https://openai.com/gptbot)"
4.227.36.124 - - [16/Jan/2025:18:33:12 +0100] "GET /vendor/aws/aws-sdk-php/src/data/connectcampaigns/ HTTP/2.0" 200 592 "-" "Mozilla/5.0 AppleWebKit/537.36 (KHTML, like Gecko; compatible; GPTBot/1.2; +https://openai.com/gptbot)"
4.227.36.124 - - [16/Jan/2025:18:33:13 +0100] "GET /vendor/aws/aws-sdk-php/src/data/cloudformation/ HTTP/2.0" 200 588 "-" "Mozilla/5.0 AppleWebKit/537.36 (KHTML, like Gecko; compatible; GPTBot/1.2; +https://openai.com/gptbot)"
4.227.36.57 - - [16/Jan/2025:18:33:14 +0100] "GET /storage/framework/cache/data/?C=D%3BO%3DA HTTP/2.0" 200 543 "-" "Mozilla/5.0 AppleWebKit/537.36 (KHTML, like Gecko; compatible; GPTBot/1.2; +https://openai.com/gptbot)"
4.227.36.124 - - [16/Jan/2025:18:33:14 +0100] "GET /vendor/aws/aws-sdk-php/src/data/kinesis-video-archived-media/ HTTP/2.0" 200 616 "-" "Mozilla/5.0 AppleWebKit/537.36 (KHTML, like Gecko; compatible; GPTBot/1.2; +https://openai.com/gptbot)"
4.227.36.57 - - [16/Jan/2025:18:33:15 +0100] "GET /storage/framework/cache/data/.gitignore HTTP/2.0" 200 14 "-" "Mozilla/5.0 AppleWebKit/537.36 (KHTML, like Gecko; compatible; GPTBot/1.2; +https://openai.com/gptbot)"
4.227.36.124 - - [16/Jan/2025:18:33:16 +0100] "GET /vendor/aws/aws-sdk-php/src/data/dax/ HTTP/2.0" 200 566 "-" "Mozilla/5.0 AppleWebKit/537.36 (KHTML, like Gecko; compatible; GPTBot/1.2; +https://openai.com/gptbot)"
4.227.36.57 - - [16/Jan/2025:18:33:16 +0100] "GET /storage/framework/cache/data/?C=N%3BO%3DD HTTP/2.0" 200 543 "-" "Mozilla/5.0 AppleWebKit/537.36 (KHTML, like Gecko; compatible; GPTBot/1.2; +https://openai.com/gptbot)"
4.227.36.124 - - [16/Jan/2025:18:33:17 +0100] "GET /vendor/aws/aws-sdk-php/src/data/?C=M%3BO%3DA HTTP/2.0" 200 24854 "-" "Mozilla/5.0 AppleWebKit/537.36 (KHTML, like Gecko; compatible; GPTBot/1.2; +https://openai.com/gptbot)"
4.227.36.57 - - [16/Jan/2025:18:33:17 +0100] "GET /storage/framework/cache/data/?C=S%3BO%3DA HTTP/2.0" 200 543 "-" "Mozilla/5.0 AppleWebKit/537.36 (KHTML, like Gecko; compatible; GPTBot/1.2; +https://openai.com/gptbot)"
4.227.36.124 - - [16/Jan/2025:18:33:18 +0100] "GET /vendor/aws/aws-sdk-php/src/data/privatenetworks/ HTTP/2.0" 200 590 "-" "Mozilla/5.0 AppleWebKit/537.36 (KHTML, like Gecko; compatible; GPTBot/1.2; +https://openai.com/gptbot)"
4.227.36.57 - - [16/Jan/2025:18:33:18 +0100] "GET /vendor/barryvdh/laravel-debugbar/src/Twig/Node/?C=M%3BO%3DA HTTP/2.0" 200 604 "-" "Mozilla/5.0 AppleWebKit/537.36 (KHTML, like Gecko; compatible; GPTBot/1.2; +https://openai.com/gptbot)"
4.227.36.124 - - [16/Jan/2025:18:33:19 +0100] "GET /vendor/aws/aws-sdk-php/src/data/sagemaker-edge/ HTTP/2.0" 200 588 "-" "Mozilla/5.0 AppleWebKit/537.36 (KHTML, like Gecko; compatible; GPTBot/1.2; +https://openai.com/gptbot)"
4.227.36.57 - - [16/Jan/2025:18:33:19 +0100] "GET /storage/framework/cache/data/?C=M%3BO%3DA HTTP/2.0" 200 543 "-" "Mozilla/5.0 AppleWebKit/537.36 (KHTML, like Gecko; compatible; GPTBot/1.2; +https://openai.com/gptbot)"
4.227.36.124 - - [16/Jan/2025:18:33:20 +0100] "GET /vendor/aws/aws-sdk-php/src/data/glacier/ HTTP/2.0" 200 574 "-" "Mozilla/5.0 AppleWebKit/537.36 (KHTML, like Gecko; compatible; GPTBot/1.2; +https://openai.com/gptbot)"
4.227.36.57 - - [16/Jan/2025:18:33:20 +0100] "GET /vendor/barryvdh/laravel-debugbar/src/Twig/Node/?C=S%3BO%3DA HTTP/2.0" 200 604 "-" "Mozilla/5.0 AppleWebKit/537.36 (KHTML, like Gecko; compatible; GPTBot/1.2; +https://openai.com/gptbot)"
4.227.36.124 - - [16/Jan/2025:18:33:21 +0100] "GET /vendor/aws/aws-sdk-php/src/data/proton/ HTTP/2.0" 200 572 "-" "Mozilla/5.0 AppleWebKit/537.36 (KHTML, like Gecko; compatible; GPTBot/1.2; +https://openai.com/gptbot)"
4.227.36.57 - - [16/Jan/2025:18:33:21 +0100] "GET /vendor/barryvdh/laravel-debugbar/src/Twig/Node/?C=N%3BO%3DD HTTP/2.0" 200 604 "-" "Mozilla/5.0 AppleWebKit/537.36 (KHTML, like Gecko; compatible; GPTBot/1.2; +https://openai.com/gptbot)"
4.227.36.124 - - [16/Jan/2025:18:33:22 +0100] "GET /vendor/aws/aws-sdk-php/src/data/fms/ HTTP/2.0" 200 566 "-" "Mozilla/5.0 AppleWebKit/537.36 (KHTML, like Gecko; compatible; GPTBot/1.2; +https://openai.com/gptbot)"
4.227.36.57 - - [16/Jan/2025:18:33:23 +0100] "GET /vendor/barryvdh/laravel-debugbar/src/Twig/Node/StopwatchNode.php HTTP/2.0" 200 202 "-" "Mozilla/5.0 AppleWebKit/537.36 (KHTML, like Gecko; compatible; GPTBot/1.2; +https://openai.com/gptbot)"
4.227.36.124 - - [16/Jan/2025:18:33:23 +0100] "GET /vendor/aws/aws-sdk-php/src/data/s3outposts/ HTTP/2.0" 200 580 "-" "Mozilla/5.0 AppleWebKit/537.36 (KHTML, like Gecko; compatible; GPTBot/1.2; +https://openai.com/gptbot)"
4.227.36.57 - - [16/Jan/2025:18:33:24 +0100] "GET /vendor/barryvdh/laravel-debugbar/src/Twig/Node/?C=D%3BO%3DA HTTP/2.0" 200 604 "-" "Mozilla/5.0 AppleWebKit/537.36 (KHTML, like Gecko; compatible; GPTBot/1.2; +https://openai.com/gptbot)"
4.227.36.124 - - [16/Jan/2025:18:33:24 +0100] "GET /vendor/aws/aws-sdk-php/src/data/chime-sdk-identity/ HTTP/2.0" 200 596 "-" "Mozilla/5.0 AppleWebKit/537.36 (KHTML, like Gecko; compatible; GPTBot/1.2; +https://openai.com/gptbot)"
