4.227.36.57 - - [16/Jan/2025:18:35:22 +0100] "GET /vendor/nunomaduro/termwind/src/Exceptions/StyleNotFound.php HTTP/2.0" 200 20 "-" "Mozilla/5.0 AppleWebKit/537.36 (KHTML, like Gecko; compatible; GPTBot/1.2; +https://openai.com/gptbot)"
4.227.36.124 - - [16/Jan/2025:18:35:23 +0100] "GET /vendor/aws/aws-sdk-php/src/data/license-manager/ HTTP/2.0" 200 590 "-" "Mozilla/5.0 AppleWebKit/537.36 (KHTML, like Gecko; compatible; GPTBot/1.2; +https://openai.com/gptbot)"
4.227.36.57 - - [16/Jan/2025:18:35:23 +0100] "GET /vendor/nunomaduro/termwind/src/Exceptions/?C=S%3BO%3DA HTTP/2.0" 200 904 "-" "Mozilla/5.0 AppleWebKit/537.36 (KHTML, like Gecko; compatible; GPTBot/1.2; +https://openai.com/gptbot)"
4.227.36.124 - - [16/Jan/2025:18:35:24 +0100] "GET /vendor/aws/aws-sdk-php/src/data/kinesisanalyticsv2/ HTTP/2.0" 200 596 "-" "Mozilla/5.0 AppleWebKit/537.36 (KHTML, like Gecko; compatible; GPTBot/1.2; +https://openai.com/gptbot)"
4.227.36.57 - - [16/Jan/2025:18:35:25 +0100] "GET /vendor/nunomaduro/termwind/src/Exceptions/ColorNotFound.php HTTP/2.0" 200 20 "-" "Mozilla/5.0 AppleWebKit/537.36 (KHTML, like Gecko; compatible; GPTBot/1.2; +https://openai.com/gptbot)"
4.227.36.124 - - [16/Jan/2025:18:35:25 +0100] "GET /vendor/aws/aws-sdk-php/src/data/lookoutequipment/ HTTP/2.0" 200 592 "-" "Mozilla/5.0 AppleWebKit/537.36 (KHTML, like Gecko; compatible; GPTBot/1.2; +https://openai.com/gptbot)"
4.227.36.57 - - [16/Jan/2025:18:35:26 +0100] "GET /vendor/nunomaduro/termwind/src/Exceptions/InvalidStyle.php HTTP/2.0" 200 20 "-" "Mozilla/5.0 AppleWebKit/537.36 (KHTML, like Gecko; compatible; GPTBot/1.2; +https://openai.com/gptbot)"
4.227.36.124 - - [16/Jan/2025:18:35:26 +0100] "GET /vendor/aws/aws-sdk-php/src/data/workmail/ HTTP/2.0" 200 576 "-" "Mozilla/5.0 AppleWebKit/537.36 (KHTML, like Gecko; compatible; GPTBot/1.2; +https://openai.com/gptbot)"
4.227.36.57 - - [16/Jan/2025:18:35:27 +0100] "GET /vendor/nunomaduro/termwind/src/ValueObjects/?C=N%3BO%3DD HTTP/2.0" 200 725 "-" "Mozilla/5.0 AppleWebKit/537.36 (KHTML, like Gecko; compatible; GPTBot/1.2; +https://openai.com/gptbot)"
4.227.36.124 - - [16/Jan/2025:18:35:28 +0100] "GET /vendor/aws/aws-sdk-php/src/data/transfer/ HTTP/2.0" 200 576 "-" "Mozilla/5.0 AppleWebKit/537.36 (KHTML, like Gecko; compatible; GPTBot/1.2; +https://openai.com/gptbot)"
4.227.36.57 - - [16/Jan/2025:18:35:28 +0100] "GET /vendor/nunomaduro/termwind/src/ValueObjects/?C=D%3BO%3DA HTTP/2.0" 200 725 "-" "Mozilla/5.0 AppleWebKit/537.36 (KHTML, like Gecko; compatible; GPTBot/1.2; +https://openai.com/gptbot)"
4.227.36.124 - - [16/Jan/2025:18:35:29 +0100] "GET /vendor/aws/aws-sdk-php/src/data/migrationhubstrategy/ HTTP/2.0" 200 600 "-" "Mozilla/5.0 AppleWebKit/537.36 (KHTML, like Gecko; compatible; GPTBot/1.2; +https://openai.com/gptbot)"
4.227.36.57 - - [16/Jan/2025:18:35:29 +0100] "GET /vendor/nunomaduro/termwind/src/ValueObjects/?C=S%3BO%3DA HTTP/2.0" 200 725 "-" "Mozilla/5.0 AppleWebKit/537.36 (KHTML, like Gecko; compatible; GPTBot/1.2; +https://openai.com/gptbot)"
4.227.36.124 - - [16/Jan/2025:18:35:30 +0100] "GET /vendor/aws/aws-sdk-php/src/data/storagegateway/ HTTP/2.0" 200 588 "-" "Mozilla/5.0 AppleWebKit/537.36 (KHTML, like Gecko; compatible; GPTBot/1.2; +https://openai.com/gptbot)"
4.227.36.57 - - [16/Jan/2025:18:35:30 +0100] "GET /vendor/nunomaduro/termwind/src/ValueObjects/?C=M%3BO%3DA HTTP/2.0" 200 725 "-" "Mozilla/5.0 AppleWebKit/537.36 (KHTML, like Gecko; compatible; GPTBot/1.2; +https://openai.com/gptbot)"
4.227.36.124 - - [16/Jan/2025:18:35:31 +0100] "GET /vendor/aws/aws-sdk-php/src/data/swf/ HTTP/2.0" 200 566 "-" "Mozilla/5.0 AppleWebKit/537.36 (KHTML, like Gecko; compatible; GPTBot/1.2; +https://openai.com/gptbot)"
4.227.36.57 - - [16/Jan/2025:18:35:31 +0100] "GET /vendor/nunomaduro/termwind/src/ValueObjects/Node.php HTTP/2.0" 200 20 "-" "Mozilla/5.0 AppleWebKit/537.36 (KHTML, like Gecko; compatible; GPTBot/1.2; +https://openai.com/gptbot)"
4.227.36.124 - - [16/Jan/2025:18:35:32 +0100] "GET /vendor/aws/aws-sdk-php/src/data/autoscaling/ HTTP/2.0" 200 582 "-" "Mozilla/5.0 AppleWebKit/537.36 (KHTML, like Gecko; compatible; GPTBot/1.2; +https://openai.com/gptbot)"
4.227.36.57 - - [16/Jan/2025:18:35:32 +0100] "GET /vendor/nunomaduro/termwind/src/ValueObjects/Style.php HTTP/2.0" 200 20 "-" "Mozilla/5.0 AppleWebKit/537.36 (KHTML, like Gecko; compatible; GPTBot/1.2; +https://openai.com/gptbot)"
4.227.36.124 - - [16/Jan/2025:18:35:33 +0100] "GET /vendor/aws/aws-sdk-php/src/data/kafkaconnect/ HTTP/2.0" 200 584 "-" "Mozilla/5.0 AppleWebKit/537.36 (KHTML, like Gecko; compatible; GPTBot/1.2; +https://openai.com/gptbot)"
4.227.36.57 - - [16/Jan/2025:18:35:33 +0100] "GET /vendor/nunomaduro/termwind/src/ValueObjects/Styles.php HTTP/2.0" 200 20 "-" "Mozilla/5.0 AppleWebKit/537.36 (KHTML, like Gecko; compatible; GPTBot/1.2; +https://openai.com/gptbot)"
4.227.36.124 - - [16/Jan/2025:18:35:34 +0100] "GET /vendor/aws/aws-sdk-php/src/data/honeycode/ HTTP/2.0" 200 578 "-" "Mozilla/5.0 AppleWebKit/537.36 (KHTML, like Gecko; compatible; GPTBot/1.2; +https://openai.com/gptbot)"
4.227.36.57 - - [16/Jan/2025:18:35:34 +0100] "GET /vendor/nunomaduro/termwind/src/Helpers/?C=D%3BO%3DA HTTP/2.0" 200 578 "-" "Mozilla/5.0 AppleWebKit/537.36 (KHTML, like Gecko; compatible; GPTBot/1.2; +https://openai.com/gptbot)"
4.227.36.124 - - [16/Jan/2025:18:35:35 +0100] "GET /vendor/aws/aws-sdk-php/src/data/location/ HTTP/2.0" 200 576 "-" "Mozilla/5.0 AppleWebKit/537.36 (KHTML, like Gecko; compatible; GPTBot/1.2; +https://openai.com/gptbot)"
4.227.36.57 - - [16/Jan/2025:18:35:36 +0100] "GET /vendor/nunomaduro/termwind/src/Helpers/?C=N%3BO%3DD HTTP/2.0" 200 578 "-" "Mozilla/5.0 AppleWebKit/537.36 (KHTML, like Gecko; compatible; GPTBot/1.2; +https://openai.com/gptbot)"
4.227.36.124 - - [16/Jan/2025:18:35:36 +0100] "GET /vendor/aws/aws-sdk-php/src/data/codedeploy/ HTTP/2.0" 200 580 "-" "Mozilla/5.0 AppleWebKit/537.36 (KHTML, like Gecko; compatible; GPTBot/1.2; +https://openai.com/gptbot)"
4.227.36.57 - - [16/Jan/2025:18:35:37 +0100] "GET /vendor/nunomaduro/termwind/src/Helpers/?C=M%3BO%3DA HTTP/2.0" 200 578 "-" "Mozilla/5.0 AppleWebKit/537.36 (KHTML, like Gecko; compatible; GPTBot/1.2; +https://openai.com/gptbot)"
4.227.36.124 - - [16/Jan/2025:18:35:37 +0100] "GET /vendor/aws/aws-sdk-php/src/data/sqs/ HTTP/2.0" 200 566 "-" "Mozilla/5.0 AppleWebKit/537.36 (KHTML, like Gecko; compatible; GPTBot/1.2; +https://openai.com/gptbot)"
4.227.36.57 - - [16/Jan/2025:18:35:38 +0100] "GET /vendor/nunomaduro/termwind/src/Helpers/QuestionHelper.php HTTP/2.0" 200 216 "-" "Mozilla/5.0 AppleWebKit/537.36 (KHTML, like Gecko; compatible; GPTBot/1.2; +https://openai.com/gptbot)"
4.227.36.124 - - [16/Jan/2025:18:35:39 +0100] "GET /vendor/aws/aws-sdk-php/src/data/codeguruprofiler/ HTTP/2.0" 200 592 "-" "Mozilla/5.0 AppleWebKit/537.36 (KHTML, like Gecko; compatible; GPTBot/1.2; +https://openai.com/gptbot)"
4.227.36.57 - - [16/Jan/2025:18:35:39 +0100] "GET /vendor/nunomaduro/termwind/src/Actions/?C=N%3BO%3DD HTTP/2.0" 200 577 "-" "Mozilla/5.0 AppleWebKit/537.36 (KHTML, like Gecko; compatible; GPTBot/1.2; +https://openai.com/gptbot)"
4.227.36.124 - - [16/Jan/2025:18:35:40 +0100] "GET /vendor/aws/aws-sdk-php/src/data/managedblockchain/ HTTP/2.0" 200 594 "-" "Mozilla/5.0 AppleWebKit/537.36 (KHTML, like Gecko; compatible; GPTBot/1.2; +https://openai.com/gptbot)"
4.227.36.57 - - [16/Jan/2025:18:35:40 +0100] "GET /vendor/nunomaduro/termwind/src/Helpers/?C=S%3BO%3DA HTTP/2.0" 200 578 "-" "Mozilla/5.0 AppleWebKit/537.36 (KHTML, like Gecko; compatible; GPTBot/1.2; +https://openai.com/gptbot)"
4.227.36.124 - - [16/Jan/2025:18:35:41 +0100] "GET /vendor/aws/aws-sdk-php/src/data/xray/ HTTP/2.0" 200 568 "-" "Mozilla/5.0 AppleWebKit/537.36 (KHTML, like Gecko; compatible; GPTBot/1.2; +https://openai.com/gptbot)"
4.227.36.57 - - [16/Jan/2025:18:35:41 +0100] "GET /vendor/nunomaduro/termwind/src/Actions/StyleToMethod.php HTTP/2.0" 200 20 "-" "Mozilla/5.0 AppleWebKit/537.36 (KHTML, like Gecko; compatible; GPTBot/1.2; +https://openai.com/gptbot)"
4.227.36.124 - - [16/Jan/2025:18:35:42 +0100] "GET /vendor/aws/aws-sdk-php/src/data/databrew/ HTTP/2.0" 200 576 "-" "Mozilla/5.0 AppleWebKit/537.36 (KHTML, like Gecko; compatible; GPTBot/1.2; +https://openai.com/gptbot)"
4.227.36.57 - - [16/Jan/2025:18:35:42 +0100] "GET /vendor/nunomaduro/termwind/src/Actions/?C=S%3BO%3DA HTTP/2.0" 200 577 "-" "Mozilla/5.0 AppleWebKit/537.36 (KHTML, like Gecko; compatible; GPTBot/1.2; +https://openai.com/gptbot)"
4.227.36.124 - - [16/Jan/2025:18:35:43 +0100] "GET /vendor/aws/aws-sdk-php/src/data/kinesisanalytics/ HTTP/2.0" 200 592 "-" "Mozilla/5.0 AppleWebKit/537.36 (KHTML, like Gecko; compatible; GPTBot/1.2; +https://openai.com/gptbot)"
4.227.36.57 - - [16/Jan/2025:18:35:43 +0100] "GET /vendor/nunomaduro/termwind/src/Actions/?C=D%3BO%3DA HTTP/2.0" 200 577 "-" "Mozilla/5.0 AppleWebKit/537.36 (KHTML, like Gecko; compatible; GPTBot/1.2; +https://openai.com/gptbot)"
4.227.36.124 - - [16/Jan/2025:18:35:44 +0100] "GET /vendor/aws/aws-sdk-php/src/data/codebuild/ HTTP/2.0" 200 578 "-" "Mozilla/5.0 AppleWebKit/537.36 (KHTML, like Gecko; compatible; GPTBot/1.2; +https://openai.com/gptbot)"
4.227.36.57 - - [16/Jan/2025:18:35:44 +0100] "GET /vendor/nunomaduro/termwind/src/Actions/?C=M%3BO%3DA HTTP/2.0" 200 577 "-" "Mozilla/5.0 AppleWebKit/537.36 (KHTML, like Gecko; compatible; GPTBot/1.2; +https://openai.com/gptbot)"
4.227.36.124 - - [16/Jan/2025:18:35:45 +0100] "GET /vendor/aws/aws-sdk-php/src/data/appstream/ HTTP/2.0" 200 578 "-" "Mozilla/5.0 AppleWebKit/537.36 (KHTML, like Gecko; compatible; GPTBot/1.2; +https://openai.com/gptbot)"
4.227.36.57 - - [16/Jan/2025:18:35:45 +0100] "GET /vendor/nunomaduro/termwind/src/Enums/Color.php HTTP/2.0" 200 20 "-" "Mozilla/5.0 AppleWebKit/537.36 (KHTML, like Gecko; compatible; GPTBot/1.2; +https://openai.com/gptbot)"
4.227.36.124 - - [16/Jan/2025:18:35:46 +0100] "GET /vendor/aws/aws-sdk-php/src/data/imagebuilder/ HTTP/2.0" 200 584 "-" "Mozilla/5.0 AppleWebKit/537.36 (KHTML, like Gecko; compatible; GPTBot/1.2; +https://openai.com/gptbot)"
4.227.36.57 - - [16/Jan/2025:18:35:47 +0100] "GET /vendor/nunomaduro/termwind/src/Enums/?C=M%3BO%3DA HTTP/2.0" 200 565 "-" "Mozilla/5.0 AppleWebKit/537.36 (KHTML, like Gecko; compatible; GPTBot/1.2; +https://openai.com/gptbot)"
4.227.36.124 - - [16/Jan/2025:18:35:47 +0100] "GET /vendor/aws/aws-sdk-php/src/data/es/ HTTP/2.0" 200 564 "-" "Mozilla/5.0 AppleWebKit/537.36 (KHTML, like Gecko; compatible; GPTBot/1.2; +https://openai.com/gptbot)"
4.227.36.57 - - [16/Jan/2025:18:35:48 +0100] "GET /vendor/nunomaduro/termwind/src/Enums/?C=D%3BO%3DA HTTP/2.0" 200 565 "-" "Mozilla/5.0 AppleWebKit/537.36 (KHTML, like Gecko; compatible; GPTBot/1.2; +https://openai.com/gptbot)"
4.227.36.124 - - [16/Jan/2025:18:35:48 +0100] "GET /vendor/aws/aws-sdk-php/src/data/mobile/ HTTP/2.0" 200 572 "-" "Mozilla/5.0 AppleWebKit/537.36 (KHTML, like Gecko; compatible; GPTBot/1.2; +https://openai.com/gptbot)"
4.227.36.57 - - [16/Jan/2025:18:35:49 +0100] "GET /vendor/nunomaduro/termwind/src/Enums/?C=S%3BO%3DA HTTP/2.0" 200 565 "-" "Mozilla/5.0 AppleWebKit/537.36 (KHTML, like Gecko; compatible; GPTBot/1.2; +https://openai.com/gptbot)"
4.227.36.124 - - [16/Jan/2025:18:35:50 +0100] "GET /vendor/aws/aws-sdk-php/src/data/route53-recovery-readiness/ HTTP/2.0" 200 612 "-" "Mozilla/5.0 AppleWebKit/537.36 (KHTML, like Gecko; compatible; GPTBot/1.2; +https://openai.com/gptbot)"
4.227.36.57 - - [16/Jan/2025:18:35:50 +0100] "GET /vendor/nunomaduro/termwind/src/Repositories/Styles.php HTTP/2.0" 200 20 "-" "Mozilla/5.0 AppleWebKit/537.36 (KHTML, like Gecko; compatible; GPTBot/1.2; +https://openai.com/gptbot)"
4.227.36.124 - - [16/Jan/2025:18:35:51 +0100] "GET /vendor/aws/aws-sdk-php/src/data/panorama/ HTTP/2.0" 200 576 "-" "Mozilla/5.0 AppleWebKit/537.36 (KHTML, like Gecko; compatible; GPTBot/1.2; +https://openai.com/gptbot)"
4.227.36.57 - - [16/Jan/2025:18:35:51 +0100] "GET /vendor/nunomaduro/termwind/src/Repositories/?C=S%3BO%3DA HTTP/2.0" 200 580 "-" "Mozilla/5.0 AppleWebKit/537.36 (KHTML, like Gecko; compatible; GPTBot/1.2; +https://openai.com/gptbot)"
4.227.36.124 - - [16/Jan/2025:18:35:52 +0100] "GET /vendor/aws/aws-sdk-php/src/data/iotevents/ HTTP/2.0" 200 578 "-" "Mozilla/5.0 AppleWebKit/537.36 (KHTML, like Gecko; compatible; GPTBot/1.2; +https://openai.com/gptbot)"
4.227.36.57 - - [16/Jan/2025:18:35:52 +0100] "GET /vendor/nunomaduro/termwind/src/Enums/?C=N%3BO%3DD HTTP/2.0" 200 565 "-" "Mozilla/5.0 AppleWebKit/537.36 (KHTML, like Gecko; compatible; GPTBot/1.2; +https://openai.com/gptbot)"
4.227.36.124 - - [16/Jan/2025:18:35:53 +0100] "GET /vendor/aws/aws-sdk-php/src/data/neptune/ HTTP/2.0" 200 574 "-" "Mozilla/5.0 AppleWebKit/537.36 (KHTML, like Gecko; compatible; GPTBot/1.2; +https://openai.com/gptbot)"
4.227.36.57 - - [16/Jan/2025:18:35:53 +0100] "GET /vendor/nunomaduro/termwind/src/Repositories/?C=M%3BO%3DA HTTP/2.0" 200 580 "-" "Mozilla/5.0 AppleWebKit/537.36 (KHTML, like Gecko; compatible; GPTBot/1.2; +https://openai.com/gptbot)"
4.227.36.124 - - [16/Jan/2025:18:35:54 +0100] "GET /vendor/aws/aws-sdk-php/src/data/voice-id/ HTTP/2.0" 200 576 "-" "Mozilla/5.0 AppleWebKit/537.36 (KHTML, like Gecko; compatible; GPTBot/1.2; +https://openai.com/gptbot)"
4.227.36.57 - - [16/Jan/2025:18:35:54 +0100] "GET /vendor/nunomaduro/termwind/src/Repositories/?C=D%3BO%3DA HTTP/2.0" 200 580 "-" "Mozilla/5.0 AppleWebKit/537.36 (KHTML, like Gecko; compatible; GPTBot/1.2; +https://openai.com/gptbot)"
4.227.36.124 - - [16/Jan/2025:18:35:55 +0100] "GET /vendor/aws/aws-sdk-php/src/data/sns/ HTTP/2.0" 200 566 "-" "Mozilla/5.0 AppleWebKit/537.36 (KHTML, like Gecko; compatible; GPTBot/1.2; +https://openai.com/gptbot)"
4.227.36.57 - - [16/Jan/2025:18:35:55 +0100] "GET /vendor/nunomaduro/termwind/src/Repositories/?C=N%3BO%3DD HTTP/2.0" 200 580 "-" "Mozilla/5.0 AppleWebKit/537.36 (KHTML, like Gecko; compatible; GPTBot/1.2; +https://openai.com/gptbot)"
4.227.36.124 - - [16/Jan/2025:18:35:56 +0100] "GET /vendor/aws/aws-sdk-php/src/data/ssm/ HTTP/2.0" 200 566 "-" "Mozilla/5.0 AppleWebKit/537.36 (KHTML, like Gecko; compatible; GPTBot/1.2; +https://openai.com/gptbot)"
4.227.36.57 - - [16/Jan/2025:18:35:56 +0100] "GET /vendor/nunomaduro/termwind/src/Html/?C=N%3BO%3DD HTTP/2.0" 200 811 "-" "Mozilla/5.0 AppleWebKit/537.36 (KHTML, like Gecko; compatible; GPTBot/1.2; +https://openai.com/gptbot)"
4.227.36.124 - - [16/Jan/2025:18:35:57 +0100] "GET /vendor/aws/aws-sdk-php/src/data/discovery/ HTTP/2.0" 200 578 "-" "Mozilla/5.0 AppleWebKit/537.36 (KHTML, like Gecko; compatible; GPTBot/1.2; +https://openai.com/gptbot)"
4.227.36.57 - - [16/Jan/2025:18:35:58 +0100] "GET /vendor/nunomaduro/termwind/src/Html/?C=M%3BO%3DA HTTP/2.0" 200 811 "-" "Mozilla/5.0 AppleWebKit/537.36 (KHTML, like Gecko; compatible; GPTBot/1.2; +https://openai.com/gptbot)"
4.227.36.124 - - [16/Jan/2025:18:35:58 +0100] "GET /vendor/aws/aws-sdk-php/src/data/personalize/ HTTP/2.0" 200 582 "-" "Mozilla/5.0 AppleWebKit/537.36 (KHTML, like Gecko; compatible; GPTBot/1.2; +https://openai.com/gptbot)"
4.227.36.57 - - [16/Jan/2025:18:35:59 +0100] "GET /vendor/nunomaduro/termwind/src/Html/InheritStyles.php HTTP/2.0" 200 20 "-" "Mozilla/5.0 AppleWebKit/537.36 (KHTML, like Gecko; compatible; GPTBot/1.2; +https://openai.com/gptbot)"
4.227.36.124 - - [16/Jan/2025:18:35:59 +0100] "GET /vendor/aws/aws-sdk-php/src/data/support/ HTTP/2.0" 200 574 "-" "Mozilla/5.0 AppleWebKit/537.36 (KHTML, like Gecko; compatible; GPTBot/1.2; +https://openai.com/gptbot)"
4.227.36.57 - - [16/Jan/2025:18:36:00 +0100] "GET /vendor/nunomaduro/termwind/src/Html/?C=D%3BO%3DA HTTP/2.0" 200 811 "-" "Mozilla/5.0 AppleWebKit/537.36 (KHTML, like Gecko; compatible; GPTBot/1.2; +https://openai.com/gptbot)"
4.227.36.124 - - [16/Jan/2025:18:36:01 +0100] "GET /vendor/aws/aws-sdk-php/src/data/polly/ HTTP/2.0" 200 570 "-" "Mozilla/5.0 AppleWebKit/537.36 (KHTML, like Gecko; compatible; GPTBot/1.2; +https://openai.com/gptbot)"
4.227.36.57 - - [16/Jan/2025:18:36:01 +0100] "GET /vendor/nunomaduro/termwind/src/Html/?C=S%3BO%3DA HTTP/2.0" 200 811 "-" "Mozilla/5.0 AppleWebKit/537.36 (KHTML, like Gecko; compatible; GPTBot/1.2; +https://openai.com/gptbot)"
4.227.36.124 - - [16/Jan/2025:18:36:02 +0100] "GET /vendor/aws/aws-sdk-php/src/data/shield/ HTTP/2.0" 200 572 "-" "Mozilla/5.0 AppleWebKit/537.36 (KHTML, like Gecko; compatible; GPTBot/1.2; +https://openai.com/gptbot)"
4.227.36.57 - - [16/Jan/2025:18:36:02 +0100] "GET /vendor/nunomaduro/termwind/src/Html/PreRenderer.php HTTP/2.0" 200 20 "-" "Mozilla/5.0 AppleWebKit/537.36 (KHTML, like Gecko; compatible; GPTBot/1.2; +https://openai.com/gptbot)"
4.227.36.124 - - [16/Jan/2025:18:36:03 +0100] "GET /vendor/aws/aws-sdk-php/src/data/chime-sdk-messaging/ HTTP/2.0" 200 598 "-" "Mozilla/5.0 AppleWebKit/537.36 (KHTML, like Gecko; compatible; GPTBot/1.2; +https://openai.com/gptbot)"
4.227.36.57 - - [16/Jan/2025:18:36:03 +0100] "GET /vendor/nunomaduro/termwind/src/Html/TableRenderer.php HTTP/2.0" 200 20 "-" "Mozilla/5.0 AppleWebKit/537.36 (KHTML, like Gecko; compatible; GPTBot/1.2; +https://openai.com/gptbot)"
4.227.36.124 - - [16/Jan/2025:18:36:04 +0100] "GET /vendor/aws/aws-sdk-php/src/data/elasticfilesystem/ HTTP/2.0" 200 594 "-" "Mozilla/5.0 AppleWebKit/537.36 (KHTML, like Gecko; compatible; GPTBot/1.2; +https://openai.com/gptbot)"
4.227.36.57 - - [16/Jan/2025:18:36:04 +0100] "GET /vendor/nunomaduro/termwind/src/Html/CodeRenderer.php HTTP/2.0" 200 20 "-" "Mozilla/5.0 AppleWebKit/537.36 (KHTML, like Gecko; compatible; GPTBot/1.2; +https://openai.com/gptbot)"
4.227.36.124 - - [16/Jan/2025:18:36:05 +0100] "GET /vendor/aws/aws-sdk-php/src/data/redshift-serverless/ HTTP/2.0" 200 598 "-" "Mozilla/5.0 AppleWebKit/537.36 (KHTML, like Gecko; compatible; GPTBot/1.2; +https://openai.com/gptbot)"
4.227.36.57 - - [16/Jan/2025:18:36:05 +0100] "GET /vendor/nunomaduro/termwind/src/Components/Span.php HTTP/2.0" 200 201 "-" "Mozilla/5.0 AppleWebKit/537.36 (KHTML, like Gecko; compatible; GPTBot/1.2; +https://openai.com/gptbot)"
4.227.36.124 - - [16/Jan/2025:18:36:06 +0100] "GET /vendor/aws/aws-sdk-php/src/data/lex-models/ HTTP/2.0" 200 580 "-" "Mozilla/5.0 AppleWebKit/537.36 (KHTML, like Gecko; compatible; GPTBot/1.2; +https://openai.com/gptbot)"
4.227.36.57 - - [16/Jan/2025:18:36:06 +0100] "GET /vendor/nunomaduro/termwind/src/Components/Dt.php HTTP/2.0" 200 200 "-" "Mozilla/5.0 AppleWebKit/537.36 (KHTML, like Gecko; compatible; GPTBot/1.2; +https://openai.com/gptbot)"
4.227.36.124 - - [16/Jan/2025:18:36:07 +0100] "GET /vendor/aws/aws-sdk-php/src/data/elasticloadbalancing/ HTTP/2.0" 200 600 "-" "Mozilla/5.0 AppleWebKit/537.36 (KHTML, like Gecko; compatible; GPTBot/1.2; +https://openai.com/gptbot)"
4.227.36.57 - - [16/Jan/2025:18:36:07 +0100] "GET /vendor/nunomaduro/termwind/src/Components/?C=D%3BO%3DA HTTP/2.0" 200 1509 "-" "Mozilla/5.0 AppleWebKit/537.36 (KHTML, like Gecko; compatible; GPTBot/1.2; +https://openai.com/gptbot)"
4.227.36.124 - - [16/Jan/2025:18:36:08 +0100] "GET /vendor/aws/aws-sdk-php/src/data/finspace/ HTTP/2.0" 200 576 "-" "Mozilla/5.0 AppleWebKit/537.36 (KHTML, like Gecko; compatible; GPTBot/1.2; +https://openai.com/gptbot)"
4.227.36.57 - - [16/Jan/2025:18:36:09 +0100] "GET /vendor/nunomaduro/termwind/src/Components/BreakLine.php HTTP/2.0" 200 205 "-" "Mozilla/5.0 AppleWebKit/537.36 (KHTML, like Gecko; compatible; GPTBot/1.2; +https://openai.com/gptbot)"
4.227.36.124 - - [16/Jan/2025:18:36:09 +0100] "GET /vendor/aws/aws-sdk-php/src/data/runtime.lex.v2 HTTP/2.0" 301 284 "-" "Mozilla/5.0 AppleWebKit/537.36 (KHTML, like Gecko; compatible; GPTBot/1.2; +https://openai.com/gptbot)"
4.227.36.57 - - [16/Jan/2025:18:36:10 +0100] "GET /vendor/nunomaduro/termwind/src/Components/Dd.php HTTP/2.0" 200 200 "-" "Mozilla/5.0 AppleWebKit/537.36 (KHTML, like Gecko; compatible; GPTBot/1.2; +https://openai.com/gptbot)"
4.227.36.124 - - [16/Jan/2025:18:36:10 +0100] "GET /vendor/aws/aws-sdk-php/src/data/networkmanager/ HTTP/2.0" 200 588 "-" "Mozilla/5.0 AppleWebKit/537.36 (KHTML, like Gecko; compatible; GPTBot/1.2; +https://openai.com/gptbot)"
4.227.36.57 - - [16/Jan/2025:18:36:11 +0100] "GET /vendor/nunomaduro/termwind/src/Components/?C=N%3BO%3DD HTTP/2.0" 200 1509 "-" "Mozilla/5.0 AppleWebKit/537.36 (KHTML, like Gecko; compatible; GPTBot/1.2; +https://openai.com/gptbot)"
4.227.36.124 - - [16/Jan/2025:18:36:12 +0100] "GET /vendor/aws/aws-sdk-php/src/data/grafana/ HTTP/2.0" 200 574 "-" "Mozilla/5.0 AppleWebKit/537.36 (KHTML, like Gecko; compatible; GPTBot/1.2; +https://openai.com/gptbot)"
4.227.36.57 - - [16/Jan/2025:18:36:12 +0100] "GET /vendor/nunomaduro/termwind/src/Components/Li.php HTTP/2.0" 200 200 "-" "Mozilla/5.0 AppleWebKit/537.36 (KHTML, like Gecko; compatible; GPTBot/1.2; +https://openai.com/gptbot)"
4.227.36.124 - - [16/Jan/2025:18:36:13 +0100] "GET /vendor/aws/aws-sdk-php/src/data/lakeformation/ HTTP/2.0" 200 586 "-" "Mozilla/5.0 AppleWebKit/537.36 (KHTML, like Gecko; compatible; GPTBot/1.2; +https://openai.com/gptbot)"
4.227.36.57 - - [16/Jan/2025:18:36:13 +0100] "GET /vendor/nunomaduro/termwind/src/Components/Ul.php HTTP/2.0" 200 200 "-" "Mozilla/5.0 AppleWebKit/537.36 (KHTML, like Gecko; compatible; GPTBot/1.2; +https://openai.com/gptbot)"
4.227.36.124 - - [16/Jan/2025:18:36:14 +0100] "GET /vendor/aws/aws-sdk-php/src/data/iotdeviceadvisor/ HTTP/2.0" 200 592 "-" "Mozilla/5.0 AppleWebKit/537.36 (KHTML, like Gecko; compatible; GPTBot/1.2; +https://openai.com/gptbot)"
4.227.36.57 - - [16/Jan/2025:18:36:14 +0100] "GET /vendor/nunomaduro/termwind/src/Components/Paragraph.php HTTP/2.0" 200 204 "-" "Mozilla/5.0 AppleWebKit/537.36 (KHTML, like Gecko; compatible; GPTBot/1.2; +https://openai.com/gptbot)"
4.227.36.124 - - [16/Jan/2025:18:36:15 +0100] "GET /vendor/aws/aws-sdk-php/src/data/accessanalyzer/ HTTP/2.0" 200 588 "-" "Mozilla/5.0 AppleWebKit/537.36 (KHTML, like Gecko; compatible; GPTBot/1.2; +https://openai.com/gptbot)"
4.227.36.57 - - [16/Jan/2025:18:36:15 +0100] "GET /vendor/nunomaduro/termwind/src/Components/Ol.php HTTP/2.0" 200 200 "-" "Mozilla/5.0 AppleWebKit/537.36 (KHTML, like Gecko; compatible; GPTBot/1.2; +https://openai.com/gptbot)"
4.227.36.124 - - [16/Jan/2025:18:36:16 +0100] "GET /vendor/aws/aws-sdk-php/src/data/docdb/ HTTP/2.0" 200 570 "-" "Mozilla/5.0 AppleWebKit/537.36 (KHTML, like Gecko; compatible; GPTBot/1.2; +https://openai.com/gptbot)"
4.227.36.57 - - [16/Jan/2025:18:36:16 +0100] "GET /vendor/nunomaduro/termwind/src/Components/Hr.php HTTP/2.0" 200 200 "-" "Mozilla/5.0 AppleWebKit/537.36 (KHTML, like Gecko; compatible; GPTBot/1.2; +https://openai.com/gptbot)"
4.227.36.124 - - [16/Jan/2025:18:36:17 +0100] "GET /vendor/aws/aws-sdk-php/src/data/forecastquery/ HTTP/2.0" 200 586 "-" "Mozilla/5.0 AppleWebKit/537.36 (KHTML, like Gecko; compatible; GPTBot/1.2; +https://openai.com/gptbot)"
4.227.36.57 - - [16/Jan/2025:18:36:17 +0100] "GET /vendor/nunomaduro/termwind/src/Components/?C=M%3BO%3DA HTTP/2.0" 200 1509 "-" "Mozilla/5.0 AppleWebKit/537.36 (KHTML, like Gecko; compatible; GPTBot/1.2; +https://openai.com/gptbot)"
4.227.36.124 - - [16/Jan/2025:18:36:18 +0100] "GET /vendor/aws/aws-sdk-php/src/data/robomaker/ HTTP/2.0" 200 578 "-" "Mozilla/5.0 AppleWebKit/537.36 (KHTML, like Gecko; compatible; GPTBot/1.2; +https://openai.com/gptbot)"
4.227.36.57 - - [16/Jan/2025:18:36:18 +0100] "GET /vendor/nunomaduro/termwind/src/Components/Raw.php HTTP/2.0" 200 201 "-" "Mozilla/5.0 AppleWebKit/537.36 (KHTML, like Gecko; compatible; GPTBot/1.2; +https://openai.com/gptbot)"
4.227.36.124 - - [16/Jan/2025:18:36:19 +0100] "GET /vendor/aws/aws-sdk-php/src/data/endpoints.json.php HTTP/2.0" 200 20 "-" "Mozilla/5.0 AppleWebKit/537.36 (KHTML, like Gecko; compatible; GPTBot/1.2; +https://openai.com/gptbot)"
4.227.36.57 - - [16/Jan/2025:18:36:20 +0100] "GET /vendor/nunomaduro/termwind/src/Components/Anchor.php HTTP/2.0" 200 203 "-" "Mozilla/5.0 AppleWebKit/537.36 (KHTML, like Gecko; compatible; GPTBot/1.2; +https://openai.com/gptbot)"
4.227.36.124 - - [16/Jan/2025:18:36:20 +0100] "GET /vendor/aws/aws-sdk-php/src/data/lambda/ HTTP/2.0" 200 572 "-" "Mozilla/5.0 AppleWebKit/537.36 (KHTML, like Gecko; compatible; GPTBot/1.2; +https://openai.com/gptbot)"
4.227.36.57 - - [16/Jan/2025:18:36:21 +0100] "GET /vendor/nunomaduro/termwind/src/Components/Dl.php HTTP/2.0" 200 200 "-" "Mozilla/5.0 AppleWebKit/537.36 (KHTML, like Gecko; compatible; GPTBot/1.2; +https://openai.com/gptbot)"
4.227.36.124 - - [16/Jan/2025:18:36:21 +0100] "GET /vendor/aws/aws-sdk-php/src/data/kendra/ HTTP/2.0" 200 572 "-" "Mozilla/5.0 AppleWebKit/537.36 (KHTML, like Gecko; compatible; GPTBot/1.2; +https://openai.com/gptbot)"
4.227.36.57 - - [16/Jan/2025:18:36:22 +0100] "GET /vendor/nunomaduro/termwind/src/Components/Div.php HTTP/2.0" 200 201 "-" "Mozilla/5.0 AppleWebKit/537.36 (KHTML, like Gecko; compatible; GPTBot/1.2; +https://openai.com/gptbot)"
4.227.36.124 - - [16/Jan/2025:18:36:23 +0100] "GET /vendor/aws/aws-sdk-php/src/data/acm/ HTTP/2.0" 200 566 "-" "Mozilla/5.0 AppleWebKit/537.36 (KHTML, like Gecko; compatible; GPTBot/1.2; +https://openai.com/gptbot)"
4.227.36.124 - - [16/Jan/2025:18:36:24 +0100] "GET /vendor/aws/aws-sdk-php/src/data/events/ HTTP/2.0" 200 572 "-" "Mozilla/5.0 AppleWebKit/537.36 (KHTML, like Gecko; compatible; GPTBot/1.2; +https://openai.com/gptbot)"
4.227.36.57 - - [16/Jan/2025:18:36:24 +0100] "GET /vendor/nunomaduro/termwind/src/Components/Element.php HTTP/2.0" 200 20 "-" "Mozilla/5.0 AppleWebKit/537.36 (KHTML, like Gecko; compatible; GPTBot/1.2; +https://openai.com/gptbot)"
4.227.36.57 - - [16/Jan/2025:18:36:24 +0100] "GET /vendor/nunomaduro/termwind/src/Components/?C=S%3BO%3DA HTTP/2.0" 200 1509 "-" "Mozilla/5.0 AppleWebKit/537.36 (KHTML, like Gecko; compatible; GPTBot/1.2; +https://openai.com/gptbot)"
4.227.36.124 - - [16/Jan/2025:18:36:25 +0100] "GET /vendor/aws/aws-sdk-php/src/data/qldb/ HTTP/2.0" 200 568 "-" "Mozilla/5.0 AppleWebKit/537.36 (KHTML, like Gecko; compatible; GPTBot/1.2; +https://openai.com/gptbot)"
4.227.36.57 - - [16/Jan/2025:18:36:25 +0100] "GET /vendor/nunomaduro/termwind/src/Laravel/?C=M%3BO%3DA HTTP/2.0" 200 590 "-" "Mozilla/5.0 AppleWebKit/537.36 (KHTML, like Gecko; compatible; GPTBot/1.2; +https://openai.com/gptbot)"
4.227.36.124 - - [16/Jan/2025:18:36:26 +0100] "GET /vendor/aws/aws-sdk-php/src/data/?C=S%3BO%3DA HTTP/2.0" 200 24854 "-" "Mozilla/5.0 AppleWebKit/537.36 (KHTML, like Gecko; compatible; GPTBot/1.2; +https://openai.com/gptbot)"
4.227.36.57 - - [16/Jan/2025:18:36:26 +0100] "GET /vendor/nunomaduro/termwind/src/Laravel/TermwindServiceProvider.php HTTP/2.0" 200 215 "-" "Mozilla/5.0 AppleWebKit/537.36 (KHTML, like Gecko; compatible; GPTBot/1.2; +https://openai.com/gptbot)"
4.227.36.124 - - [16/Jan/2025:18:36:27 +0100] "GET /vendor/aws/aws-sdk-php/src/data/ivs/ HTTP/2.0" 200 566 "-" "Mozilla/5.0 AppleWebKit/537.36 (KHTML, like Gecko; compatible; GPTBot/1.2; +https://openai.com/gptbot)"
4.227.36.57 - - [16/Jan/2025:18:36:27 +0100] "GET /vendor/nunomaduro/termwind/src/Laravel/?C=S%3BO%3DA HTTP/2.0" 200 590 "-" "Mozilla/5.0 AppleWebKit/537.36 (KHTML, like Gecko; compatible; GPTBot/1.2; +https://openai.com/gptbot)"
4.227.36.124 - - [16/Jan/2025:18:36:28 +0100] "GET /vendor/aws/aws-sdk-php/src/data/schemas/ HTTP/2.0" 200 574 "-" "Mozilla/5.0 AppleWebKit/537.36 (KHTML, like Gecko; compatible; GPTBot/1.2; +https://openai.com/gptbot)"
4.227.36.57 - - [16/Jan/2025:18:36:28 +0100] "GET /vendor/nunomaduro/termwind/src/Laravel/?C=N%3BO%3DD HTTP/2.0" 200 590 "-" "Mozilla/5.0 AppleWebKit/537.36 (KHTML, like Gecko; compatible; GPTBot/1.2; +https://openai.com/gptbot)"
4.227.36.124 - - [16/Jan/2025:18:36:29 +0100] "GET /vendor/aws/aws-sdk-php/src/data/ecr/ HTTP/2.0" 200 566 "-" "Mozilla/5.0 AppleWebKit/537.36 (KHTML, like Gecko; compatible; GPTBot/1.2; +https://openai.com/gptbot)"
4.227.36.57 - - [16/Jan/2025:18:36:30 +0100] "GET /vendor/nunomaduro/termwind/src/Laravel/?C=D%3BO%3DA HTTP/2.0" 200 590 "-" "Mozilla/5.0 AppleWebKit/537.36 (KHTML, like Gecko; compatible; GPTBot/1.2; +https://openai.com/gptbot)"
4.227.36.124 - - [16/Jan/2025:18:36:30 +0100] "GET /vendor/aws/aws-sdk-php/src/data/apigatewaymanagementapi/ HTTP/2.0" 200 606 "-" "Mozilla/5.0 AppleWebKit/537.36 (KHTML, like Gecko; compatible; GPTBot/1.2; +https://openai.com/gptbot)"
4.227.36.57 - - [16/Jan/2025:18:36:31 +0100] "GET /vendor/hamcrest/hamcrest-php/tests/Hamcrest/Xml/ HTTP/2.0" 200 607 "-" "Mozilla/5.0 AppleWebKit/537.36 (KHTML, like Gecko; compatible; GPTBot/1.2; +https://openai.com/gptbot)"
4.227.36.124 - - [16/Jan/2025:18:36:31 +0100] "GET /vendor/aws/aws-sdk-php/src/data/greengrass/ HTTP/2.0" 200 580 "-" "Mozilla/5.0 AppleWebKit/537.36 (KHTML, like Gecko; compatible; GPTBot/1.2; +https://openai.com/gptbot)"
4.227.36.57 - - [16/Jan/2025:18:36:32 +0100] "GET /vendor/hamcrest/hamcrest-php/tests/Hamcrest/Number/ HTTP/2.0" 200 707 "-" "Mozilla/5.0 AppleWebKit/537.36 (KHTML, like Gecko; compatible; GPTBot/1.2; +https://openai.com/gptbot)"
4.227.36.124 - - [16/Jan/2025:18:36:32 +0100] "GET /vendor/aws/aws-sdk-php/src/data/nimble/ HTTP/2.0" 200 572 "-" "Mozilla/5.0 AppleWebKit/537.36 (KHTML, like Gecko; compatible; GPTBot/1.2; +https://openai.com/gptbot)"
4.227.36.57 - - [16/Jan/2025:18:36:33 +0100] "GET /vendor/hamcrest/hamcrest-php/tests/Hamcrest/Array/ HTTP/2.0" 200 1189 "-" "Mozilla/5.0 AppleWebKit/537.36 (KHTML, like Gecko; compatible; GPTBot/1.2; +https://openai.com/gptbot)"
4.227.36.124 - - [16/Jan/2025:18:36:34 +0100] "GET /vendor/aws/aws-sdk-php/src/data/chime/ HTTP/2.0" 200 570 "-" "Mozilla/5.0 AppleWebKit/537.36 (KHTML, like Gecko; compatible; GPTBot/1.2; +https://openai.com/gptbot)"
4.227.36.57 - - [16/Jan/2025:18:36:34 +0100] "GET /vendor/hamcrest/hamcrest-php/tests/Hamcrest/?C=N%3BO%3DD HTTP/2.0" 200 1596 "-" "Mozilla/5.0 AppleWebKit/537.36 (KHTML, like Gecko; compatible; GPTBot/1.2; +https://openai.com/gptbot)"
4.227.36.124 - - [16/Jan/2025:18:36:35 +0100] "GET /vendor/aws/aws-sdk-php/src/data/application-insights/ HTTP/2.0" 200 600 "-" "Mozilla/5.0 AppleWebKit/537.36 (KHTML, like Gecko; compatible; GPTBot/1.2; +https://openai.com/gptbot)"
4.227.36.57 - - [16/Jan/2025:18:36:35 +0100] "GET /vendor/hamcrest/hamcrest-php/tests/Hamcrest/?C=S%3BO%3DA HTTP/2.0" 200 1596 "-" "Mozilla/5.0 AppleWebKit/537.36 (KHTML, like Gecko; compatible; GPTBot/1.2; +https://openai.com/gptbot)"
4.227.36.124 - - [16/Jan/2025:18:36:36 +0100] "GET /vendor/aws/aws-sdk-php/src/data/cognito-identity/ HTTP/2.0" 200 592 "-" "Mozilla/5.0 AppleWebKit/537.36 (KHTML, like Gecko; compatible; GPTBot/1.2; +https://openai.com/gptbot)"
4.227.36.57 - - [16/Jan/2025:18:36:36 +0100] "GET /vendor/hamcrest/hamcrest-php/tests/Hamcrest/InvokedMatcherTest.php HTTP/2.0" 200 206 "-" "Mozilla/5.0 AppleWebKit/537.36 (KHTML, like Gecko; compatible; GPTBot/1.2; +https://openai.com/gptbot)"
4.227.36.124 - - [16/Jan/2025:18:36:37 +0100] "GET /vendor/aws/aws-sdk-php/src/data/amplifybackend/ HTTP/2.0" 200 588 "-" "Mozilla/5.0 AppleWebKit/537.36 (KHTML, like Gecko; compatible; GPTBot/1.2; +https://openai.com/gptbot)"
4.227.36.57 - - [16/Jan/2025:18:36:37 +0100] "GET /vendor/hamcrest/hamcrest-php/tests/Hamcrest/StringDescriptionTest.php HTTP/2.0" 200 209 "-" "Mozilla/5.0 AppleWebKit/537.36 (KHTML, like Gecko; compatible; GPTBot/1.2; +https://openai.com/gptbot)"
4.227.36.124 - - [16/Jan/2025:18:36:38 +0100] "GET /vendor/aws/aws-sdk-php/src/data/guardduty/ HTTP/2.0" 200 578 "-" "Mozilla/5.0 AppleWebKit/537.36 (KHTML, like Gecko; compatible; GPTBot/1.2; +https://openai.com/gptbot)"
4.227.36.57 - - [16/Jan/2025:18:36:38 +0100] "GET /vendor/hamcrest/hamcrest-php/tests/Hamcrest/?C=M%3BO%3DA HTTP/2.0" 200 1596 "-" "Mozilla/5.0 AppleWebKit/537.36 (KHTML, like Gecko; compatible; GPTBot/1.2; +https://openai.com/gptbot)"
4.227.36.124 - - [16/Jan/2025:18:36:39 +0100] "GET /vendor/aws/aws-sdk-php/src/data/emr-serverless/ HTTP/2.0" 200 588 "-" "Mozilla/5.0 AppleWebKit/537.36 (KHTML, like Gecko; compatible; GPTBot/1.2; +https://openai.com/gptbot)"
4.227.36.57 - - [16/Jan/2025:18:36:39 +0100] "GET /vendor/hamcrest/hamcrest-php/tests/Hamcrest/UtilTest.php HTTP/2.0" 200 207 "-" "Mozilla/5.0 AppleWebKit/537.36 (KHTML, like Gecko; compatible; GPTBot/1.2; +https://openai.com/gptbot)"
4.227.36.124 - - [16/Jan/2025:18:36:40 +0100] "GET /vendor/aws/aws-sdk-php/src/data/machinelearning/ HTTP/2.0" 200 590 "-" "Mozilla/5.0 AppleWebKit/537.36 (KHTML, like Gecko; compatible; GPTBot/1.2; +https://openai.com/gptbot)"
4.227.36.57 - - [16/Jan/2025:18:36:41 +0100] "GET /vendor/hamcrest/hamcrest-php/tests/Hamcrest/Collection/ HTTP/2.0" 200 730 "-" "Mozilla/5.0 AppleWebKit/537.36 (KHTML, like Gecko; compatible; GPTBot/1.2; +https://openai.com/gptbot)"
4.227.36.124 - - [16/Jan/2025:18:36:41 +0100] "GET /vendor/aws/aws-sdk-php/src/data/iotsitewise/ HTTP/2.0" 200 582 "-" "Mozilla/5.0 AppleWebKit/537.36 (KHTML, like Gecko; compatible; GPTBot/1.2; +https://openai.com/gptbot)"
4.227.36.57 - - [16/Jan/2025:18:36:42 +0100] "GET /vendor/hamcrest/hamcrest-php/tests/Hamcrest/AbstractMatcherTest.php HTTP/2.0" 200 212 "-" "Mozilla/5.0 AppleWebKit/537.36 (KHTML, like Gecko; compatible; GPTBot/1.2; +https://openai.com/gptbot)"
4.227.36.124 - - [16/Jan/2025:18:36:42 +0100] "GET /vendor/aws/aws-sdk-php/src/data/compute-optimizer/ HTTP/2.0" 200 594 "-" "Mozilla/5.0 AppleWebKit/537.36 (KHTML, like Gecko; compatible; GPTBot/1.2; +https://openai.com/gptbot)"
4.227.36.57 - - [16/Jan/2025:18:36:43 +0100] "GET /vendor/hamcrest/hamcrest-php/tests/Hamcrest/?C=D%3BO%3DA HTTP/2.0" 200 1596 "-" "Mozilla/5.0 AppleWebKit/537.36 (KHTML, like Gecko; compatible; GPTBot/1.2; +https://openai.com/gptbot)"
4.227.36.124 - - [16/Jan/2025:18:36:43 +0100] "GET /vendor/aws/aws-sdk-php/src/data/autoscaling-plans/ HTTP/2.0" 200 594 "-" "Mozilla/5.0 AppleWebKit/537.36 (KHTML, like Gecko; compatible; GPTBot/1.2; +https://openai.com/gptbot)"
4.227.36.57 - - [16/Jan/2025:18:36:44 +0100] "GET /vendor/hamcrest/hamcrest-php/tests/Hamcrest/Type/ HTTP/2.0" 200 1335 "-" "Mozilla/5.0 AppleWebKit/537.36 (KHTML, like Gecko; compatible; GPTBot/1.2; +https://openai.com/gptbot)"
4.227.36.124 - - [16/Jan/2025:18:36:45 +0100] "GET /vendor/aws/aws-sdk-php/src/data/kinesisvideo/ HTTP/2.0" 200 584 "-" "Mozilla/5.0 AppleWebKit/537.36 (KHTML, like Gecko; compatible; GPTBot/1.2; +https://openai.com/gptbot)"
4.227.36.57 - - [16/Jan/2025:18:36:45 +0100] "GET /vendor/hamcrest/hamcrest-php/tests/Hamcrest/FeatureMatcherTest.php HTTP/2.0" 200 203 "-" "Mozilla/5.0 AppleWebKit/537.36 (KHTML, like Gecko; compatible; GPTBot/1.2; +https://openai.com/gptbot)"
4.227.36.124 - - [16/Jan/2025:18:36:46 +0100] "GET /vendor/aws/aws-sdk-php/src/data/apigatewayv2/ HTTP/2.0" 200 584 "-" "Mozilla/5.0 AppleWebKit/537.36 (KHTML, like Gecko; compatible; GPTBot/1.2; +https://openai.com/gptbot)"
4.227.36.57 - - [16/Jan/2025:18:36:46 +0100] "GET /vendor/hamcrest/hamcrest-php/tests/Hamcrest/BaseMatcherTest.php HTTP/2.0" 200 200 "-" "Mozilla/5.0 AppleWebKit/537.36 (KHTML, like Gecko; compatible; GPTBot/1.2; +https://openai.com/gptbot)"
4.227.36.124 - - [16/Jan/2025:18:36:47 +0100] "GET /vendor/aws/aws-sdk-php/src/data/personalize-runtime/ HTTP/2.0" 200 598 "-" "Mozilla/5.0 AppleWebKit/537.36 (KHTML, like Gecko; compatible; GPTBot/1.2; +https://openai.com/gptbot)"
4.227.36.57 - - [16/Jan/2025:18:36:47 +0100] "GET /vendor/hamcrest/hamcrest-php/tests/Hamcrest/MatcherAssertTest.php HTTP/2.0" 200 212 "-" "Mozilla/5.0 AppleWebKit/537.36 (KHTML, like Gecko; compatible; GPTBot/1.2; +https://openai.com/gptbot)"
4.227.36.124 - - [16/Jan/2025:18:36:48 +0100] "GET /vendor/aws/aws-sdk-php/src/data/route53resolver/ HTTP/2.0" 200 590 "-" "Mozilla/5.0 AppleWebKit/537.36 (KHTML, like Gecko; compatible; GPTBot/1.2; +https://openai.com/gptbot)"
4.227.36.57 - - [16/Jan/2025:18:36:48 +0100] "GET /vendor/hamcrest/hamcrest-php/tests/Hamcrest/Core/ HTTP/2.0" 200 2070 "-" "Mozilla/5.0 AppleWebKit/537.36 (KHTML, like Gecko; compatible; GPTBot/1.2; +https://openai.com/gptbot)"
4.227.36.124 - - [16/Jan/2025:18:36:49 +0100] "GET /vendor/aws/aws-sdk-php/src/data/data.iot HTTP/2.0" 301 278 "-" "Mozilla/5.0 AppleWebKit/537.36 (KHTML, like Gecko; compatible; GPTBot/1.2; +https://openai.com/gptbot)"
4.227.36.57 - - [16/Jan/2025:18:36:49 +0100] "GET /vendor/hamcrest/hamcrest-php/tests/Hamcrest/Text/ HTTP/2.0" 200 1354 "-" "Mozilla/5.0 AppleWebKit/537.36 (KHTML, like Gecko; compatible; GPTBot/1.2; +https://openai.com/gptbot)"
4.227.36.124 - - [16/Jan/2025:18:36:50 +0100] "GET /vendor/aws/aws-sdk-php/src/data/mediapackage-vod/ HTTP/2.0" 200 592 "-" "Mozilla/5.0 AppleWebKit/537.36 (KHTML, like Gecko; compatible; GPTBot/1.2; +https://openai.com/gptbot)"
4.227.36.57 - - [16/Jan/2025:18:36:50 +0100] "GET /vendor/hamcrest/hamcrest-php/generator/parts/?C=M%3BO%3DA HTTP/2.0" 200 1098 "-" "Mozilla/5.0 AppleWebKit/537.36 (KHTML, like Gecko; compatible; GPTBot/1.2; +https://openai.com/gptbot)"
4.227.36.124 - - [16/Jan/2025:18:36:51 +0100] "GET /vendor/aws/aws-sdk-php/src/CodeBuild/?C=M%3BO%3DA HTTP/2.0" 200 645 "-" "Mozilla/5.0 AppleWebKit/537.36 (KHTML, like Gecko; compatible; GPTBot/1.2; +https://openai.com/gptbot)"
4.227.36.57 - - [16/Jan/2025:18:36:52 +0100] "GET /vendor/hamcrest/hamcrest-php/generator/parts/matchers_footer.txt HTTP/2.0" 200 2 "-" "Mozilla/5.0 AppleWebKit/537.36 (KHTML, like Gecko; compatible; GPTBot/1.2; +https://openai.com/gptbot)"
4.227.36.124 - - [16/Jan/2025:18:36:52 +0100] "GET /vendor/aws/aws-sdk-php/src/CodeBuild/CodeBuildClient.php HTTP/2.0" 200 200 "-" "Mozilla/5.0 AppleWebKit/537.36 (KHTML, like Gecko; compatible; GPTBot/1.2; +https://openai.com/gptbot)"
4.227.36.57 - - [16/Jan/2025:18:36:53 +0100] "GET /vendor/hamcrest/hamcrest-php/generator/parts/file_header.txt HTTP/2.0" 200 126 "-" "Mozilla/5.0 AppleWebKit/537.36 (KHTML, like Gecko; compatible; GPTBot/1.2; +https://openai.com/gptbot)"
4.227.36.124 - - [16/Jan/2025:18:36:53 +0100] "GET /vendor/aws/aws-sdk-php/src/CodeBuild/?C=S%3BO%3DA HTTP/2.0" 200 645 "-" "Mozilla/5.0 AppleWebKit/537.36 (KHTML, like Gecko; compatible; GPTBot/1.2; +https://openai.com/gptbot)"
4.227.36.57 - - [16/Jan/2025:18:36:54 +0100] "GET /vendor/hamcrest/hamcrest-php/generator/parts/?C=D%3BO%3DA HTTP/2.0" 200 1098 "-" "Mozilla/5.0 AppleWebKit/537.36 (KHTML, like Gecko; compatible; GPTBot/1.2; +https://openai.com/gptbot)"
4.227.36.124 - - [16/Jan/2025:18:36:54 +0100] "GET /vendor/aws/aws-sdk-php/src/CodeBuild/?C=D%3BO%3DA HTTP/2.0" 200 645 "-" "Mozilla/5.0 AppleWebKit/537.36 (KHTML, like Gecko; compatible; GPTBot/1.2; +https://openai.com/gptbot)"
4.227.36.57 - - [16/Jan/2025:18:36:55 +0100] "GET /vendor/hamcrest/hamcrest-php/generator/parts/functions_imports.txt HTTP/2.0" 200 0 "-" "Mozilla/5.0 AppleWebKit/537.36 (KHTML, like Gecko; compatible; GPTBot/1.2; +https://openai.com/gptbot)"
4.227.36.124 - - [16/Jan/2025:18:36:56 +0100] "GET /vendor/aws/aws-sdk-php/src/CodeBuild/Exception/ HTTP/2.0" 200 604 "-" "Mozilla/5.0 AppleWebKit/537.36 (KHTML, like Gecko; compatible; GPTBot/1.2; +https://openai.com/gptbot)"
4.227.36.57 - - [16/Jan/2025:18:36:56 +0100] "GET /vendor/hamcrest/hamcrest-php/generator/parts/functions_footer.txt HTTP/2.0" 200 0 "-" "Mozilla/5.0 AppleWebKit/537.36 (KHTML, like Gecko; compatible; GPTBot/1.2; +https://openai.com/gptbot)"
4.227.36.124 - - [16/Jan/2025:18:36:57 +0100] "GET /vendor/aws/aws-sdk-php/src/CodeBuild/?C=N%3BO%3DD HTTP/2.0" 200 645 "-" "Mozilla/5.0 AppleWebKit/537.36 (KHTML, like Gecko; compatible; GPTBot/1.2; +https://openai.com/gptbot)"
4.227.36.57 - - [16/Jan/2025:18:36:57 +0100] "GET /vendor/hamcrest/hamcrest-php/generator/parts/functions_header.txt HTTP/2.0" 200 328 "-" "Mozilla/5.0 AppleWebKit/537.36 (KHTML, like Gecko; compatible; GPTBot/1.2; +https://openai.com/gptbot)"
4.227.36.124 - - [16/Jan/2025:18:36:58 +0100] "GET /vendor/aws/aws-sdk-php/src/LexModelBuildingService/?C=M%3BO%3DA HTTP/2.0" 200 690 "-" "Mozilla/5.0 AppleWebKit/537.36 (KHTML, like Gecko; compatible; GPTBot/1.2; +https://openai.com/gptbot)"
4.227.36.57 - - [16/Jan/2025:18:36:58 +0100] "GET /vendor/hamcrest/hamcrest-php/generator/parts/?C=S%3BO%3DA HTTP/2.0" 200 1098 "-" "Mozilla/5.0 AppleWebKit/537.36 (KHTML, like Gecko; compatible; GPTBot/1.2; +https://openai.com/gptbot)"
4.227.36.124 - - [16/Jan/2025:18:36:59 +0100] "GET /vendor/aws/aws-sdk-php/src/LexModelBuildingService/?C=S%3BO%3DA HTTP/2.0" 200 690 "-" "Mozilla/5.0 AppleWebKit/537.36 (KHTML, like Gecko; compatible; GPTBot/1.2; +https://openai.com/gptbot)"
4.227.36.57 - - [16/Jan/2025:18:36:59 +0100] "GET /vendor/hamcrest/hamcrest-php/generator/parts/?C=N%3BO%3DD HTTP/2.0" 200 1098 "-" "Mozilla/5.0 AppleWebKit/537.36 (KHTML, like Gecko; compatible; GPTBot/1.2; +https://openai.com/gptbot)"
4.227.36.124 - - [16/Jan/2025:18:37:00 +0100] "GET /vendor/aws/aws-sdk-php/src/LexModelBuildingService/?C=N%3BO%3DD HTTP/2.0" 200 690 "-" "Mozilla/5.0 AppleWebKit/537.36 (KHTML, like Gecko; compatible; GPTBot/1.2; +https://openai.com/gptbot)"
4.227.36.57 - - [16/Jan/2025:18:37:00 +0100] "GET /vendor/hamcrest/hamcrest-php/generator/parts/matchers_imports.txt HTTP/2.0" 200 40 "-" "Mozilla/5.0 AppleWebKit/537.36 (KHTML, like Gecko; compatible; GPTBot/1.2; +https://openai.com/gptbot)"
4.227.36.124 - - [16/Jan/2025:18:37:01 +0100] "GET /vendor/aws/aws-sdk-php/src/LexModelBuildingService/LexModelBuildingServiceClient.php HTTP/2.0" 200 210 "-" "Mozilla/5.0 AppleWebKit/537.36 (KHTML, like Gecko; compatible; GPTBot/1.2; +https://openai.com/gptbot)"
4.227.36.57 - - [16/Jan/2025:18:37:01 +0100] "GET /vendor/hamcrest/hamcrest-php/generator/parts/matchers_header.txt HTTP/2.0" 200 92 "-" "Mozilla/5.0 AppleWebKit/537.36 (KHTML, like Gecko; compatible; GPTBot/1.2; +https://openai.com/gptbot)"
4.227.36.124 - - [16/Jan/2025:18:37:02 +0100] "GET /vendor/aws/aws-sdk-php/src/LexModelBuildingService/?C=D%3BO%3DA HTTP/2.0" 200 690 "-" "Mozilla/5.0 AppleWebKit/537.36 (KHTML, like Gecko; compatible; GPTBot/1.2; +https://openai.com/gptbot)"
4.227.36.57 - - [16/Jan/2025:18:37:03 +0100] "GET /vendor/hamcrest/hamcrest-php/hamcrest/Hamcrest/MatcherAssert.php HTTP/2.0" 200 20 "-" "Mozilla/5.0 AppleWebKit/537.36 (KHTML, like Gecko; compatible; GPTBot/1.2; +https://openai.com/gptbot)"
4.227.36.124 - - [16/Jan/2025:18:37:03 +0100] "GET /vendor/aws/aws-sdk-php/src/LexModelBuildingService/Exception/ HTTP/2.0" 200 663 "-" "Mozilla/5.0 AppleWebKit/537.36 (KHTML, like Gecko; compatible; GPTBot/1.2; +https://openai.com/gptbot)"
4.227.36.57 - - [16/Jan/2025:18:37:04 +0100] "GET /vendor/hamcrest/hamcrest-php/hamcrest/Hamcrest/BaseMatcher.php HTTP/2.0" 200 200 "-" "Mozilla/5.0 AppleWebKit/537.36 (KHTML, like Gecko; compatible; GPTBot/1.2; +https://openai.com/gptbot)"
4.227.36.124 - - [16/Jan/2025:18:37:04 +0100] "GET /vendor/aws/aws-sdk-php/src/Route53Resolver/?C=M%3BO%3DA HTTP/2.0" 200 666 "-" "Mozilla/5.0 AppleWebKit/537.36 (KHTML, like Gecko; compatible; GPTBot/1.2; +https://openai.com/gptbot)"
4.227.36.57 - - [16/Jan/2025:18:37:05 +0100] "GET /vendor/hamcrest/hamcrest-php/hamcrest/Hamcrest/StringDescription.php HTTP/2.0" 200 201 "-" "Mozilla/5.0 AppleWebKit/537.36 (KHTML, like Gecko; compatible; GPTBot/1.2; +https://openai.com/gptbot)"
4.227.36.124 - - [16/Jan/2025:18:37:05 +0100] "GET /vendor/aws/aws-sdk-php/src/Route53Resolver/?C=S%3BO%3DA HTTP/2.0" 200 666 "-" "Mozilla/5.0 AppleWebKit/537.36 (KHTML, like Gecko; compatible; GPTBot/1.2; +https://openai.com/gptbot)"
4.227.36.57 - - [16/Jan/2025:18:37:06 +0100] "GET /vendor/hamcrest/hamcrest-php/hamcrest/Hamcrest/FeatureMatcher.php HTTP/2.0" 200 211 "-" "Mozilla/5.0 AppleWebKit/537.36 (KHTML, like Gecko; compatible; GPTBot/1.2; +https://openai.com/gptbot)"
4.227.36.124 - - [16/Jan/2025:18:37:07 +0100] "GET /vendor/aws/aws-sdk-php/src/Route53Resolver/Exception/ HTTP/2.0" 200 631 "-" "Mozilla/5.0 AppleWebKit/537.36 (KHTML, like Gecko; compatible; GPTBot/1.2; +https://openai.com/gptbot)"
4.227.36.57 - - [16/Jan/2025:18:37:07 +0100] "GET /vendor/hamcrest/hamcrest-php/hamcrest/Hamcrest/AssertionError.php HTTP/2.0" 200 20 "-" "Mozilla/5.0 AppleWebKit/537.36 (KHTML, like Gecko; compatible; GPTBot/1.2; +https://openai.com/gptbot)"
4.227.36.124 - - [16/Jan/2025:18:37:08 +0100] "GET /vendor/aws/aws-sdk-php/src/Route53Resolver/Route53ResolverClient.php HTTP/2.0" 200 206 "-" "Mozilla/5.0 AppleWebKit/537.36 (KHTML, like Gecko; compatible; GPTBot/1.2; +https://openai.com/gptbot)"
4.227.36.57 - - [16/Jan/2025:18:37:08 +0100] "GET /vendor/hamcrest/hamcrest-php/hamcrest/Hamcrest/TypeSafeMatcher.php HTTP/2.0" 200 203 "-" "Mozilla/5.0 AppleWebKit/537.36 (KHTML, like Gecko; compatible; GPTBot/1.2; +https://openai.com/gptbot)"
4.227.36.124 - - [16/Jan/2025:18:37:09 +0100] "GET /vendor/aws/aws-sdk-php/src/Route53Resolver/?C=N%3BO%3DD HTTP/2.0" 200 666 "-" "Mozilla/5.0 AppleWebKit/537.36 (KHTML, like Gecko; compatible; GPTBot/1.2; +https://openai.com/gptbot)"
4.227.36.57 - - [16/Jan/2025:18:37:09 +0100] "GET /vendor/hamcrest/hamcrest-php/hamcrest/Hamcrest/TypeSafeDiagnosingMatcher.php HTTP/2.0" 200 207 "-" "Mozilla/5.0 AppleWebKit/537.36 (KHTML, like Gecko; compatible; GPTBot/1.2; +https://openai.com/gptbot)"
4.227.36.124 - - [16/Jan/2025:18:37:10 +0100] "GET /vendor/aws/aws-sdk-php/src/Route53Resolver/?C=D%3BO%3DA HTTP/2.0" 200 666 "-" "Mozilla/5.0 AppleWebKit/537.36 (KHTML, like Gecko; compatible; GPTBot/1.2; +https://openai.com/gptbot)"
4.227.36.57 - - [16/Jan/2025:18:37:10 +0100] "GET /vendor/hamcrest/hamcrest-php/hamcrest/Hamcrest/Core/ HTTP/2.0" 200 1930 "-" "Mozilla/5.0 AppleWebKit/537.36 (KHTML, like Gecko; compatible; GPTBot/1.2; +https://openai.com/gptbot)"
4.227.36.124 - - [16/Jan/2025:18:37:11 +0100] "GET /vendor/aws/aws-sdk-php/src/QLDB/Exception/ HTTP/2.0" 200 584 "-" "Mozilla/5.0 AppleWebKit/537.36 (KHTML, like Gecko; compatible; GPTBot/1.2; +https://openai.com/gptbot)"
4.227.36.57 - - [16/Jan/2025:18:37:11 +0100] "GET /vendor/hamcrest/hamcrest-php/hamcrest/Hamcrest/?C=M%3BO%3DA HTTP/2.0" 200 2307 "-" "Mozilla/5.0 AppleWebKit/537.36 (KHTML, like Gecko; compatible; GPTBot/1.2; +https://openai.com/gptbot)"
4.227.36.124 - - [16/Jan/2025:18:37:12 +0100] "GET /vendor/aws/aws-sdk-php/src/QLDB/QLDBClient.php HTTP/2.0" 200 198 "-" "Mozilla/5.0 AppleWebKit/537.36 (KHTML, like Gecko; compatible; GPTBot/1.2; +https://openai.com/gptbot)"
4.227.36.57 - - [16/Jan/2025:18:37:12 +0100] "GET /vendor/hamcrest/hamcrest-php/hamcrest/Hamcrest/Util.php HTTP/2.0" 200 20 "-" "Mozilla/5.0 AppleWebKit/537.36 (KHTML, like Gecko; compatible; GPTBot/1.2; +https://openai.com/gptbot)"
4.227.36.124 - - [16/Jan/2025:18:37:13 +0100] "GET /vendor/aws/aws-sdk-php/src/QLDB/?C=D%3BO%3DA HTTP/2.0" 200 630 "-" "Mozilla/5.0 AppleWebKit/537.36 (KHTML, like Gecko; compatible; GPTBot/1.2; +https://openai.com/gptbot)"
4.227.36.57 - - [16/Jan/2025:18:37:14 +0100] "GET /vendor/hamcrest/hamcrest-php/hamcrest/Hamcrest/Description.php HTTP/2.0" 200 20 "-" "Mozilla/5.0 AppleWebKit/537.36 (KHTML, like Gecko; compatible; GPTBot/1.2; +https://openai.com/gptbot)"
4.227.36.124 - - [16/Jan/2025:18:37:14 +0100] "GET /vendor/aws/aws-sdk-php/src/QLDB/?C=M%3BO%3DA HTTP/2.0" 200 630 "-" "Mozilla/5.0 AppleWebKit/537.36 (KHTML, like Gecko; compatible; GPTBot/1.2; +https://openai.com/gptbot)"
4.227.36.57 - - [16/Jan/2025:18:37:15 +0100] "GET /vendor/hamcrest/hamcrest-php/hamcrest/Hamcrest/Internal/ HTTP/2.0" 200 633 "-" "Mozilla/5.0 AppleWebKit/537.36 (KHTML, like Gecko; compatible; GPTBot/1.2; +https://openai.com/gptbot)"
4.227.36.124 - - [16/Jan/2025:18:37:15 +0100] "GET /vendor/aws/aws-sdk-php/src/QLDB/?C=N%3BO%3DD HTTP/2.0" 200 630 "-" "Mozilla/5.0 AppleWebKit/537.36 (KHTML, like Gecko; compatible; GPTBot/1.2; +https://openai.com/gptbot)"
4.227.36.57 - - [16/Jan/2025:18:37:16 +0100] "GET /vendor/hamcrest/hamcrest-php/hamcrest/Hamcrest/Type/ HTTP/2.0" 200 1304 "-" "Mozilla/5.0 AppleWebKit/537.36 (KHTML, like Gecko; compatible; GPTBot/1.2; +https://openai.com/gptbot)"
4.227.36.124 - - [16/Jan/2025:18:37:16 +0100] "GET /vendor/aws/aws-sdk-php/src/QLDB/?C=S%3BO%3DA HTTP/2.0" 200 630 "-" "Mozilla/5.0 AppleWebKit/537.36 (KHTML, like Gecko; compatible; GPTBot/1.2; +https://openai.com/gptbot)"
4.227.36.57 - - [16/Jan/2025:18:37:17 +0100] "GET /vendor/hamcrest/hamcrest-php/hamcrest/Hamcrest/Arrays/ HTTP/2.0" 200 1335 "-" "Mozilla/5.0 AppleWebKit/537.36 (KHTML, like Gecko; compatible; GPTBot/1.2; +https://openai.com/gptbot)"
4.227.36.124 - - [16/Jan/2025:18:37:18 +0100] "GET /vendor/aws/aws-sdk-php/src/AlexaForBusiness/?C=S%3BO%3DA HTTP/2.0" 200 669 "-" "Mozilla/5.0 AppleWebKit/537.36 (KHTML, like Gecko; compatible; GPTBot/1.2; +https://openai.com/gptbot)"
4.227.36.57 - - [16/Jan/2025:18:37:18 +0100] "GET /vendor/hamcrest/hamcrest-php/hamcrest/Hamcrest/SelfDescribing.php HTTP/2.0" 200 20 "-" "Mozilla/5.0 AppleWebKit/537.36 (KHTML, like Gecko; compatible; GPTBot/1.2; +https://openai.com/gptbot)"
4.227.36.124 - - [16/Jan/2025:18:37:19 +0100] "GET /vendor/aws/aws-sdk-php/src/AlexaForBusiness/?C=D%3BO%3DA HTTP/2.0" 200 669 "-" "Mozilla/5.0 AppleWebKit/537.36 (KHTML, like Gecko; compatible; GPTBot/1.2; +https://openai.com/gptbot)"
4.227.36.57 - - [16/Jan/2025:18:37:19 +0100] "GET /vendor/hamcrest/hamcrest-php/hamcrest/Hamcrest/NullDescription.php HTTP/2.0" 200 202 "-" "Mozilla/5.0 AppleWebKit/537.36 (KHTML, like Gecko; compatible; GPTBot/1.2; +https://openai.com/gptbot)"
4.227.36.57 - - [16/Jan/2025:18:37:20 +0100] "GET /vendor/hamcrest/hamcrest-php/hamcrest/Hamcrest/?C=N%3BO%3DD HTTP/2.0" 200 2307 "-" "Mozilla/5.0 AppleWebKit/537.36 (KHTML, like Gecko; compatible; GPTBot/1.2; +https://openai.com/gptbot)"
4.227.36.57 - - [16/Jan/2025:18:37:21 +0100] "GET /vendor/hamcrest/hamcrest-php/hamcrest/Hamcrest/Xml/ HTTP/2.0" 200 612 "-" "Mozilla/5.0 AppleWebKit/537.36 (KHTML, like Gecko; compatible; GPTBot/1.2; +https://openai.com/gptbot)"
4.227.36.57 - - [16/Jan/2025:18:37:22 +0100] "GET /vendor/hamcrest/hamcrest-php/hamcrest/Hamcrest/Matchers.php HTTP/2.0" 200 20 "-" "Mozilla/5.0 AppleWebKit/537.36 (KHTML, like Gecko; compatible; GPTBot/1.2; +https://openai.com/gptbot)"
