4.227.36.57 - - [16/Jan/2025:18:39:19 +0100] "GET /vendor/phar-io/version/src/exceptions/Exception.php HTTP/2.0" 200 20 "-" "Mozilla/5.0 AppleWebKit/537.36 (KHTML, like Gecko; compatible; GPTBot/1.2; +https://openai.com/gptbot)"
4.227.36.124 - - [16/Jan/2025:18:39:19 +0100] "GET /vendor/aws/aws-sdk-php/src/CloudDirectory/Exception/CloudDirectoryException.php HTTP/2.0" 200 210 "-" "Mozilla/5.0 AppleWebKit/537.36 (KHTML, like Gecko; compatible; GPTBot/1.2; +https://openai.com/gptbot)"
4.227.36.57 - - [16/Jan/2025:18:39:20 +0100] "GET /vendor/phar-io/version/src/exceptions/InvalidPreReleaseSuffixException.php HTTP/2.0" 200 217 "-" "Mozilla/5.0 AppleWebKit/537.36 (KHTML, like Gecko; compatible; GPTBot/1.2; +https://openai.com/gptbot)"
4.227.36.124 - - [16/Jan/2025:18:39:20 +0100] "GET /vendor/aws/aws-sdk-php/src/KinesisVideo/Exception/?C=D%3BO%3DA HTTP/2.0" 200 619 "-" "Mozilla/5.0 AppleWebKit/537.36 (KHTML, like Gecko; compatible; GPTBot/1.2; +https://openai.com/gptbot)"
4.227.36.57 - - [16/Jan/2025:18:39:21 +0100] "GET /vendor/phar-io/version/src/exceptions/InvalidVersionException.php HTTP/2.0" 200 208 "-" "Mozilla/5.0 AppleWebKit/537.36 (KHTML, like Gecko; compatible; GPTBot/1.2; +https://openai.com/gptbot)"
4.227.36.124 - - [16/Jan/2025:18:39:21 +0100] "GET /vendor/aws/aws-sdk-php/src/KinesisVideo/Exception/?C=S%3BO%3DA HTTP/2.0" 200 619 "-" "Mozilla/5.0 AppleWebKit/537.36 (KHTML, like Gecko; compatible; GPTBot/1.2; +https://openai.com/gptbot)"
4.227.36.57 - - [16/Jan/2025:18:39:22 +0100] "GET /vendor/phar-io/version/src/exceptions/NoPreReleaseSuffixException.php HTTP/2.0" 200 215 "-" "Mozilla/5.0 AppleWebKit/537.36 (KHTML, like Gecko; compatible; GPTBot/1.2; +https://openai.com/gptbot)"
4.227.36.124 - - [16/Jan/2025:18:39:23 +0100] "GET /vendor/aws/aws-sdk-php/src/KinesisVideo/Exception/KinesisVideoException.php HTTP/2.0" 200 208 "-" "Mozilla/5.0 AppleWebKit/537.36 (KHTML, like Gecko; compatible; GPTBot/1.2; +https://openai.com/gptbot)"
4.227.36.57 - - [16/Jan/2025:18:39:23 +0100] "GET /vendor/phar-io/version/src/exceptions/?C=D%3BO%3DA HTTP/2.0" 200 1065 "-" "Mozilla/5.0 AppleWebKit/537.36 (KHTML, like Gecko; compatible; GPTBot/1.2; +https://openai.com/gptbot)"
4.227.36.124 - - [16/Jan/2025:18:39:24 +0100] "GET /vendor/aws/aws-sdk-php/src/KinesisVideo/Exception/?C=N%3BO%3DD HTTP/2.0" 200 619 "-" "Mozilla/5.0 AppleWebKit/537.36 (KHTML, like Gecko; compatible; GPTBot/1.2; +https://openai.com/gptbot)"
4.227.36.57 - - [16/Jan/2025:18:39:24 +0100] "GET /vendor/phar-io/version/src/exceptions/?C=M%3BO%3DA HTTP/2.0" 200 1065 "-" "Mozilla/5.0 AppleWebKit/537.36 (KHTML, like Gecko; compatible; GPTBot/1.2; +https://openai.com/gptbot)"
4.227.36.124 - - [16/Jan/2025:18:39:25 +0100] "GET /vendor/aws/aws-sdk-php/src/KinesisVideo/Exception/?C=M%3BO%3DA HTTP/2.0" 200 619 "-" "Mozilla/5.0 AppleWebKit/537.36 (KHTML, like Gecko; compatible; GPTBot/1.2; +https://openai.com/gptbot)"
4.227.36.57 - - [16/Jan/2025:18:39:26 +0100] "GET /vendor/phar-io/version/src/exceptions/?C=S%3BO%3DA HTTP/2.0" 200 1065 "-" "Mozilla/5.0 AppleWebKit/537.36 (KHTML, like Gecko; compatible; GPTBot/1.2; +https://openai.com/gptbot)"
4.227.36.124 - - [16/Jan/2025:18:39:26 +0100] "GET /vendor/aws/aws-sdk-php/src/ChimeSDKIdentity/Exception/?C=M%3BO%3DA HTTP/2.0" 200 635 "-" "Mozilla/5.0 AppleWebKit/537.36 (KHTML, like Gecko; compatible; GPTBot/1.2; +https://openai.com/gptbot)"
4.227.36.57 - - [16/Jan/2025:18:39:27 +0100] "GET /vendor/phar-io/version/src/exceptions/NoBuildMetaDataException.php HTTP/2.0" 200 213 "-" "Mozilla/5.0 AppleWebKit/537.36 (KHTML, like Gecko; compatible; GPTBot/1.2; +https://openai.com/gptbot)"
4.227.36.124 - - [16/Jan/2025:18:39:27 +0100] "GET /vendor/aws/aws-sdk-php/src/ChimeSDKIdentity/Exception/ChimeSDKIdentityException.php HTTP/2.0" 200 213 "-" "Mozilla/5.0 AppleWebKit/537.36 (KHTML, like Gecko; compatible; GPTBot/1.2; +https://openai.com/gptbot)"
4.227.36.57 - - [16/Jan/2025:18:39:28 +0100] "GET /vendor/phar-io/version/src/constraints/VersionConstraint.php HTTP/2.0" 200 20 "-" "Mozilla/5.0 AppleWebKit/537.36 (KHTML, like Gecko; compatible; GPTBot/1.2; +https://openai.com/gptbot)"
4.227.36.124 - - [16/Jan/2025:18:39:28 +0100] "GET /vendor/aws/aws-sdk-php/src/ChimeSDKIdentity/Exception/?C=N%3BO%3DD HTTP/2.0" 200 635 "-" "Mozilla/5.0 AppleWebKit/537.36 (KHTML, like Gecko; compatible; GPTBot/1.2; +https://openai.com/gptbot)"
4.227.36.57 - - [16/Jan/2025:18:39:29 +0100] "GET /vendor/phar-io/version/src/constraints/GreaterThanOrEqualToVersionConstraint.php HTTP/2.0" 200 222 "-" "Mozilla/5.0 AppleWebKit/537.36 (KHTML, like Gecko; compatible; GPTBot/1.2; +https://openai.com/gptbot)"
4.227.36.124 - - [16/Jan/2025:18:39:29 +0100] "GET /vendor/aws/aws-sdk-php/src/ChimeSDKIdentity/Exception/?C=S%3BO%3DA HTTP/2.0" 200 635 "-" "Mozilla/5.0 AppleWebKit/537.36 (KHTML, like Gecko; compatible; GPTBot/1.2; +https://openai.com/gptbot)"
4.227.36.57 - - [16/Jan/2025:18:39:30 +0100] "GET /vendor/phar-io/version/src/constraints/?C=N%3BO%3DD HTTP/2.0" 200 1366 "-" "Mozilla/5.0 AppleWebKit/537.36 (KHTML, like Gecko; compatible; GPTBot/1.2; +https://openai.com/gptbot)"
4.227.36.124 - - [16/Jan/2025:18:39:30 +0100] "GET /vendor/aws/aws-sdk-php/src/ChimeSDKIdentity/Exception/?C=D%3BO%3DA HTTP/2.0" 200 635 "-" "Mozilla/5.0 AppleWebKit/537.36 (KHTML, like Gecko; compatible; GPTBot/1.2; +https://openai.com/gptbot)"
4.227.36.57 - - [16/Jan/2025:18:39:31 +0100] "GET /vendor/phar-io/version/src/constraints/ExactVersionConstraint.php HTTP/2.0" 200 209 "-" "Mozilla/5.0 AppleWebKit/537.36 (KHTML, like Gecko; compatible; GPTBot/1.2; +https://openai.com/gptbot)"
4.227.36.124 - - [16/Jan/2025:18:39:31 +0100] "GET /vendor/aws/aws-sdk-php/src/OpsWorks/Exception/OpsWorksException.php HTTP/2.0" 200 205 "-" "Mozilla/5.0 AppleWebKit/537.36 (KHTML, like Gecko; compatible; GPTBot/1.2; +https://openai.com/gptbot)"
4.227.36.57 - - [16/Jan/2025:18:39:32 +0100] "GET /vendor/phar-io/version/src/constraints/AndVersionConstraintGroup.php HTTP/2.0" 200 212 "-" "Mozilla/5.0 AppleWebKit/537.36 (KHTML, like Gecko; compatible; GPTBot/1.2; +https://openai.com/gptbot)"
4.227.36.124 - - [16/Jan/2025:18:39:32 +0100] "GET /vendor/aws/aws-sdk-php/src/OpsWorks/Exception/?C=M%3BO%3DA HTTP/2.0" 200 600 "-" "Mozilla/5.0 AppleWebKit/537.36 (KHTML, like Gecko; compatible; GPTBot/1.2; +https://openai.com/gptbot)"
4.227.36.57 - - [16/Jan/2025:18:39:33 +0100] "GET /vendor/phar-io/version/src/constraints/AbstractVersionConstraint.php HTTP/2.0" 200 212 "-" "Mozilla/5.0 AppleWebKit/537.36 (KHTML, like Gecko; compatible; GPTBot/1.2; +https://openai.com/gptbot)"
4.227.36.124 - - [16/Jan/2025:18:39:34 +0100] "GET /vendor/aws/aws-sdk-php/src/OpsWorks/Exception/?C=N%3BO%3DD HTTP/2.0" 200 600 "-" "Mozilla/5.0 AppleWebKit/537.36 (KHTML, like Gecko; compatible; GPTBot/1.2; +https://openai.com/gptbot)"
4.227.36.57 - - [16/Jan/2025:18:39:34 +0100] "GET /vendor/phar-io/version/src/constraints/?C=D%3BO%3DA HTTP/2.0" 200 1366 "-" "Mozilla/5.0 AppleWebKit/537.36 (KHTML, like Gecko; compatible; GPTBot/1.2; +https://openai.com/gptbot)"
4.227.36.124 - - [16/Jan/2025:18:39:35 +0100] "GET /vendor/aws/aws-sdk-php/src/OpsWorks/Exception/?C=D%3BO%3DA HTTP/2.0" 200 600 "-" "Mozilla/5.0 AppleWebKit/537.36 (KHTML, like Gecko; compatible; GPTBot/1.2; +https://openai.com/gptbot)"
4.227.36.57 - - [16/Jan/2025:18:39:35 +0100] "GET /vendor/phar-io/version/src/constraints/?C=S%3BO%3DA HTTP/2.0" 200 1366 "-" "Mozilla/5.0 AppleWebKit/537.36 (KHTML, like Gecko; compatible; GPTBot/1.2; +https://openai.com/gptbot)"
4.227.36.124 - - [16/Jan/2025:18:39:36 +0100] "GET /vendor/aws/aws-sdk-php/src/OpsWorks/Exception/?C=S%3BO%3DA HTTP/2.0" 200 600 "-" "Mozilla/5.0 AppleWebKit/537.36 (KHTML, like Gecko; compatible; GPTBot/1.2; +https://openai.com/gptbot)"
4.227.36.57 - - [16/Jan/2025:18:39:37 +0100] "GET /vendor/phar-io/version/src/constraints/?C=M%3BO%3DA HTTP/2.0" 200 1366 "-" "Mozilla/5.0 AppleWebKit/537.36 (KHTML, like Gecko; compatible; GPTBot/1.2; +https://openai.com/gptbot)"
4.227.36.124 - - [16/Jan/2025:18:39:37 +0100] "GET /vendor/aws/aws-sdk-php/src/SageMaker/Exception/?C=N%3BO%3DD HTTP/2.0" 200 604 "-" "Mozilla/5.0 AppleWebKit/537.36 (KHTML, like Gecko; compatible; GPTBot/1.2; +https://openai.com/gptbot)"
4.227.36.57 - - [16/Jan/2025:18:39:38 +0100] "GET /vendor/phar-io/version/src/constraints/SpecificMajorAndMinorVersionConstraint.php HTTP/2.0" 200 223 "-" "Mozilla/5.0 AppleWebKit/537.36 (KHTML, like Gecko; compatible; GPTBot/1.2; +https://openai.com/gptbot)"
4.227.36.124 - - [16/Jan/2025:18:39:38 +0100] "GET /vendor/aws/aws-sdk-php/src/SageMaker/Exception/?C=M%3BO%3DA HTTP/2.0" 200 604 "-" "Mozilla/5.0 AppleWebKit/537.36 (KHTML, like Gecko; compatible; GPTBot/1.2; +https://openai.com/gptbot)"
4.227.36.57 - - [16/Jan/2025:18:39:39 +0100] "GET /vendor/phar-io/version/src/constraints/AnyVersionConstraint.php HTTP/2.0" 200 211 "-" "Mozilla/5.0 AppleWebKit/537.36 (KHTML, like Gecko; compatible; GPTBot/1.2; +https://openai.com/gptbot)"
4.227.36.124 - - [16/Jan/2025:18:39:39 +0100] "GET /vendor/aws/aws-sdk-php/src/SageMaker/Exception/?C=D%3BO%3DA HTTP/2.0" 200 604 "-" "Mozilla/5.0 AppleWebKit/537.36 (KHTML, like Gecko; compatible; GPTBot/1.2; +https://openai.com/gptbot)"
4.227.36.57 - - [16/Jan/2025:18:39:40 +0100] "GET /vendor/phar-io/version/src/constraints/SpecificMajorVersionConstraint.php HTTP/2.0" 200 218 "-" "Mozilla/5.0 AppleWebKit/537.36 (KHTML, like Gecko; compatible; GPTBot/1.2; +https://openai.com/gptbot)"
4.227.36.124 - - [16/Jan/2025:18:39:40 +0100] "GET /vendor/aws/aws-sdk-php/src/SageMaker/Exception/?C=S%3BO%3DA HTTP/2.0" 200 604 "-" "Mozilla/5.0 AppleWebKit/537.36 (KHTML, like Gecko; compatible; GPTBot/1.2; +https://openai.com/gptbot)"
4.227.36.57 - - [16/Jan/2025:18:39:41 +0100] "GET /vendor/phar-io/version/src/constraints/OrVersionConstraintGroup.php HTTP/2.0" 200 213 "-" "Mozilla/5.0 AppleWebKit/537.36 (KHTML, like Gecko; compatible; GPTBot/1.2; +https://openai.com/gptbot)"
4.227.36.124 - - [16/Jan/2025:18:39:41 +0100] "GET /vendor/aws/aws-sdk-php/src/SageMaker/Exception/SageMakerException.php HTTP/2.0" 200 205 "-" "Mozilla/5.0 AppleWebKit/537.36 (KHTML, like Gecko; compatible; GPTBot/1.2; +https://openai.com/gptbot)"
4.227.36.57 - - [16/Jan/2025:18:39:42 +0100] "GET /vendor/sebastian/complexity/src/Complexity/ComplexityCollection.php HTTP/2.0" 200 240 "-" "Mozilla/5.0 AppleWebKit/537.36 (KHTML, like Gecko; compatible; GPTBot/1.2; +https://openai.com/gptbot)"
4.227.36.124 - - [16/Jan/2025:18:39:42 +0100] "GET /vendor/aws/aws-sdk-php/src/IoTSiteWise/Exception/IoTSiteWiseException.php HTTP/2.0" 200 208 "-" "Mozilla/5.0 AppleWebKit/537.36 (KHTML, like Gecko; compatible; GPTBot/1.2; +https://openai.com/gptbot)"
4.227.36.57 - - [16/Jan/2025:18:39:43 +0100] "GET /vendor/sebastian/complexity/src/Complexity/ComplexityCollectionIterator.php HTTP/2.0" 200 20 "-" "Mozilla/5.0 AppleWebKit/537.36 (KHTML, like Gecko; compatible; GPTBot/1.2; +https://openai.com/gptbot)"
4.227.36.124 - - [16/Jan/2025:18:39:43 +0100] "GET /vendor/aws/aws-sdk-php/src/IoTSiteWise/Exception/?C=N%3BO%3DD HTTP/2.0" 200 615 "-" "Mozilla/5.0 AppleWebKit/537.36 (KHTML, like Gecko; compatible; GPTBot/1.2; +https://openai.com/gptbot)"
4.227.36.57 - - [16/Jan/2025:18:39:44 +0100] "GET /vendor/sebastian/complexity/src/Complexity/Complexity.php HTTP/2.0" 200 20 "-" "Mozilla/5.0 AppleWebKit/537.36 (KHTML, like Gecko; compatible; GPTBot/1.2; +https://openai.com/gptbot)"
4.227.36.124 - - [16/Jan/2025:18:39:45 +0100] "GET /vendor/aws/aws-sdk-php/src/IoTSiteWise/Exception/?C=M%3BO%3DA HTTP/2.0" 200 615 "-" "Mozilla/5.0 AppleWebKit/537.36 (KHTML, like Gecko; compatible; GPTBot/1.2; +https://openai.com/gptbot)"
4.227.36.57 - - [16/Jan/2025:18:39:45 +0100] "GET /vendor/sebastian/complexity/src/Complexity/?C=M%3BO%3DA HTTP/2.0" 200 773 "-" "Mozilla/5.0 AppleWebKit/537.36 (KHTML, like Gecko; compatible; GPTBot/1.2; +https://openai.com/gptbot)"
4.227.36.124 - - [16/Jan/2025:18:39:46 +0100] "GET /vendor/aws/aws-sdk-php/src/IoTSiteWise/Exception/?C=D%3BO%3DA HTTP/2.0" 200 615 "-" "Mozilla/5.0 AppleWebKit/537.36 (KHTML, like Gecko; compatible; GPTBot/1.2; +https://openai.com/gptbot)"
4.227.36.57 - - [16/Jan/2025:18:39:46 +0100] "GET /vendor/sebastian/complexity/src/Complexity/?C=D%3BO%3DA HTTP/2.0" 200 773 "-" "Mozilla/5.0 AppleWebKit/537.36 (KHTML, like Gecko; compatible; GPTBot/1.2; +https://openai.com/gptbot)"
4.227.36.124 - - [16/Jan/2025:18:39:47 +0100] "GET /vendor/aws/aws-sdk-php/src/IoTSiteWise/Exception/?C=S%3BO%3DA HTTP/2.0" 200 615 "-" "Mozilla/5.0 AppleWebKit/537.36 (KHTML, like Gecko; compatible; GPTBot/1.2; +https://openai.com/gptbot)"
4.227.36.57 - - [16/Jan/2025:18:39:48 +0100] "GET /vendor/sebastian/complexity/src/Complexity/?C=N%3BO%3DD HTTP/2.0" 200 773 "-" "Mozilla/5.0 AppleWebKit/537.36 (KHTML, like Gecko; compatible; GPTBot/1.2; +https://openai.com/gptbot)"
4.227.36.124 - - [16/Jan/2025:18:39:48 +0100] "GET /vendor/aws/aws-sdk-php/src/ApplicationInsights/Exception/?C=M%3BO%3DA HTTP/2.0" 200 647 "-" "Mozilla/5.0 AppleWebKit/537.36 (KHTML, like Gecko; compatible; GPTBot/1.2; +https://openai.com/gptbot)"
4.227.36.57 - - [16/Jan/2025:18:39:49 +0100] "GET /vendor/sebastian/complexity/src/Complexity/?C=S%3BO%3DA HTTP/2.0" 200 773 "-" "Mozilla/5.0 AppleWebKit/537.36 (KHTML, like Gecko; compatible; GPTBot/1.2; +https://openai.com/gptbot)"
4.227.36.124 - - [16/Jan/2025:18:39:49 +0100] "GET /vendor/aws/aws-sdk-php/src/ApplicationInsights/Exception/?C=N%3BO%3DD HTTP/2.0" 200 647 "-" "Mozilla/5.0 AppleWebKit/537.36 (KHTML, like Gecko; compatible; GPTBot/1.2; +https://openai.com/gptbot)"
4.227.36.57 - - [16/Jan/2025:18:39:50 +0100] "GET /vendor/sebastian/complexity/src/Exception/Exception.php HTTP/2.0" 200 20 "-" "Mozilla/5.0 AppleWebKit/537.36 (KHTML, like Gecko; compatible; GPTBot/1.2; +https://openai.com/gptbot)"
4.227.36.124 - - [16/Jan/2025:18:39:50 +0100] "GET /vendor/aws/aws-sdk-php/src/ApplicationInsights/Exception/?C=D%3BO%3DA HTTP/2.0" 200 647 "-" "Mozilla/5.0 AppleWebKit/537.36 (KHTML, like Gecko; compatible; GPTBot/1.2; +https://openai.com/gptbot)"
4.227.36.57 - - [16/Jan/2025:18:39:51 +0100] "GET /vendor/sebastian/complexity/src/Exception/?C=D%3BO%3DA HTTP/2.0" 200 664 "-" "Mozilla/5.0 AppleWebKit/537.36 (KHTML, like Gecko; compatible; GPTBot/1.2; +https://openai.com/gptbot)"
4.227.36.124 - - [16/Jan/2025:18:39:52 +0100] "GET /vendor/aws/aws-sdk-php/src/ApplicationInsights/Exception/ApplicationInsightsException.php HTTP/2.0" 200 212 "-" "Mozilla/5.0 AppleWebKit/537.36 (KHTML, like Gecko; compatible; GPTBot/1.2; +https://openai.com/gptbot)"
4.227.36.57 - - [16/Jan/2025:18:39:52 +0100] "GET /vendor/sebastian/complexity/src/Exception/?C=N%3BO%3DD HTTP/2.0" 200 664 "-" "Mozilla/5.0 AppleWebKit/537.36 (KHTML, like Gecko; compatible; GPTBot/1.2; +https://openai.com/gptbot)"
4.227.36.124 - - [16/Jan/2025:18:39:52 +0100] "GET /vendor/aws/aws-sdk-php/src/ApplicationInsights/Exception/?C=S%3BO%3DA HTTP/2.0" 200 647 "-" "Mozilla/5.0 AppleWebKit/537.36 (KHTML, like Gecko; compatible; GPTBot/1.2; +https://openai.com/gptbot)"
4.227.36.57 - - [16/Jan/2025:18:39:53 +0100] "GET /vendor/sebastian/complexity/src/Exception/RuntimeException.php HTTP/2.0" 200 212 "-" "Mozilla/5.0 AppleWebKit/537.36 (KHTML, like Gecko; compatible; GPTBot/1.2; +https://openai.com/gptbot)"
4.227.36.124 - - [16/Jan/2025:18:39:53 +0100] "GET /vendor/aws/aws-sdk-php/src/ForecastQueryService/Exception/?C=D%3BO%3DA HTTP/2.0" 200 651 "-" "Mozilla/5.0 AppleWebKit/537.36 (KHTML, like Gecko; compatible; GPTBot/1.2; +https://openai.com/gptbot)"
4.227.36.57 - - [16/Jan/2025:18:39:54 +0100] "GET /vendor/sebastian/complexity/src/Exception/?C=S%3BO%3DA HTTP/2.0" 200 664 "-" "Mozilla/5.0 AppleWebKit/537.36 (KHTML, like Gecko; compatible; GPTBot/1.2; +https://openai.com/gptbot)"
4.227.36.124 - - [16/Jan/2025:18:39:54 +0100] "GET /vendor/aws/aws-sdk-php/src/ForecastQueryService/Exception/?C=N%3BO%3DD HTTP/2.0" 200 651 "-" "Mozilla/5.0 AppleWebKit/537.36 (KHTML, like Gecko; compatible; GPTBot/1.2; +https://openai.com/gptbot)"
4.227.36.57 - - [16/Jan/2025:18:39:55 +0100] "GET /vendor/sebastian/complexity/src/Exception/?C=M%3BO%3DA HTTP/2.0" 200 664 "-" "Mozilla/5.0 AppleWebKit/537.36 (KHTML, like Gecko; compatible; GPTBot/1.2; +https://openai.com/gptbot)"
4.227.36.124 - - [16/Jan/2025:18:39:56 +0100] "GET /vendor/aws/aws-sdk-php/src/ForecastQueryService/Exception/?C=M%3BO%3DA HTTP/2.0" 200 651 "-" "Mozilla/5.0 AppleWebKit/537.36 (KHTML, like Gecko; compatible; GPTBot/1.2; +https://openai.com/gptbot)"
4.227.36.57 - - [16/Jan/2025:18:39:56 +0100] "GET /vendor/sebastian/complexity/src/Visitor/?C=S%3BO%3DA HTTP/2.0" 200 707 "-" "Mozilla/5.0 AppleWebKit/537.36 (KHTML, like Gecko; compatible; GPTBot/1.2; +https://openai.com/gptbot)"
4.227.36.124 - - [16/Jan/2025:18:39:57 +0100] "GET /vendor/aws/aws-sdk-php/src/ForecastQueryService/Exception/ForecastQueryServiceException.php HTTP/2.0" 200 214 "-" "Mozilla/5.0 AppleWebKit/537.36 (KHTML, like Gecko; compatible; GPTBot/1.2; +https://openai.com/gptbot)"
4.227.36.57 - - [16/Jan/2025:18:39:57 +0100] "GET /vendor/sebastian/complexity/src/Visitor/CyclomaticComplexityCalculatingVisitor.php HTTP/2.0" 200 224 "-" "Mozilla/5.0 AppleWebKit/537.36 (KHTML, like Gecko; compatible; GPTBot/1.2; +https://openai.com/gptbot)"
4.227.36.124 - - [16/Jan/2025:18:39:58 +0100] "GET /vendor/aws/aws-sdk-php/src/ForecastQueryService/Exception/?C=S%3BO%3DA HTTP/2.0" 200 651 "-" "Mozilla/5.0 AppleWebKit/537.36 (KHTML, like Gecko; compatible; GPTBot/1.2; +https://openai.com/gptbot)"
4.227.36.57 - - [16/Jan/2025:18:39:59 +0100] "GET /vendor/sebastian/complexity/src/Visitor/?C=N%3BO%3DD HTTP/2.0" 200 707 "-" "Mozilla/5.0 AppleWebKit/537.36 (KHTML, like Gecko; compatible; GPTBot/1.2; +https://openai.com/gptbot)"
4.227.36.124 - - [16/Jan/2025:18:39:59 +0100] "GET /vendor/aws/aws-sdk-php/src/IoTWireless/Exception/?C=S%3BO%3DA HTTP/2.0" 200 615 "-" "Mozilla/5.0 AppleWebKit/537.36 (KHTML, like Gecko; compatible; GPTBot/1.2; +https://openai.com/gptbot)"
4.227.36.57 - - [16/Jan/2025:18:40:00 +0100] "GET /vendor/sebastian/complexity/src/Visitor/?C=M%3BO%3DA HTTP/2.0" 200 707 "-" "Mozilla/5.0 AppleWebKit/537.36 (KHTML, like Gecko; compatible; GPTBot/1.2; +https://openai.com/gptbot)"
4.227.36.124 - - [16/Jan/2025:18:40:00 +0100] "GET /vendor/aws/aws-sdk-php/src/IoTWireless/Exception/?C=M%3BO%3DA HTTP/2.0" 200 615 "-" "Mozilla/5.0 AppleWebKit/537.36 (KHTML, like Gecko; compatible; GPTBot/1.2; +https://openai.com/gptbot)"
4.227.36.57 - - [16/Jan/2025:18:40:01 +0100] "GET /vendor/sebastian/complexity/src/Visitor/ComplexityCalculatingVisitor.php HTTP/2.0" 200 217 "-" "Mozilla/5.0 AppleWebKit/537.36 (KHTML, like Gecko; compatible; GPTBot/1.2; +https://openai.com/gptbot)"
4.227.36.124 - - [16/Jan/2025:18:40:01 +0100] "GET /vendor/aws/aws-sdk-php/src/IoTWireless/Exception/?C=N%3BO%3DD HTTP/2.0" 200 615 "-" "Mozilla/5.0 AppleWebKit/537.36 (KHTML, like Gecko; compatible; GPTBot/1.2; +https://openai.com/gptbot)"
4.227.36.57 - - [16/Jan/2025:18:40:02 +0100] "GET /vendor/sebastian/complexity/src/Visitor/?C=D%3BO%3DA HTTP/2.0" 200 707 "-" "Mozilla/5.0 AppleWebKit/537.36 (KHTML, like Gecko; compatible; GPTBot/1.2; +https://openai.com/gptbot)"
4.227.36.124 - - [16/Jan/2025:18:40:02 +0100] "GET /vendor/aws/aws-sdk-php/src/IoTWireless/Exception/IoTWirelessException.php HTTP/2.0" 200 208 "-" "Mozilla/5.0 AppleWebKit/537.36 (KHTML, like Gecko; compatible; GPTBot/1.2; +https://openai.com/gptbot)"
4.227.36.57 - - [16/Jan/2025:18:40:03 +0100] "GET /vendor/sebastian/cli-parser/src/exceptions/OptionDoesNotAllowArgumentException.php HTTP/2.0" 200 231 "-" "Mozilla/5.0 AppleWebKit/537.36 (KHTML, like Gecko; compatible; GPTBot/1.2; +https://openai.com/gptbot)"
4.227.36.124 - - [16/Jan/2025:18:40:03 +0100] "GET /vendor/aws/aws-sdk-php/src/IoTWireless/Exception/?C=D%3BO%3DA HTTP/2.0" 200 615 "-" "Mozilla/5.0 AppleWebKit/537.36 (KHTML, like Gecko; compatible; GPTBot/1.2; +https://openai.com/gptbot)"
4.227.36.57 - - [16/Jan/2025:18:40:04 +0100] "GET /vendor/sebastian/cli-parser/src/exceptions/RequiredOptionArgumentMissingException.php HTTP/2.0" 200 232 "-" "Mozilla/5.0 AppleWebKit/537.36 (KHTML, like Gecko; compatible; GPTBot/1.2; +https://openai.com/gptbot)"
4.227.36.124 - - [16/Jan/2025:18:40:04 +0100] "GET /vendor/aws/aws-sdk-php/src/DataSync/Exception/DataSyncException.php HTTP/2.0" 200 204 "-" "Mozilla/5.0 AppleWebKit/537.36 (KHTML, like Gecko; compatible; GPTBot/1.2; +https://openai.com/gptbot)"
4.227.36.57 - - [16/Jan/2025:18:40:05 +0100] "GET /vendor/sebastian/cli-parser/src/exceptions/?C=N%3BO%3DD HTTP/2.0" 200 985 "-" "Mozilla/5.0 AppleWebKit/537.36 (KHTML, like Gecko; compatible; GPTBot/1.2; +https://openai.com/gptbot)"
4.227.36.124 - - [16/Jan/2025:18:40:05 +0100] "GET /vendor/aws/aws-sdk-php/src/DataSync/Exception/?C=N%3BO%3DD HTTP/2.0" 200 600 "-" "Mozilla/5.0 AppleWebKit/537.36 (KHTML, like Gecko; compatible; GPTBot/1.2; +https://openai.com/gptbot)"
4.227.36.57 - - [16/Jan/2025:18:40:06 +0100] "GET /vendor/sebastian/cli-parser/src/exceptions/Exception.php HTTP/2.0" 200 20 "-" "Mozilla/5.0 AppleWebKit/537.36 (KHTML, like Gecko; compatible; GPTBot/1.2; +https://openai.com/gptbot)"
4.227.36.124 - - [16/Jan/2025:18:40:07 +0100] "GET /vendor/aws/aws-sdk-php/src/DataSync/Exception/?C=S%3BO%3DA HTTP/2.0" 200 600 "-" "Mozilla/5.0 AppleWebKit/537.36 (KHTML, like Gecko; compatible; GPTBot/1.2; +https://openai.com/gptbot)"
4.227.36.57 - - [16/Jan/2025:18:40:07 +0100] "GET /vendor/sebastian/cli-parser/src/exceptions/UnknownOptionException.php HTTP/2.0" 200 221 "-" "Mozilla/5.0 AppleWebKit/537.36 (KHTML, like Gecko; compatible; GPTBot/1.2; +https://openai.com/gptbot)"
4.227.36.124 - - [16/Jan/2025:18:40:08 +0100] "GET /vendor/aws/aws-sdk-php/src/DataSync/Exception/?C=D%3BO%3DA HTTP/2.0" 200 600 "-" "Mozilla/5.0 AppleWebKit/537.36 (KHTML, like Gecko; compatible; GPTBot/1.2; +https://openai.com/gptbot)"
4.227.36.57 - - [16/Jan/2025:18:40:08 +0100] "GET /vendor/sebastian/cli-parser/src/exceptions/?C=D%3BO%3DA HTTP/2.0" 200 985 "-" "Mozilla/5.0 AppleWebKit/537.36 (KHTML, like Gecko; compatible; GPTBot/1.2; +https://openai.com/gptbot)"
4.227.36.124 - - [16/Jan/2025:18:40:09 +0100] "GET /vendor/aws/aws-sdk-php/src/DataSync/Exception/?C=M%3BO%3DA HTTP/2.0" 200 600 "-" "Mozilla/5.0 AppleWebKit/537.36 (KHTML, like Gecko; compatible; GPTBot/1.2; +https://openai.com/gptbot)"
4.227.36.57 - - [16/Jan/2025:18:40:10 +0100] "GET /vendor/sebastian/cli-parser/src/exceptions/AmbiguousOptionException.php HTTP/2.0" 200 223 "-" "Mozilla/5.0 AppleWebKit/537.36 (KHTML, like Gecko; compatible; GPTBot/1.2; +https://openai.com/gptbot)"
4.227.36.124 - - [16/Jan/2025:18:40:10 +0100] "GET /vendor/aws/aws-sdk-php/src/FMS/Exception/?C=M%3BO%3DA HTTP/2.0" 200 580 "-" "Mozilla/5.0 AppleWebKit/537.36 (KHTML, like Gecko; compatible; GPTBot/1.2; +https://openai.com/gptbot)"
4.227.36.57 - - [16/Jan/2025:18:40:11 +0100] "GET /vendor/sebastian/cli-parser/src/exceptions/?C=S%3BO%3DA HTTP/2.0" 200 985 "-" "Mozilla/5.0 AppleWebKit/537.36 (KHTML, like Gecko; compatible; GPTBot/1.2; +https://openai.com/gptbot)"
4.227.36.124 - - [16/Jan/2025:18:40:11 +0100] "GET /vendor/aws/aws-sdk-php/src/FMS/Exception/?C=N%3BO%3DD HTTP/2.0" 200 580 "-" "Mozilla/5.0 AppleWebKit/537.36 (KHTML, like Gecko; compatible; GPTBot/1.2; +https://openai.com/gptbot)"
4.227.36.57 - - [16/Jan/2025:18:40:12 +0100] "GET /vendor/sebastian/cli-parser/src/exceptions/?C=M%3BO%3DA HTTP/2.0" 200 985 "-" "Mozilla/5.0 AppleWebKit/537.36 (KHTML, like Gecko; compatible; GPTBot/1.2; +https://openai.com/gptbot)"
4.227.36.124 - - [16/Jan/2025:18:40:12 +0100] "GET /vendor/aws/aws-sdk-php/src/FMS/Exception/?C=S%3BO%3DA HTTP/2.0" 200 580 "-" "Mozilla/5.0 AppleWebKit/537.36 (KHTML, like Gecko; compatible; GPTBot/1.2; +https://openai.com/gptbot)"
4.227.36.57 - - [16/Jan/2025:18:40:13 +0100] "GET /vendor/sebastian/lines-of-code/src/Exception/NegativeValueException.php HTTP/2.0" 200 226 "-" "Mozilla/5.0 AppleWebKit/537.36 (KHTML, like Gecko; compatible; GPTBot/1.2; +https://openai.com/gptbot)"
4.227.36.124 - - [16/Jan/2025:18:40:13 +0100] "GET /vendor/aws/aws-sdk-php/src/FMS/Exception/FMSException.php HTTP/2.0" 200 201 "-" "Mozilla/5.0 AppleWebKit/537.36 (KHTML, like Gecko; compatible; GPTBot/1.2; +https://openai.com/gptbot)"
4.227.36.57 - - [16/Jan/2025:18:40:14 +0100] "GET /vendor/sebastian/lines-of-code/src/Exception/?C=M%3BO%3DA HTTP/2.0" 200 861 "-" "Mozilla/5.0 AppleWebKit/537.36 (KHTML, like Gecko; compatible; GPTBot/1.2; +https://openai.com/gptbot)"
4.227.36.124 - - [16/Jan/2025:18:40:14 +0100] "GET /vendor/aws/aws-sdk-php/src/FMS/Exception/?C=D%3BO%3DA HTTP/2.0" 200 580 "-" "Mozilla/5.0 AppleWebKit/537.36 (KHTML, like Gecko; compatible; GPTBot/1.2; +https://openai.com/gptbot)"
4.227.36.57 - - [16/Jan/2025:18:40:15 +0100] "GET /vendor/sebastian/lines-of-code/src/Exception/RuntimeException.php HTTP/2.0" 200 222 "-" "Mozilla/5.0 AppleWebKit/537.36 (KHTML, like Gecko; compatible; GPTBot/1.2; +https://openai.com/gptbot)"
4.227.36.124 - - [16/Jan/2025:18:40:15 +0100] "GET /vendor/aws/aws-sdk-php/src/GlueDataBrew/Exception/?C=S%3BO%3DA HTTP/2.0" 200 619 "-" "Mozilla/5.0 AppleWebKit/537.36 (KHTML, like Gecko; compatible; GPTBot/1.2; +https://openai.com/gptbot)"
4.227.36.57 - - [16/Jan/2025:18:40:16 +0100] "GET /vendor/sebastian/lines-of-code/src/Exception/IllogicalValuesException.php HTTP/2.0" 200 227 "-" "Mozilla/5.0 AppleWebKit/537.36 (KHTML, like Gecko; compatible; GPTBot/1.2; +https://openai.com/gptbot)"
4.227.36.124 - - [16/Jan/2025:18:40:16 +0100] "GET /vendor/aws/aws-sdk-php/src/GlueDataBrew/Exception/?C=N%3BO%3DD HTTP/2.0" 200 619 "-" "Mozilla/5.0 AppleWebKit/537.36 (KHTML, like Gecko; compatible; GPTBot/1.2; +https://openai.com/gptbot)"
4.227.36.57 - - [16/Jan/2025:18:40:17 +0100] "GET /vendor/sebastian/lines-of-code/src/Exception/?C=S%3BO%3DA HTTP/2.0" 200 861 "-" "Mozilla/5.0 AppleWebKit/537.36 (KHTML, like Gecko; compatible; GPTBot/1.2; +https://openai.com/gptbot)"
4.227.36.124 - - [16/Jan/2025:18:40:18 +0100] "GET /vendor/aws/aws-sdk-php/src/GlueDataBrew/Exception/?C=D%3BO%3DA HTTP/2.0" 200 619 "-" "Mozilla/5.0 AppleWebKit/537.36 (KHTML, like Gecko; compatible; GPTBot/1.2; +https://openai.com/gptbot)"
4.227.36.57 - - [16/Jan/2025:18:40:18 +0100] "GET /vendor/sebastian/lines-of-code/src/Exception/Exception.php HTTP/2.0" 200 20 "-" "Mozilla/5.0 AppleWebKit/537.36 (KHTML, like Gecko; compatible; GPTBot/1.2; +https://openai.com/gptbot)"
4.227.36.124 - - [16/Jan/2025:18:40:19 +0100] "GET /vendor/aws/aws-sdk-php/src/GlueDataBrew/Exception/?C=M%3BO%3DA HTTP/2.0" 200 619 "-" "Mozilla/5.0 AppleWebKit/537.36 (KHTML, like Gecko; compatible; GPTBot/1.2; +https://openai.com/gptbot)"
4.227.36.57 - - [16/Jan/2025:18:40:19 +0100] "GET /vendor/sebastian/lines-of-code/src/Exception/?C=N%3BO%3DD HTTP/2.0" 200 861 "-" "Mozilla/5.0 AppleWebKit/537.36 (KHTML, like Gecko; compatible; GPTBot/1.2; +https://openai.com/gptbot)"
4.227.36.124 - - [16/Jan/2025:18:40:20 +0100] "GET /vendor/aws/aws-sdk-php/src/Schemas/Exception/SchemasException.php HTTP/2.0" 200 203 "-" "Mozilla/5.0 AppleWebKit/537.36 (KHTML, like Gecko; compatible; GPTBot/1.2; +https://openai.com/gptbot)"
4.227.36.57 - - [16/Jan/2025:18:40:21 +0100] "GET /vendor/sebastian/lines-of-code/src/Exception/?C=D%3BO%3DA HTTP/2.0" 200 861 "-" "Mozilla/5.0 AppleWebKit/537.36 (KHTML, like Gecko; compatible; GPTBot/1.2; +https://openai.com/gptbot)"
4.227.36.124 - - [16/Jan/2025:18:40:21 +0100] "GET /vendor/aws/aws-sdk-php/src/GlueDataBrew/Exception/GlueDataBrewException.php HTTP/2.0" 200 209 "-" "Mozilla/5.0 AppleWebKit/537.36 (KHTML, like Gecko; compatible; GPTBot/1.2; +https://openai.com/gptbot)"
4.227.36.57 - - [16/Jan/2025:18:40:22 +0100] "GET /vendor/sebastian/code-unit/src/exceptions/?C=N%3BO%3DD HTTP/2.0" 200 845 "-" "Mozilla/5.0 AppleWebKit/537.36 (KHTML, like Gecko; compatible; GPTBot/1.2; +https://openai.com/gptbot)"
4.227.36.124 - - [16/Jan/2025:18:40:22 +0100] "GET /vendor/aws/aws-sdk-php/src/Schemas/Exception/?C=N%3BO%3DD HTTP/2.0" 200 596 "-" "Mozilla/5.0 AppleWebKit/537.36 (KHTML, like Gecko; compatible; GPTBot/1.2; +https://openai.com/gptbot)"
4.227.36.57 - - [16/Jan/2025:18:40:23 +0100] "GET /vendor/sebastian/code-unit/src/exceptions/?C=M%3BO%3DA HTTP/2.0" 200 845 "-" "Mozilla/5.0 AppleWebKit/537.36 (KHTML, like Gecko; compatible; GPTBot/1.2; +https://openai.com/gptbot)"
4.227.36.124 - - [16/Jan/2025:18:40:23 +0100] "GET /vendor/aws/aws-sdk-php/src/Schemas/Exception/?C=M%3BO%3DA HTTP/2.0" 200 596 "-" "Mozilla/5.0 AppleWebKit/537.36 (KHTML, like Gecko; compatible; GPTBot/1.2; +https://openai.com/gptbot)"
4.227.36.57 - - [16/Jan/2025:18:40:24 +0100] "GET /vendor/sebastian/code-unit/src/exceptions/?C=S%3BO%3DA HTTP/2.0" 200 845 "-" "Mozilla/5.0 AppleWebKit/537.36 (KHTML, like Gecko; compatible; GPTBot/1.2; +https://openai.com/gptbot)"
4.227.36.124 - - [16/Jan/2025:18:40:24 +0100] "GET /vendor/aws/aws-sdk-php/src/Schemas/Exception/?C=D%3BO%3DA HTTP/2.0" 200 596 "-" "Mozilla/5.0 AppleWebKit/537.36 (KHTML, like Gecko; compatible; GPTBot/1.2; +https://openai.com/gptbot)"
4.227.36.57 - - [16/Jan/2025:18:40:25 +0100] "GET /vendor/sebastian/code-unit/src/exceptions/Exception.php HTTP/2.0" 200 20 "-" "Mozilla/5.0 AppleWebKit/537.36 (KHTML, like Gecko; compatible; GPTBot/1.2; +https://openai.com/gptbot)"
4.227.36.124 - - [16/Jan/2025:18:40:25 +0100] "GET /vendor/aws/aws-sdk-php/src/Schemas/Exception/?C=S%3BO%3DA HTTP/2.0" 200 596 "-" "Mozilla/5.0 AppleWebKit/537.36 (KHTML, like Gecko; compatible; GPTBot/1.2; +https://openai.com/gptbot)"
4.227.36.57 - - [16/Jan/2025:18:40:26 +0100] "GET /vendor/sebastian/code-unit/src/exceptions/?C=D%3BO%3DA HTTP/2.0" 200 845 "-" "Mozilla/5.0 AppleWebKit/537.36 (KHTML, like Gecko; compatible; GPTBot/1.2; +https://openai.com/gptbot)"
4.227.36.124 - - [16/Jan/2025:18:40:26 +0100] "GET /vendor/aws/aws-sdk-php/src/data/groundstation/?C=N%3BO%3DD HTTP/2.0" 200 586 "-" "Mozilla/5.0 AppleWebKit/537.36 (KHTML, like Gecko; compatible; GPTBot/1.2; +https://openai.com/gptbot)"
4.227.36.57 - - [16/Jan/2025:18:40:27 +0100] "GET /vendor/sebastian/code-unit/src/exceptions/NoTraitException.php HTTP/2.0" 200 217 "-" "Mozilla/5.0 AppleWebKit/537.36 (KHTML, like Gecko; compatible; GPTBot/1.2; +https://openai.com/gptbot)"
4.227.36.124 - - [16/Jan/2025:18:40:27 +0100] "GET /vendor/aws/aws-sdk-php/src/data/groundstation/2019-05-23/ HTTP/2.0" 200 710 "-" "Mozilla/5.0 AppleWebKit/537.36 (KHTML, like Gecko; compatible; GPTBot/1.2; +https://openai.com/gptbot)"
4.227.36.57 - - [16/Jan/2025:18:40:28 +0100] "GET /vendor/sebastian/code-unit/src/exceptions/InvalidCodeUnitException.php HTTP/2.0" 200 218 "-" "Mozilla/5.0 AppleWebKit/537.36 (KHTML, like Gecko; compatible; GPTBot/1.2; +https://openai.com/gptbot)"
4.227.36.124 - - [16/Jan/2025:18:40:29 +0100] "GET /vendor/aws/aws-sdk-php/src/data/groundstation/?C=M%3BO%3DA HTTP/2.0" 200 586 "-" "Mozilla/5.0 AppleWebKit/537.36 (KHTML, like Gecko; compatible; GPTBot/1.2; +https://openai.com/gptbot)"
4.227.36.57 - - [16/Jan/2025:18:40:29 +0100] "GET /vendor/sebastian/code-unit/src/exceptions/ReflectionException.php HTTP/2.0" 200 217 "-" "Mozilla/5.0 AppleWebKit/537.36 (KHTML, like Gecko; compatible; GPTBot/1.2; +https://openai.com/gptbot)"
4.227.36.124 - - [16/Jan/2025:18:40:30 +0100] "GET /vendor/aws/aws-sdk-php/src/data/groundstation/?C=S%3BO%3DA HTTP/2.0" 200 586 "-" "Mozilla/5.0 AppleWebKit/537.36 (KHTML, like Gecko; compatible; GPTBot/1.2; +https://openai.com/gptbot)"
4.227.36.57 - - [16/Jan/2025:18:40:30 +0100] "GET /vendor/sebastian/comparator/src/exceptions/?C=S%3BO%3DA HTTP/2.0" 200 666 "-" "Mozilla/5.0 AppleWebKit/537.36 (KHTML, like Gecko; compatible; GPTBot/1.2; +https://openai.com/gptbot)"
4.227.36.124 - - [16/Jan/2025:18:40:31 +0100] "GET /vendor/aws/aws-sdk-php/src/data/groundstation/?C=D%3BO%3DA HTTP/2.0" 200 586 "-" "Mozilla/5.0 AppleWebKit/537.36 (KHTML, like Gecko; compatible; GPTBot/1.2; +https://openai.com/gptbot)"
4.227.36.57 - - [16/Jan/2025:18:40:32 +0100] "GET /vendor/sebastian/comparator/src/exceptions/?C=D%3BO%3DA HTTP/2.0" 200 666 "-" "Mozilla/5.0 AppleWebKit/537.36 (KHTML, like Gecko; compatible; GPTBot/1.2; +https://openai.com/gptbot)"
4.227.36.124 - - [16/Jan/2025:18:40:32 +0100] "GET /vendor/aws/aws-sdk-php/src/data/iot1click-projects/?C=M%3BO%3DA HTTP/2.0" 200 596 "-" "Mozilla/5.0 AppleWebKit/537.36 (KHTML, like Gecko; compatible; GPTBot/1.2; +https://openai.com/gptbot)"
4.227.36.57 - - [16/Jan/2025:18:40:33 +0100] "GET /vendor/sebastian/comparator/src/exceptions/?C=N%3BO%3DD HTTP/2.0" 200 666 "-" "Mozilla/5.0 AppleWebKit/537.36 (KHTML, like Gecko; compatible; GPTBot/1.2; +https://openai.com/gptbot)"
4.227.36.124 - - [16/Jan/2025:18:40:33 +0100] "GET /vendor/aws/aws-sdk-php/src/data/iot1click-projects/?C=N%3BO%3DD HTTP/2.0" 200 596 "-" "Mozilla/5.0 AppleWebKit/537.36 (KHTML, like Gecko; compatible; GPTBot/1.2; +https://openai.com/gptbot)"
4.227.36.57 - - [16/Jan/2025:18:40:34 +0100] "GET /vendor/sebastian/comparator/src/exceptions/Exception.php HTTP/2.0" 200 20 "-" "Mozilla/5.0 AppleWebKit/537.36 (KHTML, like Gecko; compatible; GPTBot/1.2; +https://openai.com/gptbot)"
4.227.36.124 - - [16/Jan/2025:18:40:34 +0100] "GET /vendor/aws/aws-sdk-php/src/data/iot1click-projects/2018-05-14/ HTTP/2.0" 200 725 "-" "Mozilla/5.0 AppleWebKit/537.36 (KHTML, like Gecko; compatible; GPTBot/1.2; +https://openai.com/gptbot)"
4.227.36.57 - - [16/Jan/2025:18:40:35 +0100] "GET /vendor/sebastian/comparator/src/exceptions/RuntimeException.php HTTP/2.0" 200 213 "-" "Mozilla/5.0 AppleWebKit/537.36 (KHTML, like Gecko; compatible; GPTBot/1.2; +https://openai.com/gptbot)"
4.227.36.124 - - [16/Jan/2025:18:40:35 +0100] "GET /vendor/aws/aws-sdk-php/src/data/iot1click-projects/?C=D%3BO%3DA HTTP/2.0" 200 596 "-" "Mozilla/5.0 AppleWebKit/537.36 (KHTML, like Gecko; compatible; GPTBot/1.2; +https://openai.com/gptbot)"
4.227.36.57 - - [16/Jan/2025:18:40:36 +0100] "GET /vendor/sebastian/comparator/src/exceptions/?C=M%3BO%3DA HTTP/2.0" 200 666 "-" "Mozilla/5.0 AppleWebKit/537.36 (KHTML, like Gecko; compatible; GPTBot/1.2; +https://openai.com/gptbot)"
4.227.36.124 - - [16/Jan/2025:18:40:36 +0100] "GET /vendor/aws/aws-sdk-php/src/data/iot1click-projects/?C=S%3BO%3DA HTTP/2.0" 200 596 "-" "Mozilla/5.0 AppleWebKit/537.36 (KHTML, like Gecko; compatible; GPTBot/1.2; +https://openai.com/gptbot)"
4.227.36.57 - - [16/Jan/2025:18:40:37 +0100] "GET /vendor/sebastian/type/src/exception/RuntimeException.php HTTP/2.0" 200 209 "-" "Mozilla/5.0 AppleWebKit/537.36 (KHTML, like Gecko; compatible; GPTBot/1.2; +https://openai.com/gptbot)"
4.227.36.124 - - [16/Jan/2025:18:40:37 +0100] "GET /vendor/aws/aws-sdk-php/src/data/chime-sdk-media-pipelines/2021-07-15/ HTTP/2.0" 200 746 "-" "Mozilla/5.0 AppleWebKit/537.36 (KHTML, like Gecko; compatible; GPTBot/1.2; +https://openai.com/gptbot)"
4.227.36.57 - - [16/Jan/2025:18:40:38 +0100] "GET /vendor/sebastian/type/src/exception/Exception.php HTTP/2.0" 200 20 "-" "Mozilla/5.0 AppleWebKit/537.36 (KHTML, like Gecko; compatible; GPTBot/1.2; +https://openai.com/gptbot)"
4.227.36.124 - - [16/Jan/2025:18:40:38 +0100] "GET /vendor/aws/aws-sdk-php/src/data/chime-sdk-media-pipelines/?C=M%3BO%3DA HTTP/2.0" 200 610 "-" "Mozilla/5.0 AppleWebKit/537.36 (KHTML, like Gecko; compatible; GPTBot/1.2; +https://openai.com/gptbot)"
4.227.36.57 - - [16/Jan/2025:18:40:39 +0100] "GET /vendor/sebastian/type/src/exception/?C=N%3BO%3DD HTTP/2.0" 200 646 "-" "Mozilla/5.0 AppleWebKit/537.36 (KHTML, like Gecko; compatible; GPTBot/1.2; +https://openai.com/gptbot)"
4.227.36.124 - - [16/Jan/2025:18:40:40 +0100] "GET /vendor/aws/aws-sdk-php/src/data/chime-sdk-media-pipelines/?C=D%3BO%3DA HTTP/2.0" 200 610 "-" "Mozilla/5.0 AppleWebKit/537.36 (KHTML, like Gecko; compatible; GPTBot/1.2; +https://openai.com/gptbot)"
4.227.36.57 - - [16/Jan/2025:18:40:40 +0100] "GET /vendor/sebastian/type/src/exception/?C=D%3BO%3DA HTTP/2.0" 200 646 "-" "Mozilla/5.0 AppleWebKit/537.36 (KHTML, like Gecko; compatible; GPTBot/1.2; +https://openai.com/gptbot)"
4.227.36.124 - - [16/Jan/2025:18:40:41 +0100] "GET /vendor/aws/aws-sdk-php/src/data/chime-sdk-media-pipelines/?C=N%3BO%3DD HTTP/2.0" 200 610 "-" "Mozilla/5.0 AppleWebKit/537.36 (KHTML, like Gecko; compatible; GPTBot/1.2; +https://openai.com/gptbot)"
4.227.36.57 - - [16/Jan/2025:18:40:41 +0100] "GET /vendor/sebastian/type/src/exception/?C=S%3BO%3DA HTTP/2.0" 200 646 "-" "Mozilla/5.0 AppleWebKit/537.36 (KHTML, like Gecko; compatible; GPTBot/1.2; +https://openai.com/gptbot)"
4.227.36.124 - - [16/Jan/2025:18:40:42 +0100] "GET /vendor/aws/aws-sdk-php/src/data/chime-sdk-media-pipelines/?C=S%3BO%3DA HTTP/2.0" 200 610 "-" "Mozilla/5.0 AppleWebKit/537.36 (KHTML, like Gecko; compatible; GPTBot/1.2; +https://openai.com/gptbot)"
4.227.36.57 - - [16/Jan/2025:18:40:43 +0100] "GET /vendor/sebastian/type/src/exception/?C=M%3BO%3DA HTTP/2.0" 200 646 "-" "Mozilla/5.0 AppleWebKit/537.36 (KHTML, like Gecko; compatible; GPTBot/1.2; +https://openai.com/gptbot)"
4.227.36.124 - - [16/Jan/2025:18:40:43 +0100] "GET /vendor/aws/aws-sdk-php/src/data/sms/?C=S%3BO%3DA HTTP/2.0" 200 566 "-" "Mozilla/5.0 AppleWebKit/537.36 (KHTML, like Gecko; compatible; GPTBot/1.2; +https://openai.com/gptbot)"
4.227.36.124 - - [16/Jan/2025:18:40:44 +0100] "GET /vendor/aws/aws-sdk-php/src/data/sms/?C=D%3BO%3DA HTTP/2.0" 200 566 "-" "Mozilla/5.0 AppleWebKit/537.36 (KHTML, like Gecko; compatible; GPTBot/1.2; +https://openai.com/gptbot)"
4.227.36.124 - - [16/Jan/2025:18:40:45 +0100] "GET /vendor/aws/aws-sdk-php/src/data/sms/2016-10-24/ HTTP/2.0" 200 758 "-" "Mozilla/5.0 AppleWebKit/537.36 (KHTML, like Gecko; compatible; GPTBot/1.2; +https://openai.com/gptbot)"
4.227.36.124 - - [16/Jan/2025:18:40:46 +0100] "GET /vendor/aws/aws-sdk-php/src/data/sms/?C=M%3BO%3DA HTTP/2.0" 200 566 "-" "Mozilla/5.0 AppleWebKit/537.36 (KHTML, like Gecko; compatible; GPTBot/1.2; +https://openai.com/gptbot)"
4.227.36.124 - - [16/Jan/2025:18:40:47 +0100] "GET /vendor/aws/aws-sdk-php/src/data/sms/?C=N%3BO%3DD HTTP/2.0" 200 566 "-" "Mozilla/5.0 AppleWebKit/537.36 (KHTML, like Gecko; compatible; GPTBot/1.2; +https://openai.com/gptbot)"
4.227.36.57 - - [16/Jan/2025:18:40:48 +0100] "GET /vendor/barryvdh/laravel-debugbar/src/Resources/vendor/font-awesome/style.css HTTP/2.0" 200 105176 "-" "Mozilla/5.0 AppleWebKit/537.36 (KHTML, like Gecko; compatible; GPTBot/1.2; +https://openai.com/gptbot)"
4.227.36.124 - - [16/Jan/2025:18:40:48 +0100] "GET /vendor/aws/aws-sdk-php/src/data/service-quotas/?C=N%3BO%3DD HTTP/2.0" 200 588 "-" "Mozilla/5.0 AppleWebKit/537.36 (KHTML, like Gecko; compatible; GPTBot/1.2; +https://openai.com/gptbot)"
4.227.36.57 - - [16/Jan/2025:18:40:49 +0100] "GET /vendor/barryvdh/laravel-debugbar/src/Resources/vendor/font-awesome/?C=D%3BO%3DA HTTP/2.0" 200 732 "-" "Mozilla/5.0 AppleWebKit/537.36 (KHTML, like Gecko; compatible; GPTBot/1.2; +https://openai.com/gptbot)"
4.227.36.124 - - [16/Jan/2025:18:40:49 +0100] "GET /vendor/aws/aws-sdk-php/src/data/service-quotas/?C=D%3BO%3DA HTTP/2.0" 200 588 "-" "Mozilla/5.0 AppleWebKit/537.36 (KHTML, like Gecko; compatible; GPTBot/1.2; +https://openai.com/gptbot)"
4.227.36.57 - - [16/Jan/2025:18:40:50 +0100] "GET /vendor/barryvdh/laravel-debugbar/src/Resources/vendor/font-awesome/?C=N%3BO%3DD HTTP/2.0" 200 732 "-" "Mozilla/5.0 AppleWebKit/537.36 (KHTML, like Gecko; compatible; GPTBot/1.2; +https://openai.com/gptbot)"
4.227.36.124 - - [16/Jan/2025:18:40:51 +0100] "GET /vendor/aws/aws-sdk-php/src/data/service-quotas/2019-06-24/ HTTP/2.0" 200 713 "-" "Mozilla/5.0 AppleWebKit/537.36 (KHTML, like Gecko; compatible; GPTBot/1.2; +https://openai.com/gptbot)"
4.227.36.57 - - [16/Jan/2025:18:40:51 +0100] "GET /vendor/barryvdh/laravel-debugbar/src/Resources/vendor/font-awesome/?C=M%3BO%3DA HTTP/2.0" 200 732 "-" "Mozilla/5.0 AppleWebKit/537.36 (KHTML, like Gecko; compatible; GPTBot/1.2; +https://openai.com/gptbot)"
4.227.36.124 - - [16/Jan/2025:18:40:52 +0100] "GET /vendor/aws/aws-sdk-php/src/data/service-quotas/?C=M%3BO%3DA HTTP/2.0" 200 588 "-" "Mozilla/5.0 AppleWebKit/537.36 (KHTML, like Gecko; compatible; GPTBot/1.2; +https://openai.com/gptbot)"
4.227.36.57 - - [16/Jan/2025:18:40:52 +0100] "GET /vendor/barryvdh/laravel-debugbar/src/Resources/vendor/font-awesome/generator_config.txt HTTP/2.0" 200 307 "-" "Mozilla/5.0 AppleWebKit/537.36 (KHTML, like Gecko; compatible; GPTBot/1.2; +https://openai.com/gptbot)"
4.227.36.124 - - [16/Jan/2025:18:40:53 +0100] "GET /vendor/aws/aws-sdk-php/src/data/service-quotas/?C=S%3BO%3DA HTTP/2.0" 200 588 "-" "Mozilla/5.0 AppleWebKit/537.36 (KHTML, like Gecko; compatible; GPTBot/1.2; +https://openai.com/gptbot)"
4.227.36.57 - - [16/Jan/2025:18:40:54 +0100] "GET /vendor/barryvdh/laravel-debugbar/src/Resources/vendor/font-awesome/?C=S%3BO%3DA HTTP/2.0" 200 732 "-" "Mozilla/5.0 AppleWebKit/537.36 (KHTML, like Gecko; compatible; GPTBot/1.2; +https://openai.com/gptbot)"
4.227.36.124 - - [16/Jan/2025:18:40:54 +0100] "GET /vendor/aws/aws-sdk-php/src/data/greengrassv2/2020-11-30/ HTTP/2.0" 200 707 "-" "Mozilla/5.0 AppleWebKit/537.36 (KHTML, like Gecko; compatible; GPTBot/1.2; +https://openai.com/gptbot)"
4.227.36.57 - - [16/Jan/2025:18:40:55 +0100] "GET /vendor/nunomaduro/collision/src/Adapters/Phpunit/Style.php HTTP/2.0" 200 20 "-" "Mozilla/5.0 AppleWebKit/537.36 (KHTML, like Gecko; compatible; GPTBot/1.2; +https://openai.com/gptbot)"
4.227.36.124 - - [16/Jan/2025:18:40:55 +0100] "GET /vendor/aws/aws-sdk-php/src/data/greengrassv2/?C=D%3BO%3DA HTTP/2.0" 200 584 "-" "Mozilla/5.0 AppleWebKit/537.36 (KHTML, like Gecko; compatible; GPTBot/1.2; +https://openai.com/gptbot)"
4.227.36.57 - - [16/Jan/2025:18:40:56 +0100] "GET /vendor/nunomaduro/collision/src/Adapters/Phpunit/ConfigureIO.php HTTP/2.0" 200 20 "-" "Mozilla/5.0 AppleWebKit/537.36 (KHTML, like Gecko; compatible; GPTBot/1.2; +https://openai.com/gptbot)"
4.227.36.124 - - [16/Jan/2025:18:40:56 +0100] "GET /vendor/aws/aws-sdk-php/src/data/greengrassv2/?C=S%3BO%3DA HTTP/2.0" 200 584 "-" "Mozilla/5.0 AppleWebKit/537.36 (KHTML, like Gecko; compatible; GPTBot/1.2; +https://openai.com/gptbot)"
4.227.36.57 - - [16/Jan/2025:18:40:57 +0100] "GET /vendor/nunomaduro/collision/src/Adapters/Phpunit/?C=S%3BO%3DA HTTP/2.0" 200 977 "-" "Mozilla/5.0 AppleWebKit/537.36 (KHTML, like Gecko; compatible; GPTBot/1.2; +https://openai.com/gptbot)"
4.227.36.124 - - [16/Jan/2025:18:40:57 +0100] "GET /vendor/aws/aws-sdk-php/src/data/greengrassv2/?C=M%3BO%3DA HTTP/2.0" 200 584 "-" "Mozilla/5.0 AppleWebKit/537.36 (KHTML, like Gecko; compatible; GPTBot/1.2; +https://openai.com/gptbot)"
4.227.36.57 - - [16/Jan/2025:18:40:58 +0100] "GET /vendor/nunomaduro/collision/src/Adapters/Phpunit/?C=N%3BO%3DD HTTP/2.0" 200 977 "-" "Mozilla/5.0 AppleWebKit/537.36 (KHTML, like Gecko; compatible; GPTBot/1.2; +https://openai.com/gptbot)"
4.227.36.124 - - [16/Jan/2025:18:40:58 +0100] "GET /vendor/aws/aws-sdk-php/src/data/greengrassv2/?C=N%3BO%3DD HTTP/2.0" 200 584 "-" "Mozilla/5.0 AppleWebKit/537.36 (KHTML, like Gecko; compatible; GPTBot/1.2; +https://openai.com/gptbot)"
4.227.36.57 - - [16/Jan/2025:18:40:59 +0100] "GET /vendor/nunomaduro/collision/src/Adapters/Phpunit/?C=D%3BO%3DA HTTP/2.0" 200 977 "-" "Mozilla/5.0 AppleWebKit/537.36 (KHTML, like Gecko; compatible; GPTBot/1.2; +https://openai.com/gptbot)"
4.227.36.124 - - [16/Jan/2025:18:40:59 +0100] "GET /vendor/aws/aws-sdk-php/src/data/resourcegroupstaggingapi/?C=S%3BO%3DA HTTP/2.0" 200 608 "-" "Mozilla/5.0 AppleWebKit/537.36 (KHTML, like Gecko; compatible; GPTBot/1.2; +https://openai.com/gptbot)"
4.227.36.57 - - [16/Jan/2025:18:41:00 +0100] "GET /vendor/nunomaduro/collision/src/Adapters/Phpunit/State.php HTTP/2.0" 200 20 "-" "Mozilla/5.0 AppleWebKit/537.36 (KHTML, like Gecko; compatible; GPTBot/1.2; +https://openai.com/gptbot)"
4.227.36.124 - - [16/Jan/2025:18:41:00 +0100] "GET /vendor/aws/aws-sdk-php/src/data/resourcegroupstaggingapi/2017-01-26/ HTTP/2.0" 200 743 "-" "Mozilla/5.0 AppleWebKit/537.36 (KHTML, like Gecko; compatible; GPTBot/1.2; +https://openai.com/gptbot)"
4.227.36.57 - - [16/Jan/2025:18:41:01 +0100] "GET /vendor/nunomaduro/collision/src/Adapters/Phpunit/TestResult.php HTTP/2.0" 200 20 "-" "Mozilla/5.0 AppleWebKit/537.36 (KHTML, like Gecko; compatible; GPTBot/1.2; +https://openai.com/gptbot)"
4.227.36.124 - - [16/Jan/2025:18:41:02 +0100] "GET /vendor/aws/aws-sdk-php/src/data/resourcegroupstaggingapi/?C=D%3BO%3DA HTTP/2.0" 200 608 "-" "Mozilla/5.0 AppleWebKit/537.36 (KHTML, like Gecko; compatible; GPTBot/1.2; +https://openai.com/gptbot)"
4.227.36.57 - - [16/Jan/2025:18:41:02 +0100] "GET /vendor/nunomaduro/collision/src/Adapters/Phpunit/?C=M%3BO%3DA HTTP/2.0" 200 977 "-" "Mozilla/5.0 AppleWebKit/537.36 (KHTML, like Gecko; compatible; GPTBot/1.2; +https://openai.com/gptbot)"
4.227.36.124 - - [16/Jan/2025:18:41:03 +0100] "GET /vendor/aws/aws-sdk-php/src/data/resourcegroupstaggingapi/?C=N%3BO%3DD HTTP/2.0" 200 608 "-" "Mozilla/5.0 AppleWebKit/537.36 (KHTML, like Gecko; compatible; GPTBot/1.2; +https://openai.com/gptbot)"
4.227.36.57 - - [16/Jan/2025:18:41:03 +0100] "GET /vendor/nunomaduro/collision/src/Adapters/Phpunit/Printer.php HTTP/2.0" 200 217 "-" "Mozilla/5.0 AppleWebKit/537.36 (KHTML, like Gecko; compatible; GPTBot/1.2; +https://openai.com/gptbot)"
4.227.36.124 - - [16/Jan/2025:18:41:04 +0100] "GET /vendor/aws/aws-sdk-php/src/data/resourcegroupstaggingapi/?C=M%3BO%3DA HTTP/2.0" 200 608 "-" "Mozilla/5.0 AppleWebKit/537.36 (KHTML, like Gecko; compatible; GPTBot/1.2; +https://openai.com/gptbot)"
4.227.36.57 - - [16/Jan/2025:18:41:05 +0100] "GET /vendor/nunomaduro/collision/src/Adapters/Laravel/Commands/ HTTP/2.0" 200 631 "-" "Mozilla/5.0 AppleWebKit/537.36 (KHTML, like Gecko; compatible; GPTBot/1.2; +https://openai.com/gptbot)"
4.227.36.124 - - [16/Jan/2025:18:41:05 +0100] "GET /vendor/aws/aws-sdk-php/src/data/medialive/?C=M%3BO%3DA HTTP/2.0" 200 578 "-" "Mozilla/5.0 AppleWebKit/537.36 (KHTML, like Gecko; compatible; GPTBot/1.2; +https://openai.com/gptbot)"
4.227.36.57 - - [16/Jan/2025:18:41:06 +0100] "GET /vendor/nunomaduro/collision/src/Adapters/Laravel/ExceptionHandler.php HTTP/2.0" 200 227 "-" "Mozilla/5.0 AppleWebKit/537.36 (KHTML, like Gecko; compatible; GPTBot/1.2; +https://openai.com/gptbot)"
4.227.36.124 - - [16/Jan/2025:18:41:06 +0100] "GET /vendor/aws/aws-sdk-php/src/data/medialive/?C=S%3BO%3DA HTTP/2.0" 200 578 "-" "Mozilla/5.0 AppleWebKit/537.36 (KHTML, like Gecko; compatible; GPTBot/1.2; +https://openai.com/gptbot)"
4.227.36.57 - - [16/Jan/2025:18:41:07 +0100] "GET /vendor/nunomaduro/collision/src/Adapters/Phpunit/Timer.php HTTP/2.0" 200 20 "-" "Mozilla/5.0 AppleWebKit/537.36 (KHTML, like Gecko; compatible; GPTBot/1.2; +https://openai.com/gptbot)"
4.227.36.124 - - [16/Jan/2025:18:41:07 +0100] "GET /vendor/aws/aws-sdk-php/src/data/medialive/?C=D%3BO%3DA HTTP/2.0" 200 578 "-" "Mozilla/5.0 AppleWebKit/537.36 (KHTML, like Gecko; compatible; GPTBot/1.2; +https://openai.com/gptbot)"
4.227.36.57 - - [16/Jan/2025:18:41:08 +0100] "GET /vendor/nunomaduro/collision/src/Adapters/Laravel/Exceptions/ HTTP/2.0" 200 648 "-" "Mozilla/5.0 AppleWebKit/537.36 (KHTML, like Gecko; compatible; GPTBot/1.2; +https://openai.com/gptbot)"
4.227.36.124 - - [16/Jan/2025:18:41:08 +0100] "GET /vendor/aws/aws-sdk-php/src/data/codestar/?C=N%3BO%3DD HTTP/2.0" 200 576 "-" "Mozilla/5.0 AppleWebKit/537.36 (KHTML, like Gecko; compatible; GPTBot/1.2; +https://openai.com/gptbot)"
4.227.36.57 - - [16/Jan/2025:18:41:09 +0100] "GET /vendor/nunomaduro/collision/src/Adapters/Laravel/?C=M%3BO%3DA HTTP/2.0" 200 1028 "-" "Mozilla/5.0 AppleWebKit/537.36 (KHTML, like Gecko; compatible; GPTBot/1.2; +https://openai.com/gptbot)"
4.227.36.124 - - [16/Jan/2025:18:41:09 +0100] "GET /vendor/aws/aws-sdk-php/src/data/medialive/?C=N%3BO%3DD HTTP/2.0" 200 578 "-" "Mozilla/5.0 AppleWebKit/537.36 (KHTML, like Gecko; compatible; GPTBot/1.2; +https://openai.com/gptbot)"
4.227.36.57 - - [16/Jan/2025:18:41:10 +0100] "GET /vendor/nunomaduro/collision/src/Adapters/Laravel/?C=D%3BO%3DA HTTP/2.0" 200 1028 "-" "Mozilla/5.0 AppleWebKit/537.36 (KHTML, like Gecko; compatible; GPTBot/1.2; +https://openai.com/gptbot)"
4.227.36.124 - - [16/Jan/2025:18:41:10 +0100] "GET /vendor/aws/aws-sdk-php/src/data/medialive/2017-10-14/ HTTP/2.0" 200 780 "-" "Mozilla/5.0 AppleWebKit/537.36 (KHTML, like Gecko; compatible; GPTBot/1.2; +https://openai.com/gptbot)"
4.227.36.57 - - [16/Jan/2025:18:41:11 +0100] "GET /vendor/nunomaduro/collision/src/Adapters/Laravel/IgnitionSolutionsRepository.php HTTP/2.0" 200 233 "-" "Mozilla/5.0 AppleWebKit/537.36 (KHTML, like Gecko; compatible; GPTBot/1.2; +https://openai.com/gptbot)"
4.227.36.124 - - [16/Jan/2025:18:41:11 +0100] "GET /vendor/aws/aws-sdk-php/src/data/codestar/2017-04-19/ HTTP/2.0" 200 773 "-" "Mozilla/5.0 AppleWebKit/537.36 (KHTML, like Gecko; compatible; GPTBot/1.2; +https://openai.com/gptbot)"
4.227.36.57 - - [16/Jan/2025:18:41:12 +0100] "GET /vendor/nunomaduro/collision/src/Adapters/Laravel/?C=N%3BO%3DD HTTP/2.0" 200 1028 "-" "Mozilla/5.0 AppleWebKit/537.36 (KHTML, like Gecko; compatible; GPTBot/1.2; +https://openai.com/gptbot)"
4.227.36.124 - - [16/Jan/2025:18:41:13 +0100] "GET /vendor/aws/aws-sdk-php/src/data/codestar/?C=S%3BO%3DA HTTP/2.0" 200 576 "-" "Mozilla/5.0 AppleWebKit/537.36 (KHTML, like Gecko; compatible; GPTBot/1.2; +https://openai.com/gptbot)"
4.227.36.57 - - [16/Jan/2025:18:41:13 +0100] "GET /vendor/nunomaduro/collision/src/Adapters/Laravel/Inspector.php HTTP/2.0" 200 213 "-" "Mozilla/5.0 AppleWebKit/537.36 (KHTML, like Gecko; compatible; GPTBot/1.2; +https://openai.com/gptbot)"
4.227.36.124 - - [16/Jan/2025:18:41:14 +0100] "GET /vendor/aws/aws-sdk-php/src/data/codestar/?C=M%3BO%3DA HTTP/2.0" 200 576 "-" "Mozilla/5.0 AppleWebKit/537.36 (KHTML, like Gecko; compatible; GPTBot/1.2; +https://openai.com/gptbot)"
4.227.36.57 - - [16/Jan/2025:18:41:15 +0100] "GET /vendor/nunomaduro/collision/src/Adapters/Laravel/?C=S%3BO%3DA HTTP/2.0" 200 1028 "-" "Mozilla/5.0 AppleWebKit/537.36 (KHTML, like Gecko; compatible; GPTBot/1.2; +https://openai.com/gptbot)"
