4.227.36.124 - - [16/Jan/2025:18:29:20 +0100] "GET /vendor/aws/aws-sdk-php/src/SnowBall/?C=D%3BO%3DA HTTP/2.0" 200 642 "-" "Mozilla/5.0 AppleWebKit/537.36 (KHTML, like Gecko; compatible; GPTBot/1.2; +https://openai.com/gptbot)"
4.227.36.57 - - [16/Jan/2025:18:29:21 +0100] "GET /vendor/nunomaduro/termwind/src/Termwind.php HTTP/2.0" 200 20 "-" "Mozilla/5.0 AppleWebKit/537.36 (KHTML, like Gecko; compatible; GPTBot/1.2; +https://openai.com/gptbot)"
4.227.36.124 - - [16/Jan/2025:18:29:21 +0100] "GET /vendor/aws/aws-sdk-php/src/SnowBall/Exception/ HTTP/2.0" 200 600 "-" "Mozilla/5.0 AppleWebKit/537.36 (KHTML, like Gecko; compatible; GPTBot/1.2; +https://openai.com/gptbot)"
4.227.36.57 - - [16/Jan/2025:18:29:22 +0100] "GET /vendor/hamcrest/hamcrest-php/tests/?C=M%3BO%3DA HTTP/2.0" 200 716 "-" "Mozilla/5.0 AppleWebKit/537.36 (KHTML, like Gecko; compatible; GPTBot/1.2; +https://openai.com/gptbot)"
4.227.36.124 - - [16/Jan/2025:18:29:22 +0100] "GET /vendor/aws/aws-sdk-php/src/SnowBall/?C=N%3BO%3DD HTTP/2.0" 200 642 "-" "Mozilla/5.0 AppleWebKit/537.36 (KHTML, like Gecko; compatible; GPTBot/1.2; +https://openai.com/gptbot)"
4.227.36.124 - - [16/Jan/2025:18:29:23 +0100] "GET /vendor/aws/aws-sdk-php/src/SnowBall/?C=S%3BO%3DA HTTP/2.0" 200 642 "-" "Mozilla/5.0 AppleWebKit/537.36 (KHTML, like Gecko; compatible; GPTBot/1.2; +https://openai.com/gptbot)"
4.227.36.57 - - [16/Jan/2025:18:29:24 +0100] "GET /vendor/hamcrest/hamcrest-php/tests/?C=S%3BO%3DA HTTP/2.0" 200 716 "-" "Mozilla/5.0 AppleWebKit/537.36 (KHTML, like Gecko; compatible; GPTBot/1.2; +https://openai.com/gptbot)"
4.227.36.57 - - [16/Jan/2025:18:29:24 +0100] "GET /vendor/hamcrest/hamcrest-php/tests/?C=D%3BO%3DA HTTP/2.0" 200 716 "-" "Mozilla/5.0 AppleWebKit/537.36 (KHTML, like Gecko; compatible; GPTBot/1.2; +https://openai.com/gptbot)"
4.227.36.124 - - [16/Jan/2025:18:29:25 +0100] "GET /vendor/aws/aws-sdk-php/src/FIS/FISClient.php HTTP/2.0" 200 195 "-" "Mozilla/5.0 AppleWebKit/537.36 (KHTML, like Gecko; compatible; GPTBot/1.2; +https://openai.com/gptbot)"
4.227.36.57 - - [16/Jan/2025:18:29:25 +0100] "GET /vendor/hamcrest/hamcrest-php/tests/phpunit.xml.dist HTTP/2.0" 200 619 "-" "Mozilla/5.0 AppleWebKit/537.36 (KHTML, like Gecko; compatible; GPTBot/1.2; +https://openai.com/gptbot)"
4.227.36.124 - - [16/Jan/2025:18:29:26 +0100] "GET /vendor/aws/aws-sdk-php/src/FIS/?C=D%3BO%3DA HTTP/2.0" 200 627 "-" "Mozilla/5.0 AppleWebKit/537.36 (KHTML, like Gecko; compatible; GPTBot/1.2; +https://openai.com/gptbot)"
4.227.36.57 - - [16/Jan/2025:18:29:26 +0100] "GET /vendor/hamcrest/hamcrest-php/tests/bootstrap.php HTTP/2.0" 200 280 "-" "Mozilla/5.0 AppleWebKit/537.36 (KHTML, like Gecko; compatible; GPTBot/1.2; +https://openai.com/gptbot)"
4.227.36.124 - - [16/Jan/2025:18:29:27 +0100] "GET /vendor/aws/aws-sdk-php/src/FIS/?C=M%3BO%3DA HTTP/2.0" 200 627 "-" "Mozilla/5.0 AppleWebKit/537.36 (KHTML, like Gecko; compatible; GPTBot/1.2; +https://openai.com/gptbot)"
4.227.36.57 - - [16/Jan/2025:18:29:27 +0100] "GET /vendor/hamcrest/hamcrest-php/tests/?C=N%3BO%3DD HTTP/2.0" 200 716 "-" "Mozilla/5.0 AppleWebKit/537.36 (KHTML, like Gecko; compatible; GPTBot/1.2; +https://openai.com/gptbot)"
4.227.36.124 - - [16/Jan/2025:18:29:28 +0100] "GET /vendor/aws/aws-sdk-php/src/FIS/Exception/ HTTP/2.0" 200 580 "-" "Mozilla/5.0 AppleWebKit/537.36 (KHTML, like Gecko; compatible; GPTBot/1.2; +https://openai.com/gptbot)"
4.227.36.57 - - [16/Jan/2025:18:29:28 +0100] "GET /vendor/hamcrest/hamcrest-php/generator/FactoryClass.php HTTP/2.0" 200 20 "-" "Mozilla/5.0 AppleWebKit/537.36 (KHTML, like Gecko; compatible; GPTBot/1.2; +https://openai.com/gptbot)"
4.227.36.124 - - [16/Jan/2025:18:29:29 +0100] "GET /vendor/aws/aws-sdk-php/src/FIS/?C=S%3BO%3DA HTTP/2.0" 200 627 "-" "Mozilla/5.0 AppleWebKit/537.36 (KHTML, like Gecko; compatible; GPTBot/1.2; +https://openai.com/gptbot)"
4.227.36.57 - - [16/Jan/2025:18:29:29 +0100] "GET /vendor/hamcrest/hamcrest-php/tests/Hamcrest/ HTTP/2.0" 200 1596 "-" "Mozilla/5.0 AppleWebKit/537.36 (KHTML, like Gecko; compatible; GPTBot/1.2; +https://openai.com/gptbot)"
4.227.36.124 - - [16/Jan/2025:18:29:30 +0100] "GET /vendor/aws/aws-sdk-php/src/FIS/?C=N%3BO%3DD HTTP/2.0" 200 627 "-" "Mozilla/5.0 AppleWebKit/537.36 (KHTML, like Gecko; compatible; GPTBot/1.2; +https://openai.com/gptbot)"
4.227.36.57 - - [16/Jan/2025:18:29:31 +0100] "GET /vendor/hamcrest/hamcrest-php/generator/?C=D%3BO%3DA HTTP/2.0" 200 1292 "-" "Mozilla/5.0 AppleWebKit/537.36 (KHTML, like Gecko; compatible; GPTBot/1.2; +https://openai.com/gptbot)"
4.227.36.124 - - [16/Jan/2025:18:29:31 +0100] "GET /vendor/aws/aws-sdk-php/src/CloudDirectory/?C=S%3BO%3DA HTTP/2.0" 200 663 "-" "Mozilla/5.0 AppleWebKit/537.36 (KHTML, like Gecko; compatible; GPTBot/1.2; +https://openai.com/gptbot)"
4.227.36.57 - - [16/Jan/2025:18:29:32 +0100] "GET /vendor/hamcrest/hamcrest-php/generator/?C=M%3BO%3DA HTTP/2.0" 200 1292 "-" "Mozilla/5.0 AppleWebKit/537.36 (KHTML, like Gecko; compatible; GPTBot/1.2; +https://openai.com/gptbot)"
4.227.36.124 - - [16/Jan/2025:18:29:32 +0100] "GET /vendor/aws/aws-sdk-php/src/CloudDirectory/?C=M%3BO%3DA HTTP/2.0" 200 663 "-" "Mozilla/5.0 AppleWebKit/537.36 (KHTML, like Gecko; compatible; GPTBot/1.2; +https://openai.com/gptbot)"
4.227.36.57 - - [16/Jan/2025:18:29:33 +0100] "GET /vendor/hamcrest/hamcrest-php/generator/?C=S%3BO%3DA HTTP/2.0" 200 1292 "-" "Mozilla/5.0 AppleWebKit/537.36 (KHTML, like Gecko; compatible; GPTBot/1.2; +https://openai.com/gptbot)"
4.227.36.124 - - [16/Jan/2025:18:29:33 +0100] "GET /vendor/aws/aws-sdk-php/src/CloudDirectory/?C=N%3BO%3DD HTTP/2.0" 200 663 "-" "Mozilla/5.0 AppleWebKit/537.36 (KHTML, like Gecko; compatible; GPTBot/1.2; +https://openai.com/gptbot)"
4.227.36.57 - - [16/Jan/2025:18:29:34 +0100] "GET /vendor/hamcrest/hamcrest-php/generator/GlobalFunctionFile.php HTTP/2.0" 200 200 "-" "Mozilla/5.0 AppleWebKit/537.36 (KHTML, like Gecko; compatible; GPTBot/1.2; +https://openai.com/gptbot)"
4.227.36.124 - - [16/Jan/2025:18:29:35 +0100] "GET /vendor/aws/aws-sdk-php/src/CloudDirectory/CloudDirectoryClient.php HTTP/2.0" 200 204 "-" "Mozilla/5.0 AppleWebKit/537.36 (KHTML, like Gecko; compatible; GPTBot/1.2; +https://openai.com/gptbot)"
4.227.36.57 - - [16/Jan/2025:18:29:35 +0100] "GET /vendor/hamcrest/hamcrest-php/generator/parts/ HTTP/2.0" 200 1098 "-" "Mozilla/5.0 AppleWebKit/537.36 (KHTML, like Gecko; compatible; GPTBot/1.2; +https://openai.com/gptbot)"
4.227.36.124 - - [16/Jan/2025:18:29:36 +0100] "GET /vendor/aws/aws-sdk-php/src/CloudDirectory/Exception/ HTTP/2.0" 200 627 "-" "Mozilla/5.0 AppleWebKit/537.36 (KHTML, like Gecko; compatible; GPTBot/1.2; +https://openai.com/gptbot)"
4.227.36.57 - - [16/Jan/2025:18:29:36 +0100] "GET /vendor/hamcrest/hamcrest-php/generator/run.php HTTP/2.0" 200 279 "-" "Mozilla/5.0 AppleWebKit/537.36 (KHTML, like Gecko; compatible; GPTBot/1.2; +https://openai.com/gptbot)"
4.227.36.124 - - [16/Jan/2025:18:29:37 +0100] "GET /vendor/aws/aws-sdk-php/src/CloudDirectory/?C=D%3BO%3DA HTTP/2.0" 200 663 "-" "Mozilla/5.0 AppleWebKit/537.36 (KHTML, like Gecko; compatible; GPTBot/1.2; +https://openai.com/gptbot)"
4.227.36.57 - - [16/Jan/2025:18:29:37 +0100] "GET /vendor/hamcrest/hamcrest-php/generator/?C=N%3BO%3DD HTTP/2.0" 200 1292 "-" "Mozilla/5.0 AppleWebKit/537.36 (KHTML, like Gecko; compatible; GPTBot/1.2; +https://openai.com/gptbot)"
4.227.36.124 - - [16/Jan/2025:18:29:38 +0100] "GET /vendor/aws/aws-sdk-php/src/KinesisVideo/KinesisVideoClient.php HTTP/2.0" 200 202 "-" "Mozilla/5.0 AppleWebKit/537.36 (KHTML, like Gecko; compatible; GPTBot/1.2; +https://openai.com/gptbot)"
4.227.36.57 - - [16/Jan/2025:18:29:38 +0100] "GET /vendor/hamcrest/hamcrest-php/generator/FactoryParameter.php HTTP/2.0" 200 20 "-" "Mozilla/5.0 AppleWebKit/537.36 (KHTML, like Gecko; compatible; GPTBot/1.2; +https://openai.com/gptbot)"
4.227.36.124 - - [16/Jan/2025:18:29:39 +0100] "GET /vendor/aws/aws-sdk-php/src/KinesisVideo/Exception/ HTTP/2.0" 200 619 "-" "Mozilla/5.0 AppleWebKit/537.36 (KHTML, like Gecko; compatible; GPTBot/1.2; +https://openai.com/gptbot)"
4.227.36.57 - - [16/Jan/2025:18:29:39 +0100] "GET /vendor/hamcrest/hamcrest-php/generator/FactoryMethod.php HTTP/2.0" 200 20 "-" "Mozilla/5.0 AppleWebKit/537.36 (KHTML, like Gecko; compatible; GPTBot/1.2; +https://openai.com/gptbot)"
4.227.36.124 - - [16/Jan/2025:18:29:40 +0100] "GET /vendor/aws/aws-sdk-php/src/KinesisVideo/?C=D%3BO%3DA HTTP/2.0" 200 654 "-" "Mozilla/5.0 AppleWebKit/537.36 (KHTML, like Gecko; compatible; GPTBot/1.2; +https://openai.com/gptbot)"
4.227.36.57 - - [16/Jan/2025:18:29:40 +0100] "GET /vendor/hamcrest/hamcrest-php/generator/FactoryFile.php HTTP/2.0" 200 20 "-" "Mozilla/5.0 AppleWebKit/537.36 (KHTML, like Gecko; compatible; GPTBot/1.2; +https://openai.com/gptbot)"
4.227.36.124 - - [16/Jan/2025:18:29:41 +0100] "GET /vendor/aws/aws-sdk-php/src/KinesisVideo/?C=M%3BO%3DA HTTP/2.0" 200 654 "-" "Mozilla/5.0 AppleWebKit/537.36 (KHTML, like Gecko; compatible; GPTBot/1.2; +https://openai.com/gptbot)"
4.227.36.57 - - [16/Jan/2025:18:29:42 +0100] "GET /vendor/hamcrest/hamcrest-php/generator/FactoryGenerator.php HTTP/2.0" 200 20 "-" "Mozilla/5.0 AppleWebKit/537.36 (KHTML, like Gecko; compatible; GPTBot/1.2; +https://openai.com/gptbot)"
4.227.36.124 - - [16/Jan/2025:18:29:42 +0100] "GET /vendor/aws/aws-sdk-php/src/KinesisVideo/?C=S%3BO%3DA HTTP/2.0" 200 654 "-" "Mozilla/5.0 AppleWebKit/537.36 (KHTML, like Gecko; compatible; GPTBot/1.2; +https://openai.com/gptbot)"
4.227.36.57 - - [16/Jan/2025:18:29:43 +0100] "GET /vendor/hamcrest/hamcrest-php/generator/StaticMethodFile.php HTTP/2.0" 200 197 "-" "Mozilla/5.0 AppleWebKit/537.36 (KHTML, like Gecko; compatible; GPTBot/1.2; +https://openai.com/gptbot)"
4.227.36.124 - - [16/Jan/2025:18:29:43 +0100] "GET /vendor/aws/aws-sdk-php/src/KinesisVideo/?C=N%3BO%3DD HTTP/2.0" 200 654 "-" "Mozilla/5.0 AppleWebKit/537.36 (KHTML, like Gecko; compatible; GPTBot/1.2; +https://openai.com/gptbot)"
4.227.36.57 - - [16/Jan/2025:18:29:44 +0100] "GET /vendor/hamcrest/hamcrest-php/generator/FactoryCall.php HTTP/2.0" 200 20 "-" "Mozilla/5.0 AppleWebKit/537.36 (KHTML, like Gecko; compatible; GPTBot/1.2; +https://openai.com/gptbot)"
4.227.36.124 - - [16/Jan/2025:18:29:44 +0100] "GET /vendor/aws/aws-sdk-php/src/ChimeSDKIdentity/?C=N%3BO%3DD HTTP/2.0" 200 669 "-" "Mozilla/5.0 AppleWebKit/537.36 (KHTML, like Gecko; compatible; GPTBot/1.2; +https://openai.com/gptbot)"
4.227.36.57 - - [16/Jan/2025:18:29:45 +0100] "GET /vendor/hamcrest/hamcrest-php/hamcrest/?C=S%3BO%3DA HTTP/2.0" 200 641 "-" "Mozilla/5.0 AppleWebKit/537.36 (KHTML, like Gecko; compatible; GPTBot/1.2; +https://openai.com/gptbot)"
4.227.36.124 - - [16/Jan/2025:18:29:45 +0100] "GET /vendor/aws/aws-sdk-php/src/ChimeSDKIdentity/?C=D%3BO%3DA HTTP/2.0" 200 669 "-" "Mozilla/5.0 AppleWebKit/537.36 (KHTML, like Gecko; compatible; GPTBot/1.2; +https://openai.com/gptbot)"
4.227.36.57 - - [16/Jan/2025:18:29:46 +0100] "GET /vendor/hamcrest/hamcrest-php/hamcrest/?C=N%3BO%3DD HTTP/2.0" 200 641 "-" "Mozilla/5.0 AppleWebKit/537.36 (KHTML, like Gecko; compatible; GPTBot/1.2; +https://openai.com/gptbot)"
4.227.36.124 - - [16/Jan/2025:18:29:47 +0100] "GET /vendor/aws/aws-sdk-php/src/ChimeSDKIdentity/Exception/ HTTP/2.0" 200 635 "-" "Mozilla/5.0 AppleWebKit/537.36 (KHTML, like Gecko; compatible; GPTBot/1.2; +https://openai.com/gptbot)"
4.227.36.57 - - [16/Jan/2025:18:29:47 +0100] "GET /vendor/hamcrest/hamcrest-php/hamcrest/?C=M%3BO%3DA HTTP/2.0" 200 641 "-" "Mozilla/5.0 AppleWebKit/537.36 (KHTML, like Gecko; compatible; GPTBot/1.2; +https://openai.com/gptbot)"
4.227.36.124 - - [16/Jan/2025:18:29:48 +0100] "GET /vendor/aws/aws-sdk-php/src/ChimeSDKIdentity/ChimeSDKIdentityClient.php HTTP/2.0" 200 208 "-" "Mozilla/5.0 AppleWebKit/537.36 (KHTML, like Gecko; compatible; GPTBot/1.2; +https://openai.com/gptbot)"
4.227.36.57 - - [16/Jan/2025:18:29:48 +0100] "GET /vendor/hamcrest/hamcrest-php/hamcrest/Hamcrest.php HTTP/2.0" 200 20 "-" "Mozilla/5.0 AppleWebKit/537.36 (KHTML, like Gecko; compatible; GPTBot/1.2; +https://openai.com/gptbot)"
4.227.36.124 - - [16/Jan/2025:18:29:49 +0100] "GET /vendor/aws/aws-sdk-php/src/ChimeSDKIdentity/?C=S%3BO%3DA HTTP/2.0" 200 669 "-" "Mozilla/5.0 AppleWebKit/537.36 (KHTML, like Gecko; compatible; GPTBot/1.2; +https://openai.com/gptbot)"
4.227.36.57 - - [16/Jan/2025:18:29:49 +0100] "GET /vendor/hamcrest/hamcrest-php/hamcrest/Hamcrest/ HTTP/2.0" 200 2307 "-" "Mozilla/5.0 AppleWebKit/537.36 (KHTML, like Gecko; compatible; GPTBot/1.2; +https://openai.com/gptbot)"
4.227.36.124 - - [16/Jan/2025:18:29:50 +0100] "GET /vendor/aws/aws-sdk-php/src/ChimeSDKIdentity/?C=M%3BO%3DA HTTP/2.0" 200 669 "-" "Mozilla/5.0 AppleWebKit/537.36 (KHTML, like Gecko; compatible; GPTBot/1.2; +https://openai.com/gptbot)"
4.227.36.57 - - [16/Jan/2025:18:29:50 +0100] "GET /vendor/hamcrest/hamcrest-php/hamcrest/?C=D%3BO%3DA HTTP/2.0" 200 641 "-" "Mozilla/5.0 AppleWebKit/537.36 (KHTML, like Gecko; compatible; GPTBot/1.2; +https://openai.com/gptbot)"
4.227.36.124 - - [16/Jan/2025:18:29:51 +0100] "GET /vendor/aws/aws-sdk-php/src/OpsWorks/OpsWorksClient.php HTTP/2.0" 200 203 "-" "Mozilla/5.0 AppleWebKit/537.36 (KHTML, like Gecko; compatible; GPTBot/1.2; +https://openai.com/gptbot)"
4.227.36.57 - - [16/Jan/2025:18:29:51 +0100] "GET /vendor/zing/flysystem-oss/src/VisibilityConverter.php HTTP/2.0" 200 20 "-" "Mozilla/5.0 AppleWebKit/537.36 (KHTML, like Gecko; compatible; GPTBot/1.2; +https://openai.com/gptbot)"
4.227.36.124 - - [16/Jan/2025:18:29:52 +0100] "GET /vendor/aws/aws-sdk-php/src/OpsWorks/Exception/ HTTP/2.0" 200 600 "-" "Mozilla/5.0 AppleWebKit/537.36 (KHTML, like Gecko; compatible; GPTBot/1.2; +https://openai.com/gptbot)"
4.227.36.57 - - [16/Jan/2025:18:29:53 +0100] "GET /vendor/zing/flysystem-oss/src/PortableVisibilityConverter.php HTTP/2.0" 200 217 "-" "Mozilla/5.0 AppleWebKit/537.36 (KHTML, like Gecko; compatible; GPTBot/1.2; +https://openai.com/gptbot)"
4.227.36.124 - - [16/Jan/2025:18:29:53 +0100] "GET /vendor/aws/aws-sdk-php/src/OpsWorks/?C=N%3BO%3DD HTTP/2.0" 200 642 "-" "Mozilla/5.0 AppleWebKit/537.36 (KHTML, like Gecko; compatible; GPTBot/1.2; +https://openai.com/gptbot)"
4.227.36.57 - - [16/Jan/2025:18:29:54 +0100] "GET /vendor/zing/flysystem-oss/src/OssAdapter.php HTTP/2.0" 200 210 "-" "Mozilla/5.0 AppleWebKit/537.36 (KHTML, like Gecko; compatible; GPTBot/1.2; +https://openai.com/gptbot)"
4.227.36.124 - - [16/Jan/2025:18:29:54 +0100] "GET /vendor/aws/aws-sdk-php/src/OpsWorks/?C=D%3BO%3DA HTTP/2.0" 200 642 "-" "Mozilla/5.0 AppleWebKit/537.36 (KHTML, like Gecko; compatible; GPTBot/1.2; +https://openai.com/gptbot)"
4.227.36.57 - - [16/Jan/2025:18:29:55 +0100] "GET /vendor/zing/flysystem-oss/src/?C=M%3BO%3DA HTTP/2.0" 200 818 "-" "Mozilla/5.0 AppleWebKit/537.36 (KHTML, like Gecko; compatible; GPTBot/1.2; +https://openai.com/gptbot)"
4.227.36.124 - - [16/Jan/2025:18:29:55 +0100] "GET /vendor/aws/aws-sdk-php/src/OpsWorks/?C=M%3BO%3DA HTTP/2.0" 200 642 "-" "Mozilla/5.0 AppleWebKit/537.36 (KHTML, like Gecko; compatible; GPTBot/1.2; +https://openai.com/gptbot)"
4.227.36.57 - - [16/Jan/2025:18:29:56 +0100] "GET /vendor/zing/flysystem-oss/src/UnableToGetUrl.php HTTP/2.0" 200 214 "-" "Mozilla/5.0 AppleWebKit/537.36 (KHTML, like Gecko; compatible; GPTBot/1.2; +https://openai.com/gptbot)"
4.227.36.124 - - [16/Jan/2025:18:29:56 +0100] "GET /vendor/aws/aws-sdk-php/src/OpsWorks/?C=S%3BO%3DA HTTP/2.0" 200 642 "-" "Mozilla/5.0 AppleWebKit/537.36 (KHTML, like Gecko; compatible; GPTBot/1.2; +https://openai.com/gptbot)"
4.227.36.57 - - [16/Jan/2025:18:29:57 +0100] "GET /vendor/zing/flysystem-oss/src/?C=S%3BO%3DA HTTP/2.0" 200 818 "-" "Mozilla/5.0 AppleWebKit/537.36 (KHTML, like Gecko; compatible; GPTBot/1.2; +https://openai.com/gptbot)"
4.227.36.124 - - [16/Jan/2025:18:29:58 +0100] "GET /vendor/aws/aws-sdk-php/src/SageMaker/SageMakerClient.php HTTP/2.0" 200 202 "-" "Mozilla/5.0 AppleWebKit/537.36 (KHTML, like Gecko; compatible; GPTBot/1.2; +https://openai.com/gptbot)"
4.227.36.57 - - [16/Jan/2025:18:29:58 +0100] "GET /vendor/zing/flysystem-oss/src/?C=D%3BO%3DA HTTP/2.0" 200 818 "-" "Mozilla/5.0 AppleWebKit/537.36 (KHTML, like Gecko; compatible; GPTBot/1.2; +https://openai.com/gptbot)"
4.227.36.124 - - [16/Jan/2025:18:29:59 +0100] "GET /vendor/aws/aws-sdk-php/src/SageMaker/Exception/ HTTP/2.0" 200 604 "-" "Mozilla/5.0 AppleWebKit/537.36 (KHTML, like Gecko; compatible; GPTBot/1.2; +https://openai.com/gptbot)"
4.227.36.57 - - [16/Jan/2025:18:29:59 +0100] "GET /vendor/zing/flysystem-oss/src/?C=N%3BO%3DD HTTP/2.0" 200 818 "-" "Mozilla/5.0 AppleWebKit/537.36 (KHTML, like Gecko; compatible; GPTBot/1.2; +https://openai.com/gptbot)"
4.227.36.124 - - [16/Jan/2025:18:30:00 +0100] "GET /vendor/aws/aws-sdk-php/src/SageMaker/?C=D%3BO%3DA HTTP/2.0" 200 645 "-" "Mozilla/5.0 AppleWebKit/537.36 (KHTML, like Gecko; compatible; GPTBot/1.2; +https://openai.com/gptbot)"
4.227.36.57 - - [16/Jan/2025:18:30:00 +0100] "GET /vendor/opis/closure/src/SecurityProvider.php HTTP/2.0" 200 202 "-" "Mozilla/5.0 AppleWebKit/537.36 (KHTML, like Gecko; compatible; GPTBot/1.2; +https://openai.com/gptbot)"
4.227.36.124 - - [16/Jan/2025:18:30:01 +0100] "GET /vendor/aws/aws-sdk-php/src/SageMaker/?C=M%3BO%3DA HTTP/2.0" 200 645 "-" "Mozilla/5.0 AppleWebKit/537.36 (KHTML, like Gecko; compatible; GPTBot/1.2; +https://openai.com/gptbot)"
4.227.36.57 - - [16/Jan/2025:18:30:01 +0100] "GET /vendor/opis/closure/src/ClosureScope.php HTTP/2.0" 200 20 "-" "Mozilla/5.0 AppleWebKit/537.36 (KHTML, like Gecko; compatible; GPTBot/1.2; +https://openai.com/gptbot)"
4.227.36.124 - - [16/Jan/2025:18:30:02 +0100] "GET /vendor/aws/aws-sdk-php/src/SageMaker/?C=S%3BO%3DA HTTP/2.0" 200 645 "-" "Mozilla/5.0 AppleWebKit/537.36 (KHTML, like Gecko; compatible; GPTBot/1.2; +https://openai.com/gptbot)"
4.227.36.57 - - [16/Jan/2025:18:30:02 +0100] "GET /vendor/opis/closure/src/SecurityException.php HTTP/2.0" 200 20 "-" "Mozilla/5.0 AppleWebKit/537.36 (KHTML, like Gecko; compatible; GPTBot/1.2; +https://openai.com/gptbot)"
4.227.36.124 - - [16/Jan/2025:18:30:03 +0100] "GET /vendor/aws/aws-sdk-php/src/SageMaker/?C=N%3BO%3DD HTTP/2.0" 200 645 "-" "Mozilla/5.0 AppleWebKit/537.36 (KHTML, like Gecko; compatible; GPTBot/1.2; +https://openai.com/gptbot)"
4.227.36.57 - - [16/Jan/2025:18:30:04 +0100] "GET /vendor/opis/closure/src/ReflectionClosure.php HTTP/2.0" 200 20 "-" "Mozilla/5.0 AppleWebKit/537.36 (KHTML, like Gecko; compatible; GPTBot/1.2; +https://openai.com/gptbot)"
4.227.36.124 - - [16/Jan/2025:18:30:04 +0100] "GET /vendor/aws/aws-sdk-php/src/IoTSiteWise/Exception/ HTTP/2.0" 200 615 "-" "Mozilla/5.0 AppleWebKit/537.36 (KHTML, like Gecko; compatible; GPTBot/1.2; +https://openai.com/gptbot)"
4.227.36.57 - - [16/Jan/2025:18:30:05 +0100] "GET /vendor/opis/closure/src/?C=S%3BO%3DA HTTP/2.0" 200 1281 "-" "Mozilla/5.0 AppleWebKit/537.36 (KHTML, like Gecko; compatible; GPTBot/1.2; +https://openai.com/gptbot)"
4.227.36.124 - - [16/Jan/2025:18:30:05 +0100] "GET /vendor/aws/aws-sdk-php/src/IoTSiteWise/?C=M%3BO%3DA HTTP/2.0" 200 651 "-" "Mozilla/5.0 AppleWebKit/537.36 (KHTML, like Gecko; compatible; GPTBot/1.2; +https://openai.com/gptbot)"
4.227.36.57 - - [16/Jan/2025:18:30:06 +0100] "GET /vendor/opis/closure/src/ISecurityProvider.php HTTP/2.0" 200 20 "-" "Mozilla/5.0 AppleWebKit/537.36 (KHTML, like Gecko; compatible; GPTBot/1.2; +https://openai.com/gptbot)"
4.227.36.124 - - [16/Jan/2025:18:30:06 +0100] "GET /vendor/aws/aws-sdk-php/src/IoTSiteWise/?C=D%3BO%3DA HTTP/2.0" 200 651 "-" "Mozilla/5.0 AppleWebKit/537.36 (KHTML, like Gecko; compatible; GPTBot/1.2; +https://openai.com/gptbot)"
4.227.36.57 - - [16/Jan/2025:18:30:07 +0100] "GET /vendor/opis/closure/src/?C=M%3BO%3DA HTTP/2.0" 200 1281 "-" "Mozilla/5.0 AppleWebKit/537.36 (KHTML, like Gecko; compatible; GPTBot/1.2; +https://openai.com/gptbot)"
4.227.36.124 - - [16/Jan/2025:18:30:07 +0100] "GET /vendor/aws/aws-sdk-php/src/IoTSiteWise/?C=N%3BO%3DD HTTP/2.0" 200 651 "-" "Mozilla/5.0 AppleWebKit/537.36 (KHTML, like Gecko; compatible; GPTBot/1.2; +https://openai.com/gptbot)"
4.227.36.57 - - [16/Jan/2025:18:30:08 +0100] "GET /vendor/opis/closure/src/Analyzer.php HTTP/2.0" 200 197 "-" "Mozilla/5.0 AppleWebKit/537.36 (KHTML, like Gecko; compatible; GPTBot/1.2; +https://openai.com/gptbot)"
4.227.36.124 - - [16/Jan/2025:18:30:09 +0100] "GET /vendor/aws/aws-sdk-php/src/IoTSiteWise/?C=S%3BO%3DA HTTP/2.0" 200 651 "-" "Mozilla/5.0 AppleWebKit/537.36 (KHTML, like Gecko; compatible; GPTBot/1.2; +https://openai.com/gptbot)"
4.227.36.57 - - [16/Jan/2025:18:30:09 +0100] "GET /vendor/opis/closure/src/SerializableClosure.php HTTP/2.0" 200 20 "-" "Mozilla/5.0 AppleWebKit/537.36 (KHTML, like Gecko; compatible; GPTBot/1.2; +https://openai.com/gptbot)"
4.227.36.124 - - [16/Jan/2025:18:30:10 +0100] "GET /vendor/aws/aws-sdk-php/src/IoTSiteWise/IoTSiteWiseClient.php HTTP/2.0" 200 205 "-" "Mozilla/5.0 AppleWebKit/537.36 (KHTML, like Gecko; compatible; GPTBot/1.2; +https://openai.com/gptbot)"
4.227.36.57 - - [16/Jan/2025:18:30:10 +0100] "GET /vendor/opis/closure/src/?C=D%3BO%3DA HTTP/2.0" 200 1281 "-" "Mozilla/5.0 AppleWebKit/537.36 (KHTML, like Gecko; compatible; GPTBot/1.2; +https://openai.com/gptbot)"
4.227.36.124 - - [16/Jan/2025:18:30:11 +0100] "GET /vendor/aws/aws-sdk-php/src/ApplicationInsights/?C=M%3BO%3DA HTTP/2.0" 200 678 "-" "Mozilla/5.0 AppleWebKit/537.36 (KHTML, like Gecko; compatible; GPTBot/1.2; +https://openai.com/gptbot)"
4.227.36.57 - - [16/Jan/2025:18:30:11 +0100] "GET /vendor/opis/closure/src/ClosureStream.php HTTP/2.0" 200 20 "-" "Mozilla/5.0 AppleWebKit/537.36 (KHTML, like Gecko; compatible; GPTBot/1.2; +https://openai.com/gptbot)"
4.227.36.124 - - [16/Jan/2025:18:30:12 +0100] "GET /vendor/aws/aws-sdk-php/src/ApplicationInsights/?C=D%3BO%3DA HTTP/2.0" 200 678 "-" "Mozilla/5.0 AppleWebKit/537.36 (KHTML, like Gecko; compatible; GPTBot/1.2; +https://openai.com/gptbot)"
4.227.36.57 - - [16/Jan/2025:18:30:12 +0100] "GET /vendor/opis/closure/src/ClosureContext.php HTTP/2.0" 200 20 "-" "Mozilla/5.0 AppleWebKit/537.36 (KHTML, like Gecko; compatible; GPTBot/1.2; +https://openai.com/gptbot)"
4.227.36.124 - - [16/Jan/2025:18:30:13 +0100] "GET /vendor/aws/aws-sdk-php/src/ApplicationInsights/?C=S%3BO%3DA HTTP/2.0" 200 678 "-" "Mozilla/5.0 AppleWebKit/537.36 (KHTML, like Gecko; compatible; GPTBot/1.2; +https://openai.com/gptbot)"
4.227.36.57 - - [16/Jan/2025:18:30:13 +0100] "GET /vendor/opis/closure/src/SelfReference.php HTTP/2.0" 200 20 "-" "Mozilla/5.0 AppleWebKit/537.36 (KHTML, like Gecko; compatible; GPTBot/1.2; +https://openai.com/gptbot)"
4.227.36.124 - - [16/Jan/2025:18:30:14 +0100] "GET /vendor/aws/aws-sdk-php/src/ApplicationInsights/Exception/ HTTP/2.0" 200 647 "-" "Mozilla/5.0 AppleWebKit/537.36 (KHTML, like Gecko; compatible; GPTBot/1.2; +https://openai.com/gptbot)"
4.227.36.57 - - [16/Jan/2025:18:30:15 +0100] "GET /vendor/opis/closure/src/?C=N%3BO%3DD HTTP/2.0" 200 1281 "-" "Mozilla/5.0 AppleWebKit/537.36 (KHTML, like Gecko; compatible; GPTBot/1.2; +https://openai.com/gptbot)"
4.227.36.124 - - [16/Jan/2025:18:30:15 +0100] "GET /vendor/aws/aws-sdk-php/src/ApplicationInsights/ApplicationInsightsClient.php HTTP/2.0" 200 207 "-" "Mozilla/5.0 AppleWebKit/537.36 (KHTML, like Gecko; compatible; GPTBot/1.2; +https://openai.com/gptbot)"
4.227.36.57 - - [16/Jan/2025:18:30:16 +0100] "GET /vendor/nikic/php-parser/bin/php-parse HTTP/2.0" 200 6246 "-" "Mozilla/5.0 AppleWebKit/537.36 (KHTML, like Gecko; compatible; GPTBot/1.2; +https://openai.com/gptbot)"
4.227.36.124 - - [16/Jan/2025:18:30:16 +0100] "GET /vendor/aws/aws-sdk-php/src/ApplicationInsights/?C=N%3BO%3DD HTTP/2.0" 200 678 "-" "Mozilla/5.0 AppleWebKit/537.36 (KHTML, like Gecko; compatible; GPTBot/1.2; +https://openai.com/gptbot)"
4.227.36.57 - - [16/Jan/2025:18:30:17 +0100] "GET /vendor/nikic/php-parser/bin/?C=M%3BO%3DA HTTP/2.0" 200 540 "-" "Mozilla/5.0 AppleWebKit/537.36 (KHTML, like Gecko; compatible; GPTBot/1.2; +https://openai.com/gptbot)"
4.227.36.124 - - [16/Jan/2025:18:30:17 +0100] "GET /vendor/aws/aws-sdk-php/src/ForecastQueryService/?C=S%3BO%3DA HTTP/2.0" 200 681 "-" "Mozilla/5.0 AppleWebKit/537.36 (KHTML, like Gecko; compatible; GPTBot/1.2; +https://openai.com/gptbot)"
4.227.36.57 - - [16/Jan/2025:18:30:18 +0100] "GET /vendor/nikic/php-parser/bin/?C=S%3BO%3DA HTTP/2.0" 200 540 "-" "Mozilla/5.0 AppleWebKit/537.36 (KHTML, like Gecko; compatible; GPTBot/1.2; +https://openai.com/gptbot)"
4.227.36.124 - - [16/Jan/2025:18:30:18 +0100] "GET /vendor/aws/aws-sdk-php/src/ForecastQueryService/Exception/ HTTP/2.0" 200 651 "-" "Mozilla/5.0 AppleWebKit/537.36 (KHTML, like Gecko; compatible; GPTBot/1.2; +https://openai.com/gptbot)"
4.227.36.57 - - [16/Jan/2025:18:30:19 +0100] "GET /vendor/nikic/php-parser/bin/?C=D%3BO%3DA HTTP/2.0" 200 540 "-" "Mozilla/5.0 AppleWebKit/537.36 (KHTML, like Gecko; compatible; GPTBot/1.2; +https://openai.com/gptbot)"
4.227.36.124 - - [16/Jan/2025:18:30:20 +0100] "GET /vendor/aws/aws-sdk-php/src/ForecastQueryService/?C=D%3BO%3DA HTTP/2.0" 200 681 "-" "Mozilla/5.0 AppleWebKit/537.36 (KHTML, like Gecko; compatible; GPTBot/1.2; +https://openai.com/gptbot)"
4.227.36.57 - - [16/Jan/2025:18:30:20 +0100] "GET /vendor/nikic/php-parser/bin/?C=N%3BO%3DD HTTP/2.0" 200 540 "-" "Mozilla/5.0 AppleWebKit/537.36 (KHTML, like Gecko; compatible; GPTBot/1.2; +https://openai.com/gptbot)"
4.227.36.124 - - [16/Jan/2025:18:30:21 +0100] "GET /vendor/aws/aws-sdk-php/src/ForecastQueryService/ForecastQueryServiceClient.php HTTP/2.0" 200 207 "-" "Mozilla/5.0 AppleWebKit/537.36 (KHTML, like Gecko; compatible; GPTBot/1.2; +https://openai.com/gptbot)"
4.227.36.57 - - [16/Jan/2025:18:30:21 +0100] "GET /vendor/nikic/php-parser/grammar/README.md HTTP/2.0" 200 1417 "-" "Mozilla/5.0 AppleWebKit/537.36 (KHTML, like Gecko; compatible; GPTBot/1.2; +https://openai.com/gptbot)"
4.227.36.124 - - [16/Jan/2025:18:30:22 +0100] "GET /vendor/aws/aws-sdk-php/src/ForecastQueryService/?C=N%3BO%3DD HTTP/2.0" 200 681 "-" "Mozilla/5.0 AppleWebKit/537.36 (KHTML, like Gecko; compatible; GPTBot/1.2; +https://openai.com/gptbot)"
4.227.36.57 - - [16/Jan/2025:18:30:22 +0100] "GET /vendor/nikic/php-parser/grammar/tokens.template HTTP/2.0" 200 298 "-" "Mozilla/5.0 AppleWebKit/537.36 (KHTML, like Gecko; compatible; GPTBot/1.2; +https://openai.com/gptbot)"
4.227.36.124 - - [16/Jan/2025:18:30:23 +0100] "GET /vendor/aws/aws-sdk-php/src/ForecastQueryService/?C=M%3BO%3DA HTTP/2.0" 200 681 "-" "Mozilla/5.0 AppleWebKit/537.36 (KHTML, like Gecko; compatible; GPTBot/1.2; +https://openai.com/gptbot)"
4.227.36.57 - - [16/Jan/2025:18:30:23 +0100] "GET /vendor/nikic/php-parser/grammar/php7.y HTTP/2.0" 200 56429 "-" "Mozilla/5.0 AppleWebKit/537.36 (KHTML, like Gecko; compatible; GPTBot/1.2; +https://openai.com/gptbot)"
4.227.36.124 - - [16/Jan/2025:18:30:24 +0100] "GET /vendor/aws/aws-sdk-php/src/IoTWireless/?C=M%3BO%3DA HTTP/2.0" 200 651 "-" "Mozilla/5.0 AppleWebKit/537.36 (KHTML, like Gecko; compatible; GPTBot/1.2; +https://openai.com/gptbot)"
4.227.36.57 - - [16/Jan/2025:18:30:24 +0100] "GET /vendor/nikic/php-parser/grammar/parser.template HTTP/2.0" 200 2321 "-" "Mozilla/5.0 AppleWebKit/537.36 (KHTML, like Gecko; compatible; GPTBot/1.2; +https://openai.com/gptbot)"
4.227.36.124 - - [16/Jan/2025:18:30:25 +0100] "GET /vendor/aws/aws-sdk-php/src/IoTWireless/Exception/ HTTP/2.0" 200 615 "-" "Mozilla/5.0 AppleWebKit/537.36 (KHTML, like Gecko; compatible; GPTBot/1.2; +https://openai.com/gptbot)"
4.227.36.57 - - [16/Jan/2025:18:30:26 +0100] "GET /vendor/nikic/php-parser/grammar/?C=S%3BO%3DA HTTP/2.0" 200 1076 "-" "Mozilla/5.0 AppleWebKit/537.36 (KHTML, like Gecko; compatible; GPTBot/1.2; +https://openai.com/gptbot)"
4.227.36.124 - - [16/Jan/2025:18:30:26 +0100] "GET /vendor/aws/aws-sdk-php/src/IoTWireless/?C=D%3BO%3DA HTTP/2.0" 200 651 "-" "Mozilla/5.0 AppleWebKit/537.36 (KHTML, like Gecko; compatible; GPTBot/1.2; +https://openai.com/gptbot)"
4.227.36.57 - - [16/Jan/2025:18:30:27 +0100] "GET /vendor/nikic/php-parser/grammar/?C=N%3BO%3DD HTTP/2.0" 200 1076 "-" "Mozilla/5.0 AppleWebKit/537.36 (KHTML, like Gecko; compatible; GPTBot/1.2; +https://openai.com/gptbot)"
4.227.36.124 - - [16/Jan/2025:18:30:27 +0100] "GET /vendor/aws/aws-sdk-php/src/IoTWireless/IoTWirelessClient.php HTTP/2.0" 200 204 "-" "Mozilla/5.0 AppleWebKit/537.36 (KHTML, like Gecko; compatible; GPTBot/1.2; +https://openai.com/gptbot)"
4.227.36.57 - - [16/Jan/2025:18:30:28 +0100] "GET /vendor/nikic/php-parser/grammar/tokens.y HTTP/2.0" 200 2689 "-" "Mozilla/5.0 AppleWebKit/537.36 (KHTML, like Gecko; compatible; GPTBot/1.2; +https://openai.com/gptbot)"
4.227.36.124 - - [16/Jan/2025:18:30:28 +0100] "GET /vendor/aws/aws-sdk-php/src/IoTWireless/?C=S%3BO%3DA HTTP/2.0" 200 651 "-" "Mozilla/5.0 AppleWebKit/537.36 (KHTML, like Gecko; compatible; GPTBot/1.2; +https://openai.com/gptbot)"
4.227.36.57 - - [16/Jan/2025:18:30:29 +0100] "GET /vendor/nikic/php-parser/grammar/?C=D%3BO%3DA HTTP/2.0" 200 1076 "-" "Mozilla/5.0 AppleWebKit/537.36 (KHTML, like Gecko; compatible; GPTBot/1.2; +https://openai.com/gptbot)"
4.227.36.124 - - [16/Jan/2025:18:30:29 +0100] "GET /vendor/aws/aws-sdk-php/src/IoTWireless/?C=N%3BO%3DD HTTP/2.0" 200 651 "-" "Mozilla/5.0 AppleWebKit/537.36 (KHTML, like Gecko; compatible; GPTBot/1.2; +https://openai.com/gptbot)"
4.227.36.57 - - [16/Jan/2025:18:30:30 +0100] "GET /vendor/nikic/php-parser/grammar/php5.y HTTP/2.0" 200 50998 "-" "Mozilla/5.0 AppleWebKit/537.36 (KHTML, like Gecko; compatible; GPTBot/1.2; +https://openai.com/gptbot)"
4.227.36.124 - - [16/Jan/2025:18:30:31 +0100] "GET /vendor/aws/aws-sdk-php/src/DataSync/DataSyncClient.php HTTP/2.0" 200 200 "-" "Mozilla/5.0 AppleWebKit/537.36 (KHTML, like Gecko; compatible; GPTBot/1.2; +https://openai.com/gptbot)"
4.227.36.57 - - [16/Jan/2025:18:30:31 +0100] "GET /vendor/nikic/php-parser/grammar/phpyLang.php HTTP/2.0" 200 20 "-" "Mozilla/5.0 AppleWebKit/537.36 (KHTML, like Gecko; compatible; GPTBot/1.2; +https://openai.com/gptbot)"
4.227.36.124 - - [16/Jan/2025:18:30:32 +0100] "GET /vendor/aws/aws-sdk-php/src/DataSync/?C=M%3BO%3DA HTTP/2.0" 200 642 "-" "Mozilla/5.0 AppleWebKit/537.36 (KHTML, like Gecko; compatible; GPTBot/1.2; +https://openai.com/gptbot)"
4.227.36.57 - - [16/Jan/2025:18:30:32 +0100] "GET /vendor/nikic/php-parser/grammar/?C=M%3BO%3DA HTTP/2.0" 200 1076 "-" "Mozilla/5.0 AppleWebKit/537.36 (KHTML, like Gecko; compatible; GPTBot/1.2; +https://openai.com/gptbot)"
4.227.36.124 - - [16/Jan/2025:18:30:33 +0100] "GET /vendor/aws/aws-sdk-php/src/DataSync/?C=N%3BO%3DD HTTP/2.0" 200 642 "-" "Mozilla/5.0 AppleWebKit/537.36 (KHTML, like Gecko; compatible; GPTBot/1.2; +https://openai.com/gptbot)"
4.227.36.57 - - [16/Jan/2025:18:30:33 +0100] "GET /vendor/nikic/php-parser/grammar/rebuildParsers.php HTTP/2.0" 200 270 "-" "Mozilla/5.0 AppleWebKit/537.36 (KHTML, like Gecko; compatible; GPTBot/1.2; +https://openai.com/gptbot)"
4.227.36.124 - - [16/Jan/2025:18:30:34 +0100] "GET /vendor/aws/aws-sdk-php/src/DataSync/?C=D%3BO%3DA HTTP/2.0" 200 642 "-" "Mozilla/5.0 AppleWebKit/537.36 (KHTML, like Gecko; compatible; GPTBot/1.2; +https://openai.com/gptbot)"
4.227.36.57 - - [16/Jan/2025:18:30:34 +0100] "GET /vendor/nikic/php-parser/lib/PhpParser/ HTTP/2.0" 200 3009 "-" "Mozilla/5.0 AppleWebKit/537.36 (KHTML, like Gecko; compatible; GPTBot/1.2; +https://openai.com/gptbot)"
4.227.36.124 - - [16/Jan/2025:18:30:35 +0100] "GET /vendor/aws/aws-sdk-php/src/DataSync/?C=S%3BO%3DA HTTP/2.0" 200 642 "-" "Mozilla/5.0 AppleWebKit/537.36 (KHTML, like Gecko; compatible; GPTBot/1.2; +https://openai.com/gptbot)"
4.227.36.57 - - [16/Jan/2025:18:30:35 +0100] "GET /vendor/nikic/php-parser/lib/?C=M%3BO%3DA HTTP/2.0" 200 541 "-" "Mozilla/5.0 AppleWebKit/537.36 (KHTML, like Gecko; compatible; GPTBot/1.2; +https://openai.com/gptbot)"
4.227.36.124 - - [16/Jan/2025:18:30:36 +0100] "GET /vendor/aws/aws-sdk-php/src/DataSync/Exception/ HTTP/2.0" 200 600 "-" "Mozilla/5.0 AppleWebKit/537.36 (KHTML, like Gecko; compatible; GPTBot/1.2; +https://openai.com/gptbot)"
4.227.36.57 - - [16/Jan/2025:18:30:37 +0100] "GET /vendor/nikic/php-parser/lib/?C=D%3BO%3DA HTTP/2.0" 200 541 "-" "Mozilla/5.0 AppleWebKit/537.36 (KHTML, like Gecko; compatible; GPTBot/1.2; +https://openai.com/gptbot)"
4.227.36.124 - - [16/Jan/2025:18:30:37 +0100] "GET /vendor/aws/aws-sdk-php/src/FMS/?C=D%3BO%3DA HTTP/2.0" 200 627 "-" "Mozilla/5.0 AppleWebKit/537.36 (KHTML, like Gecko; compatible; GPTBot/1.2; +https://openai.com/gptbot)"
4.227.36.57 - - [16/Jan/2025:18:30:38 +0100] "GET /vendor/nikic/php-parser/lib/?C=S%3BO%3DA HTTP/2.0" 200 541 "-" "Mozilla/5.0 AppleWebKit/537.36 (KHTML, like Gecko; compatible; GPTBot/1.2; +https://openai.com/gptbot)"
4.227.36.124 - - [16/Jan/2025:18:30:38 +0100] "GET /vendor/aws/aws-sdk-php/src/FMS/?C=M%3BO%3DA HTTP/2.0" 200 627 "-" "Mozilla/5.0 AppleWebKit/537.36 (KHTML, like Gecko; compatible; GPTBot/1.2; +https://openai.com/gptbot)"
4.227.36.57 - - [16/Jan/2025:18:30:39 +0100] "GET /vendor/nikic/php-parser/lib/?C=N%3BO%3DD HTTP/2.0" 200 541 "-" "Mozilla/5.0 AppleWebKit/537.36 (KHTML, like Gecko; compatible; GPTBot/1.2; +https://openai.com/gptbot)"
4.227.36.124 - - [16/Jan/2025:18:30:39 +0100] "GET /vendor/aws/aws-sdk-php/src/FMS/FMSClient.php HTTP/2.0" 200 195 "-" "Mozilla/5.0 AppleWebKit/537.36 (KHTML, like Gecko; compatible; GPTBot/1.2; +https://openai.com/gptbot)"
4.227.36.57 - - [16/Jan/2025:18:30:40 +0100] "GET /vendor/graham-campbell/result-type/src/?C=N%3BO%3DD HTTP/2.0" 200 722 "-" "Mozilla/5.0 AppleWebKit/537.36 (KHTML, like Gecko; compatible; GPTBot/1.2; +https://openai.com/gptbot)"
4.227.36.124 - - [16/Jan/2025:18:30:40 +0100] "GET /vendor/aws/aws-sdk-php/src/FMS/?C=S%3BO%3DA HTTP/2.0" 200 627 "-" "Mozilla/5.0 AppleWebKit/537.36 (KHTML, like Gecko; compatible; GPTBot/1.2; +https://openai.com/gptbot)"
4.227.36.57 - - [16/Jan/2025:18:30:41 +0100] "GET /vendor/graham-campbell/result-type/src/?C=D%3BO%3DA HTTP/2.0" 200 722 "-" "Mozilla/5.0 AppleWebKit/537.36 (KHTML, like Gecko; compatible; GPTBot/1.2; +https://openai.com/gptbot)"
4.227.36.124 - - [16/Jan/2025:18:30:42 +0100] "GET /vendor/aws/aws-sdk-php/src/FMS/Exception/ HTTP/2.0" 200 580 "-" "Mozilla/5.0 AppleWebKit/537.36 (KHTML, like Gecko; compatible; GPTBot/1.2; +https://openai.com/gptbot)"
4.227.36.57 - - [16/Jan/2025:18:30:42 +0100] "GET /vendor/graham-campbell/result-type/src/Success.php HTTP/2.0" 200 206 "-" "Mozilla/5.0 AppleWebKit/537.36 (KHTML, like Gecko; compatible; GPTBot/1.2; +https://openai.com/gptbot)"
4.227.36.124 - - [16/Jan/2025:18:30:43 +0100] "GET /vendor/aws/aws-sdk-php/src/FMS/?C=N%3BO%3DD HTTP/2.0" 200 627 "-" "Mozilla/5.0 AppleWebKit/537.36 (KHTML, like Gecko; compatible; GPTBot/1.2; +https://openai.com/gptbot)"
4.227.36.57 - - [16/Jan/2025:18:30:43 +0100] "GET /vendor/graham-campbell/result-type/src/?C=M%3BO%3DA HTTP/2.0" 200 722 "-" "Mozilla/5.0 AppleWebKit/537.36 (KHTML, like Gecko; compatible; GPTBot/1.2; +https://openai.com/gptbot)"
4.227.36.124 - - [16/Jan/2025:18:30:44 +0100] "GET /vendor/aws/aws-sdk-php/src/GlueDataBrew/?C=S%3BO%3DA HTTP/2.0" 200 654 "-" "Mozilla/5.0 AppleWebKit/537.36 (KHTML, like Gecko; compatible; GPTBot/1.2; +https://openai.com/gptbot)"
4.227.36.57 - - [16/Jan/2025:18:30:44 +0100] "GET /vendor/graham-campbell/result-type/src/?C=S%3BO%3DA HTTP/2.0" 200 722 "-" "Mozilla/5.0 AppleWebKit/537.36 (KHTML, like Gecko; compatible; GPTBot/1.2; +https://openai.com/gptbot)"
4.227.36.124 - - [16/Jan/2025:18:30:45 +0100] "GET /vendor/aws/aws-sdk-php/src/GlueDataBrew/GlueDataBrewClient.php HTTP/2.0" 200 203 "-" "Mozilla/5.0 AppleWebKit/537.36 (KHTML, like Gecko; compatible; GPTBot/1.2; +https://openai.com/gptbot)"
4.227.36.57 - - [16/Jan/2025:18:30:45 +0100] "GET /vendor/graham-campbell/result-type/src/Error.php HTTP/2.0" 200 204 "-" "Mozilla/5.0 AppleWebKit/537.36 (KHTML, like Gecko; compatible; GPTBot/1.2; +https://openai.com/gptbot)"
4.227.36.124 - - [16/Jan/2025:18:30:46 +0100] "GET /vendor/aws/aws-sdk-php/src/GlueDataBrew/?C=N%3BO%3DD HTTP/2.0" 200 654 "-" "Mozilla/5.0 AppleWebKit/537.36 (KHTML, like Gecko; compatible; GPTBot/1.2; +https://openai.com/gptbot)"
4.227.36.57 - - [16/Jan/2025:18:30:46 +0100] "GET /vendor/graham-campbell/result-type/src/Result.php HTTP/2.0" 200 20 "-" "Mozilla/5.0 AppleWebKit/537.36 (KHTML, like Gecko; compatible; GPTBot/1.2; +https://openai.com/gptbot)"
4.227.36.124 - - [16/Jan/2025:18:30:47 +0100] "GET /vendor/aws/aws-sdk-php/src/GlueDataBrew/Exception/ HTTP/2.0" 200 619 "-" "Mozilla/5.0 AppleWebKit/537.36 (KHTML, like Gecko; compatible; GPTBot/1.2; +https://openai.com/gptbot)"
4.227.36.57 - - [16/Jan/2025:18:30:48 +0100] "GET /vendor/phar-io/manifest/src/?C=D%3BO%3DA HTTP/2.0" 200 942 "-" "Mozilla/5.0 AppleWebKit/537.36 (KHTML, like Gecko; compatible; GPTBot/1.2; +https://openai.com/gptbot)"
4.227.36.124 - - [16/Jan/2025:18:30:48 +0100] "GET /vendor/aws/aws-sdk-php/src/GlueDataBrew/?C=D%3BO%3DA HTTP/2.0" 200 654 "-" "Mozilla/5.0 AppleWebKit/537.36 (KHTML, like Gecko; compatible; GPTBot/1.2; +https://openai.com/gptbot)"
4.227.36.57 - - [16/Jan/2025:18:30:49 +0100] "GET /vendor/phar-io/manifest/src/?C=N%3BO%3DD HTTP/2.0" 200 942 "-" "Mozilla/5.0 AppleWebKit/537.36 (KHTML, like Gecko; compatible; GPTBot/1.2; +https://openai.com/gptbot)"
4.227.36.124 - - [16/Jan/2025:18:30:49 +0100] "GET /vendor/aws/aws-sdk-php/src/GlueDataBrew/?C=M%3BO%3DA HTTP/2.0" 200 654 "-" "Mozilla/5.0 AppleWebKit/537.36 (KHTML, like Gecko; compatible; GPTBot/1.2; +https://openai.com/gptbot)"
4.227.36.57 - - [16/Jan/2025:18:30:50 +0100] "GET /vendor/phar-io/manifest/src/xml/ HTTP/2.0" 200 1832 "-" "Mozilla/5.0 AppleWebKit/537.36 (KHTML, like Gecko; compatible; GPTBot/1.2; +https://openai.com/gptbot)"
4.227.36.124 - - [16/Jan/2025:18:30:50 +0100] "GET /vendor/aws/aws-sdk-php/src/Schemas/?C=S%3BO%3DA HTTP/2.0" 200 639 "-" "Mozilla/5.0 AppleWebKit/537.36 (KHTML, like Gecko; compatible; GPTBot/1.2; +https://openai.com/gptbot)"
4.227.36.57 - - [16/Jan/2025:18:30:51 +0100] "GET /vendor/phar-io/manifest/src/?C=M%3BO%3DA HTTP/2.0" 200 942 "-" "Mozilla/5.0 AppleWebKit/537.36 (KHTML, like Gecko; compatible; GPTBot/1.2; +https://openai.com/gptbot)"
4.227.36.124 - - [16/Jan/2025:18:30:51 +0100] "GET /vendor/aws/aws-sdk-php/src/Schemas/?C=D%3BO%3DA HTTP/2.0" 200 639 "-" "Mozilla/5.0 AppleWebKit/537.36 (KHTML, like Gecko; compatible; GPTBot/1.2; +https://openai.com/gptbot)"
4.227.36.57 - - [16/Jan/2025:18:30:52 +0100] "GET /vendor/phar-io/manifest/src/?C=S%3BO%3DA HTTP/2.0" 200 942 "-" "Mozilla/5.0 AppleWebKit/537.36 (KHTML, like Gecko; compatible; GPTBot/1.2; +https://openai.com/gptbot)"
4.227.36.124 - - [16/Jan/2025:18:30:53 +0100] "GET /vendor/aws/aws-sdk-php/src/Schemas/?C=N%3BO%3DD HTTP/2.0" 200 639 "-" "Mozilla/5.0 AppleWebKit/537.36 (KHTML, like Gecko; compatible; GPTBot/1.2; +https://openai.com/gptbot)"
4.227.36.57 - - [16/Jan/2025:18:30:53 +0100] "GET /vendor/phar-io/manifest/src/exceptions/ HTTP/2.0" 200 1438 "-" "Mozilla/5.0 AppleWebKit/537.36 (KHTML, like Gecko; compatible; GPTBot/1.2; +https://openai.com/gptbot)"
4.227.36.124 - - [16/Jan/2025:18:30:54 +0100] "GET /vendor/aws/aws-sdk-php/src/Schemas/?C=M%3BO%3DA HTTP/2.0" 200 639 "-" "Mozilla/5.0 AppleWebKit/537.36 (KHTML, like Gecko; compatible; GPTBot/1.2; +https://openai.com/gptbot)"
4.227.36.57 - - [16/Jan/2025:18:30:54 +0100] "GET /vendor/phar-io/manifest/src/ManifestSerializer.php HTTP/2.0" 200 20 "-" "Mozilla/5.0 AppleWebKit/537.36 (KHTML, like Gecko; compatible; GPTBot/1.2; +https://openai.com/gptbot)"
4.227.36.124 - - [16/Jan/2025:18:30:55 +0100] "GET /vendor/aws/aws-sdk-php/src/Schemas/SchemasClient.php HTTP/2.0" 200 198 "-" "Mozilla/5.0 AppleWebKit/537.36 (KHTML, like Gecko; compatible; GPTBot/1.2; +https://openai.com/gptbot)"
4.227.36.57 - - [16/Jan/2025:18:30:55 +0100] "GET /vendor/phar-io/manifest/src/ManifestDocumentMapper.php HTTP/2.0" 200 20 "-" "Mozilla/5.0 AppleWebKit/537.36 (KHTML, like Gecko; compatible; GPTBot/1.2; +https://openai.com/gptbot)"
4.227.36.124 - - [16/Jan/2025:18:30:56 +0100] "GET /vendor/aws/aws-sdk-php/src/Schemas/Exception/ HTTP/2.0" 200 596 "-" "Mozilla/5.0 AppleWebKit/537.36 (KHTML, like Gecko; compatible; GPTBot/1.2; +https://openai.com/gptbot)"
4.227.36.57 - - [16/Jan/2025:18:30:56 +0100] "GET /vendor/phar-io/manifest/src/values/ HTTP/2.0" 200 2253 "-" "Mozilla/5.0 AppleWebKit/537.36 (KHTML, like Gecko; compatible; GPTBot/1.2; +https://openai.com/gptbot)"
4.227.36.124 - - [16/Jan/2025:18:30:57 +0100] "GET /vendor/aws/aws-sdk-php/src/data/groundstation/ HTTP/2.0" 200 586 "-" "Mozilla/5.0 AppleWebKit/537.36 (KHTML, like Gecko; compatible; GPTBot/1.2; +https://openai.com/gptbot)"
4.227.36.57 - - [16/Jan/2025:18:30:57 +0100] "GET /vendor/phar-io/manifest/src/ManifestLoader.php HTTP/2.0" 200 20 "-" "Mozilla/5.0 AppleWebKit/537.36 (KHTML, like Gecko; compatible; GPTBot/1.2; +https://openai.com/gptbot)"
4.227.36.124 - - [16/Jan/2025:18:30:58 +0100] "GET /vendor/aws/aws-sdk-php/src/data/iot1click-projects/ HTTP/2.0" 200 596 "-" "Mozilla/5.0 AppleWebKit/537.36 (KHTML, like Gecko; compatible; GPTBot/1.2; +https://openai.com/gptbot)"
4.227.36.57 - - [16/Jan/2025:18:30:59 +0100] "GET /vendor/phar-io/version/src/exceptions/ HTTP/2.0" 200 1065 "-" "Mozilla/5.0 AppleWebKit/537.36 (KHTML, like Gecko; compatible; GPTBot/1.2; +https://openai.com/gptbot)"
4.227.36.124 - - [16/Jan/2025:18:30:59 +0100] "GET /vendor/aws/aws-sdk-php/src/data/chime-sdk-media-pipelines/ HTTP/2.0" 200 610 "-" "Mozilla/5.0 AppleWebKit/537.36 (KHTML, like Gecko; compatible; GPTBot/1.2; +https://openai.com/gptbot)"
4.227.36.57 - - [16/Jan/2025:18:31:00 +0100] "GET /vendor/phar-io/version/src/VersionNumber.php HTTP/2.0" 200 20 "-" "Mozilla/5.0 AppleWebKit/537.36 (KHTML, like Gecko; compatible; GPTBot/1.2; +https://openai.com/gptbot)"
4.227.36.124 - - [16/Jan/2025:18:31:00 +0100] "GET /vendor/aws/aws-sdk-php/src/data/sms/ HTTP/2.0" 200 566 "-" "Mozilla/5.0 AppleWebKit/537.36 (KHTML, like Gecko; compatible; GPTBot/1.2; +https://openai.com/gptbot)"
4.227.36.57 - - [16/Jan/2025:18:31:01 +0100] "GET /vendor/phar-io/version/src/BuildMetaData.php HTTP/2.0" 200 20 "-" "Mozilla/5.0 AppleWebKit/537.36 (KHTML, like Gecko; compatible; GPTBot/1.2; +https://openai.com/gptbot)"
4.227.36.124 - - [16/Jan/2025:18:31:01 +0100] "GET /vendor/aws/aws-sdk-php/src/data/service-quotas/ HTTP/2.0" 200 588 "-" "Mozilla/5.0 AppleWebKit/537.36 (KHTML, like Gecko; compatible; GPTBot/1.2; +https://openai.com/gptbot)"
4.227.36.57 - - [16/Jan/2025:18:31:02 +0100] "GET /vendor/phar-io/version/src/Version.php HTTP/2.0" 200 20 "-" "Mozilla/5.0 AppleWebKit/537.36 (KHTML, like Gecko; compatible; GPTBot/1.2; +https://openai.com/gptbot)"
4.227.36.124 - - [16/Jan/2025:18:31:02 +0100] "GET /vendor/aws/aws-sdk-php/src/data/greengrassv2/ HTTP/2.0" 200 584 "-" "Mozilla/5.0 AppleWebKit/537.36 (KHTML, like Gecko; compatible; GPTBot/1.2; +https://openai.com/gptbot)"
4.227.36.57 - - [16/Jan/2025:18:31:03 +0100] "GET /vendor/phar-io/version/src/PreReleaseSuffix.php HTTP/2.0" 200 20 "-" "Mozilla/5.0 AppleWebKit/537.36 (KHTML, like Gecko; compatible; GPTBot/1.2; +https://openai.com/gptbot)"
4.227.36.124 - - [16/Jan/2025:18:31:04 +0100] "GET /vendor/aws/aws-sdk-php/src/data/resourcegroupstaggingapi/ HTTP/2.0" 200 608 "-" "Mozilla/5.0 AppleWebKit/537.36 (KHTML, like Gecko; compatible; GPTBot/1.2; +https://openai.com/gptbot)"
4.227.36.57 - - [16/Jan/2025:18:31:04 +0100] "GET /vendor/phar-io/version/src/?C=M%3BO%3DA HTTP/2.0" 200 1123 "-" "Mozilla/5.0 AppleWebKit/537.36 (KHTML, like Gecko; compatible; GPTBot/1.2; +https://openai.com/gptbot)"
4.227.36.124 - - [16/Jan/2025:18:31:05 +0100] "GET /vendor/aws/aws-sdk-php/src/data/medialive/ HTTP/2.0" 200 578 "-" "Mozilla/5.0 AppleWebKit/537.36 (KHTML, like Gecko; compatible; GPTBot/1.2; +https://openai.com/gptbot)"
4.227.36.57 - - [16/Jan/2025:18:31:05 +0100] "GET /vendor/phar-io/version/src/?C=S%3BO%3DA HTTP/2.0" 200 1123 "-" "Mozilla/5.0 AppleWebKit/537.36 (KHTML, like Gecko; compatible; GPTBot/1.2; +https://openai.com/gptbot)"
4.227.36.124 - - [16/Jan/2025:18:31:06 +0100] "GET /vendor/aws/aws-sdk-php/src/data/manifest.json.php HTTP/2.0" 200 20 "-" "Mozilla/5.0 AppleWebKit/537.36 (KHTML, like Gecko; compatible; GPTBot/1.2; +https://openai.com/gptbot)"
4.227.36.57 - - [16/Jan/2025:18:31:06 +0100] "GET /vendor/phar-io/version/src/VersionConstraintParser.php HTTP/2.0" 200 20 "-" "Mozilla/5.0 AppleWebKit/537.36 (KHTML, like Gecko; compatible; GPTBot/1.2; +https://openai.com/gptbot)"
4.227.36.124 - - [16/Jan/2025:18:31:07 +0100] "GET /vendor/aws/aws-sdk-php/src/data/codestar/ HTTP/2.0" 200 576 "-" "Mozilla/5.0 AppleWebKit/537.36 (KHTML, like Gecko; compatible; GPTBot/1.2; +https://openai.com/gptbot)"
4.227.36.57 - - [16/Jan/2025:18:31:07 +0100] "GET /vendor/phar-io/version/src/constraints/ HTTP/2.0" 200 1366 "-" "Mozilla/5.0 AppleWebKit/537.36 (KHTML, like Gecko; compatible; GPTBot/1.2; +https://openai.com/gptbot)"
4.227.36.124 - - [16/Jan/2025:18:31:08 +0100] "GET /vendor/aws/aws-sdk-php/src/data/iot1click-devices/ HTTP/2.0" 200 594 "-" "Mozilla/5.0 AppleWebKit/537.36 (KHTML, like Gecko; compatible; GPTBot/1.2; +https://openai.com/gptbot)"
4.227.36.57 - - [16/Jan/2025:18:31:08 +0100] "GET /vendor/phar-io/version/src/VersionConstraintValue.php HTTP/2.0" 200 20 "-" "Mozilla/5.0 AppleWebKit/537.36 (KHTML, like Gecko; compatible; GPTBot/1.2; +https://openai.com/gptbot)"
4.227.36.124 - - [16/Jan/2025:18:31:09 +0100] "GET /vendor/aws/aws-sdk-php/src/data/resiliencehub/ HTTP/2.0" 200 586 "-" "Mozilla/5.0 AppleWebKit/537.36 (KHTML, like Gecko; compatible; GPTBot/1.2; +https://openai.com/gptbot)"
4.227.36.57 - - [16/Jan/2025:18:31:10 +0100] "GET /vendor/phar-io/version/src/?C=N%3BO%3DD HTTP/2.0" 200 1123 "-" "Mozilla/5.0 AppleWebKit/537.36 (KHTML, like Gecko; compatible; GPTBot/1.2; +https://openai.com/gptbot)"
4.227.36.124 - - [16/Jan/2025:18:31:10 +0100] "GET /vendor/aws/aws-sdk-php/src/data/fsx/ HTTP/2.0" 200 566 "-" "Mozilla/5.0 AppleWebKit/537.36 (KHTML, like Gecko; compatible; GPTBot/1.2; +https://openai.com/gptbot)"
4.227.36.124 - - [16/Jan/2025:18:31:11 +0100] "GET /vendor/aws/aws-sdk-php/src/data/batch/ HTTP/2.0" 200 570 "-" "Mozilla/5.0 AppleWebKit/537.36 (KHTML, like Gecko; compatible; GPTBot/1.2; +https://openai.com/gptbot)"
4.227.36.57 - - [16/Jan/2025:18:31:12 +0100] "GET /vendor/phar-io/version/src/?C=D%3BO%3DA HTTP/2.0" 200 1123 "-" "Mozilla/5.0 AppleWebKit/537.36 (KHTML, like Gecko; compatible; GPTBot/1.2; +https://openai.com/gptbot)"
4.227.36.57 - - [16/Jan/2025:18:31:12 +0100] "GET /vendor/sebastian/complexity/src/Complexity/ HTTP/2.0" 200 773 "-" "Mozilla/5.0 AppleWebKit/537.36 (KHTML, like Gecko; compatible; GPTBot/1.2; +https://openai.com/gptbot)"
4.227.36.124 - - [16/Jan/2025:18:31:12 +0100] "GET /vendor/aws/aws-sdk-php/src/data/codestar-connections/ HTTP/2.0" 200 600 "-" "Mozilla/5.0 AppleWebKit/537.36 (KHTML, like Gecko; compatible; GPTBot/1.2; +https://openai.com/gptbot)"
4.227.36.57 - - [16/Jan/2025:18:31:13 +0100] "GET /vendor/sebastian/complexity/src/?C=M%3BO%3DA HTTP/2.0" 200 778 "-" "Mozilla/5.0 AppleWebKit/537.36 (KHTML, like Gecko; compatible; GPTBot/1.2; +https://openai.com/gptbot)"
4.227.36.124 - - [16/Jan/2025:18:31:13 +0100] "GET /vendor/aws/aws-sdk-php/src/data/cloudhsmv2/ HTTP/2.0" 200 580 "-" "Mozilla/5.0 AppleWebKit/537.36 (KHTML, like Gecko; compatible; GPTBot/1.2; +https://openai.com/gptbot)"
4.227.36.57 - - [16/Jan/2025:18:31:14 +0100] "GET /vendor/sebastian/complexity/src/Exception/ HTTP/2.0" 200 664 "-" "Mozilla/5.0 AppleWebKit/537.36 (KHTML, like Gecko; compatible; GPTBot/1.2; +https://openai.com/gptbot)"
4.227.36.124 - - [16/Jan/2025:18:31:15 +0100] "GET /vendor/aws/aws-sdk-php/src/data/evidently/ HTTP/2.0" 200 578 "-" "Mozilla/5.0 AppleWebKit/537.36 (KHTML, like Gecko; compatible; GPTBot/1.2; +https://openai.com/gptbot)"
4.227.36.57 - - [16/Jan/2025:18:31:15 +0100] "GET /vendor/sebastian/complexity/src/?C=D%3BO%3DA HTTP/2.0" 200 778 "-" "Mozilla/5.0 AppleWebKit/537.36 (KHTML, like Gecko; compatible; GPTBot/1.2; +https://openai.com/gptbot)"
4.227.36.124 - - [16/Jan/2025:18:31:16 +0100] "GET /vendor/aws/aws-sdk-php/src/data/budgets/ HTTP/2.0" 200 574 "-" "Mozilla/5.0 AppleWebKit/537.36 (KHTML, like Gecko; compatible; GPTBot/1.2; +https://openai.com/gptbot)"
4.227.36.57 - - [16/Jan/2025:18:31:16 +0100] "GET /vendor/sebastian/complexity/src/Visitor/ HTTP/2.0" 200 707 "-" "Mozilla/5.0 AppleWebKit/537.36 (KHTML, like Gecko; compatible; GPTBot/1.2; +https://openai.com/gptbot)"
4.227.36.124 - - [16/Jan/2025:18:31:17 +0100] "GET /vendor/aws/aws-sdk-php/src/data/workspaces/ HTTP/2.0" 200 580 "-" "Mozilla/5.0 AppleWebKit/537.36 (KHTML, like Gecko; compatible; GPTBot/1.2; +https://openai.com/gptbot)"
4.227.36.57 - - [16/Jan/2025:18:31:17 +0100] "GET /vendor/sebastian/complexity/src/?C=S%3BO%3DA HTTP/2.0" 200 778 "-" "Mozilla/5.0 AppleWebKit/537.36 (KHTML, like Gecko; compatible; GPTBot/1.2; +https://openai.com/gptbot)"
4.227.36.124 - - [16/Jan/2025:18:31:18 +0100] "GET /vendor/aws/aws-sdk-php/src/data/kms/ HTTP/2.0" 200 566 "-" "Mozilla/5.0 AppleWebKit/537.36 (KHTML, like Gecko; compatible; GPTBot/1.2; +https://openai.com/gptbot)"
4.227.36.57 - - [16/Jan/2025:18:31:18 +0100] "GET /vendor/sebastian/complexity/src/?C=N%3BO%3DD HTTP/2.0" 200 778 "-" "Mozilla/5.0 AppleWebKit/537.36 (KHTML, like Gecko; compatible; GPTBot/1.2; +https://openai.com/gptbot)"
4.227.36.124 - - [16/Jan/2025:18:31:19 +0100] "GET /vendor/aws/aws-sdk-php/src/data/inspector/ HTTP/2.0" 200 578 "-" "Mozilla/5.0 AppleWebKit/537.36 (KHTML, like Gecko; compatible; GPTBot/1.2; +https://openai.com/gptbot)"
4.227.36.57 - - [16/Jan/2025:18:31:19 +0100] "GET /vendor/sebastian/complexity/src/Calculator.php HTTP/2.0" 200 20 "-" "Mozilla/5.0 AppleWebKit/537.36 (KHTML, like Gecko; compatible; GPTBot/1.2; +https://openai.com/gptbot)"
4.227.36.124 - - [16/Jan/2025:18:31:20 +0100] "GET /vendor/aws/aws-sdk-php/src/data/rum/ HTTP/2.0" 200 566 "-" "Mozilla/5.0 AppleWebKit/537.36 (KHTML, like Gecko; compatible; GPTBot/1.2; +https://openai.com/gptbot)"
4.227.36.57 - - [16/Jan/2025:18:31:21 +0100] "GET /vendor/sebastian/cli-parser/src/?C=D%3BO%3DA HTTP/2.0" 200 628 "-" "Mozilla/5.0 AppleWebKit/537.36 (KHTML, like Gecko; compatible; GPTBot/1.2; +https://openai.com/gptbot)"
