85.208.96.200 - - [07/Mar/2025:02:23:17 +0100] "GET /vendor/aws/aws-crt-php/src/AWS/CRT/Auth/SignedBodyHeaderType.php HTTP/1.1" 200 31 "-" "Mozilla/5.0 (compatible; SemrushBot/7~bl; +http://www.semrush.com/bot.html)"
85.208.96.193 - - [07/Mar/2025:02:25:42 +0100] "GET /vendor/fakerphp/faker/src/Faker/Provider/nl_NL/Text.php HTTP/1.1" 403 2674 "-" "Mozilla/5.0 (compatible; SemrushBot/7~bl; +http://www.semrush.com/bot.html)"
185.191.171.16 - - [07/Mar/2025:02:26:06 +0100] "GET /vendor/aws/aws-sdk-php/src/AppSync/ HTTP/1.1" 200 639 "-" "Mozilla/5.0 (compatible; SemrushBot/7~bl; +http://www.semrush.com/bot.html)"
85.208.96.197 - - [07/Mar/2025:02:26:09 +0100] "GET /vendor/aws/aws-sdk-php/src/MediaPackage/ HTTP/1.1" 403 2674 "-" "Mozilla/5.0 (compatible; SemrushBot/7~bl; +http://www.semrush.com/bot.html)"
85.208.96.208 - - [07/Mar/2025:02:27:44 +0100] "GET /vendor/aws/aws-sdk-php/src/SSOAdmin/ HTTP/1.1" 200 642 "-" "Mozilla/5.0 (compatible; SemrushBot/7~bl; +http://www.semrush.com/bot.html)"
85.208.96.212 - - [07/Mar/2025:02:28:11 +0100] "GET /vendor/symfony/process/InputStream.php HTTP/1.1" 403 2674 "-" "Mozilla/5.0 (compatible; SemrushBot/7~bl; +http://www.semrush.com/bot.html)"
85.208.96.206 - - [07/Mar/2025:02:28:44 +0100] "GET /vendor/aws/aws-sdk-php/src/PinpointEmail/ HTTP/1.1" 200 657 "-" "Mozilla/5.0 (compatible; SemrushBot/7~bl; +http://www.semrush.com/bot.html)"
85.208.96.208 - - [07/Mar/2025:02:31:06 +0100] "GET /vendor/tijsverkoyen/css-to-inline-styles/src/Css/Rule/ HTTP/1.1" 200 693 "-" "Mozilla/5.0 (compatible; SemrushBot/7~bl; +http://www.semrush.com/bot.html)"
185.191.171.19 - - [07/Mar/2025:02:31:24 +0100] "GET /vendor/psr/http-message/src/ServerRequestInterface.php HTTP/1.1" 200 220 "-" "Mozilla/5.0 (compatible; SemrushBot/7~bl; +http://www.semrush.com/bot.html)"
185.191.171.9 - - [07/Mar/2025:02:34:49 +0100] "GET /vendor/aws/aws-sdk-php/src/RDSDataService/ HTTP/1.1" 200 663 "-" "Mozilla/5.0 (compatible; SemrushBot/7~bl; +http://www.semrush.com/bot.html)"
85.208.96.202 - - [07/Mar/2025:02:34:52 +0100] "GET /vendor/fakerphp/faker/src/Faker/Provider/nl_BE/Company.php HTTP/1.1" 200 213 "-" "Mozilla/5.0 (compatible; SemrushBot/7~bl; +http://www.semrush.com/bot.html)"
185.191.171.1 - - [07/Mar/2025:02:35:08 +0100] "GET /vendor/psr/log/src/LoggerAwareInterface.php HTTP/1.1" 403 2674 "-" "Mozilla/5.0 (compatible; SemrushBot/7~bl; +http://www.semrush.com/bot.html)"
185.191.171.15 - - [07/Mar/2025:02:35:20 +0100] "GET /vendor/aws/aws-crt-php/src/AWS/CRT/HTTP/Message.php HTTP/1.1" 200 223 "-" "Mozilla/5.0 (compatible; SemrushBot/7~bl; +http://www.semrush.com/bot.html)"
185.191.171.15 - - [07/Mar/2025:02:36:43 +0100] "GET /vendor/wispx/flysystem-upyun/composer.json HTTP/1.1" 200 363 "-" "Mozilla/5.0 (compatible; SemrushBot/7~bl; +http://www.semrush.com/bot.html)"
185.191.171.4 - - [07/Mar/2025:02:38:07 +0100] "GET /vendor/symfony/string/CHANGELOG.md HTTP/1.1" 200 836 "-" "Mozilla/5.0 (compatible; SemrushBot/7~bl; +http://www.semrush.com/bot.html)"
185.191.171.9 - - [07/Mar/2025:02:40:49 +0100] "GET /vendor/hamcrest/hamcrest-php/generator/FactoryFile.php HTTP/1.1" 200 31 "-" "Mozilla/5.0 (compatible; SemrushBot/7~bl; +http://www.semrush.com/bot.html)"
185.191.171.19 - - [07/Mar/2025:02:41:18 +0100] "GET /vendor/ramsey/collection/LICENSE HTTP/1.1" 200 1079 "-" "Mozilla/5.0 (compatible; SemrushBot/7~bl; +http://www.semrush.com/bot.html)"
185.191.171.6 - - [07/Mar/2025:02:41:27 +0100] "GET /vendor/symfony/process/ExecutableFinder.php HTTP/1.1" 200 31 "-" "Mozilla/5.0 (compatible; SemrushBot/7~bl; +http://www.semrush.com/bot.html)"
85.208.96.203 - - [07/Mar/2025:02:41:30 +0100] "GET /vendor/psr/simple-cache/src/CacheException.php HTTP/1.1" 200 31 "-" "Mozilla/5.0 (compatible; SemrushBot/7~bl; +http://www.semrush.com/bot.html)"
185.191.171.3 - - [07/Mar/2025:02:41:57 +0100] "GET /robots.txt HTTP/1.1" 404 2645 "-" "Mozilla/5.0 (compatible; SemrushBot/7~bl; +http://www.semrush.com/bot.html)"
85.208.96.211 - - [07/Mar/2025:02:41:58 +0100] "GET /vendor/qiniu/php-sdk/.github/ HTTP/1.1" 200 540 "-" "Mozilla/5.0 (compatible; SemrushBot/7~bl; +http://www.semrush.com/bot.html)"
185.191.171.15 - - [07/Mar/2025:02:43:39 +0100] "GET /vendor/sebastian/resource-operations/build/generate.php HTTP/1.1" 200 184 "-" "Mozilla/5.0 (compatible; SemrushBot/7~bl; +http://www.semrush.com/bot.html)"
185.191.171.5 - - [07/Mar/2025:02:44:27 +0100] "GET /vendor/symfony/console/README.md HTTP/1.1" 200 1232 "-" "Mozilla/5.0 (compatible; SemrushBot/7~bl; +http://www.semrush.com/bot.html)"
85.208.96.193 - - [07/Mar/2025:02:44:57 +0100] "GET /vendor/aws/aws-sdk-php/src/CodeCommit/ HTTP/1.1" 403 2674 "-" "Mozilla/5.0 (compatible; SemrushBot/7~bl; +http://www.semrush.com/bot.html)"
185.191.171.5 - - [07/Mar/2025:02:45:39 +0100] "GET /vendor/sabre/event/lib/ HTTP/1.1" 200 1415 "-" "Mozilla/5.0 (compatible; SemrushBot/7~bl; +http://www.semrush.com/bot.html)"
185.191.171.12 - - [07/Mar/2025:02:45:45 +0100] "GET /vendor/aws/aws-sdk-php/src/DirectConnect/ HTTP/1.1" 403 2674 "-" "Mozilla/5.0 (compatible; SemrushBot/7~bl; +http://www.semrush.com/bot.html)"
185.191.171.18 - - [07/Mar/2025:02:45:56 +0100] "GET /vendor/spatie/backtrace/src/File.php HTTP/1.1" 403 2674 "-" "Mozilla/5.0 (compatible; SemrushBot/7~bl; +http://www.semrush.com/bot.html)"
185.191.171.9 - - [07/Mar/2025:02:46:12 +0100] "GET /vendor/guzzlehttp/promises/src/TaskQueue.php HTTP/1.1" 200 218 "-" "Mozilla/5.0 (compatible; SemrushBot/7~bl; +http://www.semrush.com/bot.html)"
185.191.171.19 - - [07/Mar/2025:02:46:28 +0100] "GET /vendor/phpdocumentor/reflection-common/.github/dependabot.yml HTTP/1.1" 200 130 "-" "Mozilla/5.0 (compatible; SemrushBot/7~bl; +http://www.semrush.com/bot.html)"
85.208.96.205 - - [07/Mar/2025:02:46:39 +0100] "GET /vendor/psr/container/README.md HTTP/1.1" 403 2674 "-" "Mozilla/5.0 (compatible; SemrushBot/7~bl; +http://www.semrush.com/bot.html)"
85.208.96.210 - - [07/Mar/2025:02:47:22 +0100] "GET /vendor/phpunit/php-invoker/src/Invoker.php HTTP/1.1" 200 31 "-" "Mozilla/5.0 (compatible; SemrushBot/7~bl; +http://www.semrush.com/bot.html)"
85.208.96.199 - - [07/Mar/2025:02:48:41 +0100] "GET /vendor/fakerphp/faker/src/Faker/Provider/tr_TR/Person.php HTTP/1.1" 200 211 "-" "Mozilla/5.0 (compatible; SemrushBot/7~bl; +http://www.semrush.com/bot.html)"
85.208.96.193 - - [07/Mar/2025:02:48:55 +0100] "GET /database/migrations/ HTTP/1.1" 403 2674 "-" "Mozilla/5.0 (compatible; SemrushBot/7~bl; +http://www.semrush.com/bot.html)"
185.191.171.6 - - [07/Mar/2025:02:51:09 +0100] "GET /vendor/qiniu/php-sdk/examples/upload_mgr_init.php HTTP/1.1" 200 31 "-" "Mozilla/5.0 (compatible; SemrushBot/7~bl; +http://www.semrush.com/bot.html)"
185.191.171.8 - - [07/Mar/2025:02:52:44 +0100] "GET /vendor/adbario/php-dot-notation/src/Dot.php HTTP/1.1" 403 2674 "-" "Mozilla/5.0 (compatible; SemrushBot/7~bl; +http://www.semrush.com/bot.html)"
185.191.171.5 - - [07/Mar/2025:02:53:07 +0100] "GET /vendor/symfony/finder/Iterator/SizeRangeFilterIterator.php HTTP/1.1" 200 31 "-" "Mozilla/5.0 (compatible; SemrushBot/7~bl; +http://www.semrush.com/bot.html)"
85.208.96.211 - - [07/Mar/2025:02:53:34 +0100] "GET /vendor/qiniu/php-sdk/examples/rs_batch_change_type.php HTTP/1.1" 200 741 "-" "Mozilla/5.0 (compatible; SemrushBot/7~bl; +http://www.semrush.com/bot.html)"
85.208.96.198 - - [07/Mar/2025:02:53:34 +0100] "GET /vendor/phpspec/prophecy/CHANGES.md HTTP/1.1" 200 11501 "-" "Mozilla/5.0 (compatible; SemrushBot/7~bl; +http://www.semrush.com/bot.html)"
85.208.96.208 - - [07/Mar/2025:02:57:09 +0100] "GET /vendor/symfony/console/Question/ HTTP/1.1" 200 723 "-" "Mozilla/5.0 (compatible; SemrushBot/7~bl; +http://www.semrush.com/bot.html)"
85.208.96.207 - - [07/Mar/2025:03:01:14 +0100] "GET /robots.txt HTTP/1.1" 404 2645 "-" "Mozilla/5.0 (compatible; SemrushBot/7~bl; +http://www.semrush.com/bot.html)"
185.191.171.14 - - [07/Mar/2025:03:01:15 +0100] "GET /vendor/aws/aws-sdk-php/src/AppRunner/ HTTP/1.1" 200 645 "-" "Mozilla/5.0 (compatible; SemrushBot/7~bl; +http://www.semrush.com/bot.html)"
85.208.96.209 - - [07/Mar/2025:03:01:33 +0100] "GET /vendor/fakerphp/faker/src/Faker/Provider/bn_BD/Company.php HTTP/1.1" 403 2674 "-" "Mozilla/5.0 (compatible; SemrushBot/7~bl; +http://www.semrush.com/bot.html)"
85.208.96.212 - - [07/Mar/2025:03:01:35 +0100] "GET /vendor/guzzlehttp/guzzle/src/functions.php HTTP/1.1" 403 2674 "-" "Mozilla/5.0 (compatible; SemrushBot/7~bl; +http://www.semrush.com/bot.html)"
185.191.171.14 - - [07/Mar/2025:03:01:39 +0100] "GET /vendor/qiniu/php-sdk/examples/rs_bucket_domains.php HTTP/1.1" 200 757 "-" "Mozilla/5.0 (compatible; SemrushBot/7~bl; +http://www.semrush.com/bot.html)"
85.208.96.195 - - [07/Mar/2025:03:03:22 +0100] "GET /vendor/filp/whoops/src/Whoops/Util/SystemFacade.php HTTP/1.1" 403 2674 "-" "Mozilla/5.0 (compatible; SemrushBot/7~bl; +http://www.semrush.com/bot.html)"
85.208.96.194 - - [07/Mar/2025:03:06:28 +0100] "GET /vendor/aws/aws-sdk-php/src/EndpointParameterMiddleware.php HTTP/1.1" 200 31 "-" "Mozilla/5.0 (compatible; SemrushBot/7~bl; +http://www.semrush.com/bot.html)"
85.208.96.207 - - [07/Mar/2025:03:10:58 +0100] "GET /vendor/aws/aws-sdk-php/src/CloudHSMV2/ HTTP/1.1" 200 648 "-" "Mozilla/5.0 (compatible; SemrushBot/7~bl; +http://www.semrush.com/bot.html)"
85.208.96.197 - - [07/Mar/2025:03:12:04 +0100] "GET /vendor/aws/aws-sdk-php/src/ManagedGrafana/ HTTP/1.1" 403 2674 "-" "Mozilla/5.0 (compatible; SemrushBot/7~bl; +http://www.semrush.com/bot.html)"
185.191.171.12 - - [07/Mar/2025:03:15:10 +0100] "GET /vendor/aws/aws-sdk-php/src/MediaConnect/ HTTP/1.1" 403 2674 "-" "Mozilla/5.0 (compatible; SemrushBot/7~bl; +http://www.semrush.com/bot.html)"
85.208.96.193 - - [07/Mar/2025:03:18:20 +0100] "GET /vendor/phar-io/manifest/src/ManifestSerializer.php HTTP/1.1" 403 2674 "-" "Mozilla/5.0 (compatible; SemrushBot/7~bl; +http://www.semrush.com/bot.html)"
85.208.96.198 - - [07/Mar/2025:03:25:40 +0100] "GET /vendor/symfony/mime/FileinfoMimeTypeGuesser.php HTTP/1.1" 200 224 "-" "Mozilla/5.0 (compatible; SemrushBot/7~bl; +http://www.semrush.com/bot.html)"
85.208.96.205 - - [07/Mar/2025:03:30:26 +0100] "GET /vendor/alibabacloud/green/V20180509/GreenApiResolver.php HTTP/1.1" 403 2674 "-" "Mozilla/5.0 (compatible; SemrushBot/7~bl; +http://www.semrush.com/bot.html)"
85.208.96.199 - - [07/Mar/2025:03:36:08 +0100] "GET /vendor/phpdocumentor/type-resolver/src/TypeResolver.php HTTP/1.1" 200 31 "-" "Mozilla/5.0 (compatible; SemrushBot/7~bl; +http://www.semrush.com/bot.html)"
185.191.171.16 - - [07/Mar/2025:03:36:46 +0100] "GET /vendor/qiniu/php-sdk/examples/rtc/ HTTP/1.1" 200 1325 "-" "Mozilla/5.0 (compatible; SemrushBot/7~bl; +http://www.semrush.com/bot.html)"
185.191.171.17 - - [07/Mar/2025:03:46:50 +0100] "GET /vendor/laravel/octane/src/Swoole/ HTTP/1.1" 200 1493 "-" "Mozilla/5.0 (compatible; SemrushBot/7~bl; +http://www.semrush.com/bot.html)"
85.208.96.208 - - [07/Mar/2025:04:01:18 +0100] "GET /robots.txt HTTP/1.1" 404 2645 "-" "Mozilla/5.0 (compatible; SemrushBot/7~bl; +http://www.semrush.com/bot.html)"
85.208.96.199 - - [07/Mar/2025:04:01:18 +0100] "GET /vendor/sabre/xml/lib/XmlDeserializable.php HTTP/1.1" 200 31 "-" "Mozilla/5.0 (compatible; SemrushBot/7~bl; +http://www.semrush.com/bot.html)"
185.170.167.18 - - [07/Mar/2025:04:06:14 +0100] "GET /vendor/symfony/error-handler/composer.json HTTP/1.1" 200 498 "-" "Mozilla/5.0 (compatible; BacklinksExtendedBot)"
185.191.171.18 - - [07/Mar/2025:04:07:36 +0100] "GET /vendor/qiniu/php-sdk/examples/get_bucketQuota.php HTTP/1.1" 403 2674 "-" "Mozilla/5.0 (compatible; SemrushBot/7~bl; +http://www.semrush.com/bot.html)"
85.208.96.206 - - [07/Mar/2025:04:11:25 +0100] "GET /vendor/symfony/string/Resources/data/ HTTP/1.1" 200 667 "-" "Mozilla/5.0 (compatible; SemrushBot/7~bl; +http://www.semrush.com/bot.html)"
85.208.96.201 - - [07/Mar/2025:04:11:27 +0100] "GET /vendor/symfony/mime/Part/SMimePart.php HTTP/1.1" 200 217 "-" "Mozilla/5.0 (compatible; SemrushBot/7~bl; +http://www.semrush.com/bot.html)"
85.208.96.208 - - [07/Mar/2025:04:13:08 +0100] "GET /vendor/vlucas/phpdotenv/src/Exception/ HTTP/1.1" 200 941 "-" "Mozilla/5.0 (compatible; SemrushBot/7~bl; +http://www.semrush.com/bot.html)"
185.191.171.10 - - [07/Mar/2025:04:13:44 +0100] "GET /vendor/zing/flysystem-oss/src/PortableVisibilityConverter.php HTTP/1.1" 403 2674 "-" "Mozilla/5.0 (compatible; SemrushBot/7~bl; +http://www.semrush.com/bot.html)"
85.208.96.209 - - [07/Mar/2025:04:15:00 +0100] "GET /vendor/sabre/vobject/lib/timezonedata/ HTTP/1.1" 403 2674 "-" "Mozilla/5.0 (compatible; SemrushBot/7~bl; +http://www.semrush.com/bot.html)"
85.208.96.210 - - [07/Mar/2025:04:15:49 +0100] "GET /vendor/sabre/vobject/lib/EofException.php HTTP/1.1" 200 213 "-" "Mozilla/5.0 (compatible; SemrushBot/7~bl; +http://www.semrush.com/bot.html)"
54.213.194.226 - - [07/Mar/2025:04:25:14 +0100] "GET / HTTP/1.1" 301 162 "-" "Mozilla/5.0 (Windows NT 10.0; Win64; x64) AppleWebKit/537.36 (KHTML, like Gecko) Chrome/70.0.3538.102 Safari/537.36 Edge/18.19582"
54.213.194.226 - - [07/Mar/2025:04:25:14 +0100] "GET / HTTP/1.1" 200 2386 "http://www.linuxdo.isgre.at" "Mozilla/5.0 (Windows NT 10.0; Win64; x64) AppleWebKit/537.36 (KHTML, like Gecko) Chrome/70.0.3538.102 Safari/537.36 Edge/18.19582"
185.191.171.19 - - [07/Mar/2025:04:31:06 +0100] "GET /vendor/symfony/var-dumper/Resources/bin/ HTTP/1.1" 200 582 "-" "Mozilla/5.0 (compatible; SemrushBot/7~bl; +http://www.semrush.com/bot.html)"
85.208.96.195 - - [07/Mar/2025:04:32:02 +0100] "GET /vendor/symfony/http-kernel/Exception/TooManyRequestsHttpException.php HTTP/1.1" 403 2674 "-" "Mozilla/5.0 (compatible; SemrushBot/7~bl; +http://www.semrush.com/bot.html)"
185.191.171.14 - - [07/Mar/2025:04:37:47 +0100] "GET /vendor/adbario/php-dot-notation/src/helpers.php HTTP/1.1" 200 31 "-" "Mozilla/5.0 (compatible; SemrushBot/7~bl; +http://www.semrush.com/bot.html)"
185.191.171.10 - - [07/Mar/2025:04:47:21 +0100] "GET /vendor/dflydev/dot-access-data/src/Util.php HTTP/1.1" 403 2674 "-" "Mozilla/5.0 (compatible; SemrushBot/7~bl; +http://www.semrush.com/bot.html)"
185.191.171.8 - - [07/Mar/2025:04:55:18 +0100] "GET /vendor/sabre/vobject/lib/StringUtil.php HTTP/1.1" 403 2674 "-" "Mozilla/5.0 (compatible; SemrushBot/7~bl; +http://www.semrush.com/bot.html)"
85.208.96.209 - - [07/Mar/2025:04:56:16 +0100] "GET /vendor/sabre/vobject/lib/Cli.php HTTP/1.1" 403 2674 "-" "Mozilla/5.0 (compatible; SemrushBot/7~bl; +http://www.semrush.com/bot.html)"
85.208.96.210 - - [07/Mar/2025:04:56:38 +0100] "GET /vendor/symfony/translation/MetadataAwareInterface.php HTTP/1.1" 200 31 "-" "Mozilla/5.0 (compatible; SemrushBot/7~bl; +http://www.semrush.com/bot.html)"
85.208.96.199 - - [07/Mar/2025:04:59:35 +0100] "GET /vendor/laravel/octane/src/PosixExtension.php HTTP/1.1" 200 31 "-" "Mozilla/5.0 (compatible; SemrushBot/7~bl; +http://www.semrush.com/bot.html)"
185.170.167.18 - - [07/Mar/2025:05:07:10 +0100] "GET /resources/views/admin/image/ HTTP/1.1" 200 544 "-" "Mozilla/5.0 (compatible; BacklinksExtendedBot)"
111.229.69.139 - - [07/Mar/2025:05:09:05 +0100] "GET / HTTP/1.1" 301 162 "-" "Mozilla/5.0 (Linux; Android 10; LIO-AN00 Build/HUAWEILIO-AN00; wv) MicroMessenger Weixin QQ AppleWebKit/537.36 (KHTML, like Gecko) Version/4.0 Chrome/78.0.3904.62 XWEB/2692 MMWEBSDK/200901 Mobile Safari/537.36"
111.229.69.139 - - [07/Mar/2025:05:09:05 +0100] "GET / HTTP/1.1" 301 162 "-" "Mozilla/5.0 (Linux; Android 10; LIO-AN00 Build/HUAWEILIO-AN00; wv) MicroMessenger Weixin QQ AppleWebKit/537.36 (KHTML, like Gecko) Version/4.0 Chrome/78.0.3904.62 XWEB/2692 MMWEBSDK/200901 Mobile Safari/537.36"
111.229.69.139 - - [07/Mar/2025:05:09:07 +0100] "GET / HTTP/1.1" 200 2386 "http://linuxdo.isgre.at" "Mozilla/5.0 (Linux; Android 10; LIO-AN00 Build/HUAWEILIO-AN00; wv) MicroMessenger Weixin QQ AppleWebKit/537.36 (KHTML, like Gecko) Version/4.0 Chrome/78.0.3904.62 XWEB/2692 MMWEBSDK/200901 Mobile Safari/537.36"
111.229.69.139 - - [07/Mar/2025:05:09:07 +0100] "GET / HTTP/1.1" 200 2386 "http://www.linuxdo.isgre.at" "Mozilla/5.0 (Linux; Android 10; LIO-AN00 Build/HUAWEILIO-AN00; wv) MicroMessenger Weixin QQ AppleWebKit/537.36 (KHTML, like Gecko) Version/4.0 Chrome/78.0.3904.62 XWEB/2692 MMWEBSDK/200901 Mobile Safari/537.36"
85.208.96.199 - - [07/Mar/2025:05:11:09 +0100] "GET /robots.txt HTTP/1.1" 404 2645 "-" "Mozilla/5.0 (compatible; SemrushBot/7~bl; +http://www.semrush.com/bot.html)"
185.191.171.2 - - [07/Mar/2025:05:11:10 +0100] "GET /vendor/symfony/routing/Loader/schema/ HTTP/1.1" 200 563 "-" "Mozilla/5.0 (compatible; SemrushBot/7~bl; +http://www.semrush.com/bot.html)"
111.229.69.139 - - [07/Mar/2025:05:13:50 +0100] "GET / HTTP/1.1" 301 162 "-" "Mozilla/5.0 (Linux; Android 10; LIO-AN00 Build/HUAWEILIO-AN00; wv) MicroMessenger Weixin QQ AppleWebKit/537.36 (KHTML, like Gecko) Version/4.0 Chrome/78.0.3904.62 XWEB/2692 MMWEBSDK/200901 Mobile Safari/537.36"
111.229.69.139 - - [07/Mar/2025:05:13:50 +0100] "GET / HTTP/1.1" 301 162 "-" "Mozilla/5.0 (Linux; Android 10; LIO-AN00 Build/HUAWEILIO-AN00; wv) MicroMessenger Weixin QQ AppleWebKit/537.36 (KHTML, like Gecko) Version/4.0 Chrome/78.0.3904.62 XWEB/2692 MMWEBSDK/200901 Mobile Safari/537.36"
111.229.69.139 - - [07/Mar/2025:05:13:51 +0100] "GET / HTTP/1.1" 200 2386 "http://www.linuxdo.isgre.at" "Mozilla/5.0 (Linux; Android 10; LIO-AN00 Build/HUAWEILIO-AN00; wv) MicroMessenger Weixin QQ AppleWebKit/537.36 (KHTML, like Gecko) Version/4.0 Chrome/78.0.3904.62 XWEB/2692 MMWEBSDK/200901 Mobile Safari/537.36"
111.229.69.139 - - [07/Mar/2025:05:13:51 +0100] "GET / HTTP/1.1" 200 2386 "http://linuxdo.isgre.at" "Mozilla/5.0 (Linux; Android 10; LIO-AN00 Build/HUAWEILIO-AN00; wv) MicroMessenger Weixin QQ AppleWebKit/537.36 (KHTML, like Gecko) Version/4.0 Chrome/78.0.3904.62 XWEB/2692 MMWEBSDK/200901 Mobile Safari/537.36"
185.191.171.19 - - [07/Mar/2025:05:15:07 +0100] "GET /vendor/tijsverkoyen/css-to-inline-styles/src/Css/Processor.php HTTP/1.1" 200 31 "-" "Mozilla/5.0 (compatible; SemrushBot/7~bl; +http://www.semrush.com/bot.html)"
185.191.171.9 - - [07/Mar/2025:05:27:44 +0100] "GET /vendor/sabre/vobject/.github/workflows/ HTTP/1.1" 200 564 "-" "Mozilla/5.0 (compatible; SemrushBot/7~bl; +http://www.semrush.com/bot.html)"
185.191.171.11 - - [07/Mar/2025:05:33:52 +0100] "GET /vendor/symfony/finder/Comparator/NumberComparator.php HTTP/1.1" 200 218 "-" "Mozilla/5.0 (compatible; SemrushBot/7~bl; +http://www.semrush.com/bot.html)"
185.191.171.2 - - [07/Mar/2025:05:34:06 +0100] "GET /vendor/symfony/css-selector/Exception/InternalErrorException.php HTTP/1.1" 200 230 "-" "Mozilla/5.0 (compatible; SemrushBot/7~bl; +http://www.semrush.com/bot.html)"
185.191.171.15 - - [07/Mar/2025:05:58:07 +0100] "GET /vendor/symfony/process/Exception/ProcessSignaledException.php HTTP/1.1" 200 226 "-" "Mozilla/5.0 (compatible; SemrushBot/7~bl; +http://www.semrush.com/bot.html)"
85.208.96.194 - - [07/Mar/2025:05:59:16 +0100] "GET /vendor/dragonmantank/cron-expression/src/Cron/ HTTP/1.1" 200 1338 "-" "Mozilla/5.0 (compatible; SemrushBot/7~bl; +http://www.semrush.com/bot.html)"
185.191.171.16 - - [07/Mar/2025:06:02:43 +0100] "GET /vendor/symfony/routing/Loader/PhpFileLoader.php HTTP/1.1" 200 220 "-" "Mozilla/5.0 (compatible; SemrushBot/7~bl; +http://www.semrush.com/bot.html)"
185.191.171.11 - - [07/Mar/2025:06:13:55 +0100] "GET /robots.txt HTTP/1.1" 404 2645 "-" "Mozilla/5.0 (compatible; SemrushBot/7~bl; +http://www.semrush.com/bot.html)"
185.191.171.8 - - [07/Mar/2025:06:13:56 +0100] "GET /vendor/laravel/octane/src/SequentialCoroutineDispatcher.php HTTP/1.1" 403 2674 "-" "Mozilla/5.0 (compatible; SemrushBot/7~bl; +http://www.semrush.com/bot.html)"
85.208.96.194 - - [07/Mar/2025:06:27:18 +0100] "GET /vendor/psy/psysh/src/CodeCleaner.php HTTP/1.1" 200 31 "-" "Mozilla/5.0 (compatible; SemrushBot/7~bl; +http://www.semrush.com/bot.html)"
185.191.171.12 - - [07/Mar/2025:06:28:09 +0100] "GET /vendor/symfony/http-kernel/DependencyInjection/RemoveEmptyControllerArgumentLocatorsPass.php HTTP/1.1" 403 2674 "-" "Mozilla/5.0 (compatible; SemrushBot/7~bl; +http://www.semrush.com/bot.html)"
35.163.53.217 - - [07/Mar/2025:06:34:26 +0100] "GET / HTTP/2.0" 200 2386 "-" "Mozilla/5.0 (Windows NT 10.0; Win64; x64) AppleWebKit/537.36 (KHTML, like Gecko) Chrome/70.0.3538.102 Safari/537.36 Edge/18.19582"
185.191.171.6 - - [07/Mar/2025:06:39:37 +0100] "GET /vendor/symfony/http-kernel/Controller/TraceableControllerResolver.php HTTP/1.1" 200 238 "-" "Mozilla/5.0 (compatible; SemrushBot/7~bl; +http://www.semrush.com/bot.html)"
85.208.96.193 - - [07/Mar/2025:06:40:08 +0100] "GET /vendor/laravel/octane/src/Tables/ HTTP/1.1" 403 2674 "-" "Mozilla/5.0 (compatible; SemrushBot/7~bl; +http://www.semrush.com/bot.html)"
185.191.171.16 - - [07/Mar/2025:06:42:30 +0100] "GET /vendor/ramsey/uuid/src/DeprecatedUuidInterface.php HTTP/1.1" 200 31 "-" "Mozilla/5.0 (compatible; SemrushBot/7~bl; +http://www.semrush.com/bot.html)"
85.208.96.201 - - [07/Mar/2025:06:43:48 +0100] "GET /vendor/qiniu/php-sdk/examples/get_bucketEvents.php HTTP/1.1" 200 767 "-" "Mozilla/5.0 (compatible; SemrushBot/7~bl; +http://www.semrush.com/bot.html)"
85.208.96.206 - - [07/Mar/2025:07:02:22 +0100] "GET /vendor/symfony/finder/Comparator/DateComparator.php HTTP/1.1" 200 214 "-" "Mozilla/5.0 (compatible; SemrushBot/7~bl; +http://www.semrush.com/bot.html)"
185.191.171.18 - - [07/Mar/2025:07:16:42 +0100] "GET /robots.txt HTTP/1.1" 403 2674 "-" "Mozilla/5.0 (compatible; SemrushBot/7~bl; +http://www.semrush.com/bot.html)"
85.208.96.206 - - [07/Mar/2025:07:16:42 +0100] "GET /app/View/ HTTP/1.1" 200 484 "-" "Mozilla/5.0 (compatible; SemrushBot/7~bl; +http://www.semrush.com/bot.html)"
185.191.171.18 - - [07/Mar/2025:07:19:07 +0100] "GET /robots.txt HTTP/1.1" 403 2674 "-" "Mozilla/5.0 (compatible; SemrushBot/7~bl; +http://www.semrush.com/bot.html)"
85.208.96.205 - - [07/Mar/2025:07:19:08 +0100] "GET /vendor/phpspec/prophecy/src/Prophecy/Exception/Call/UnexpectedCallException.php HTTP/1.1" 403 2674 "-" "Mozilla/5.0 (compatible; SemrushBot/7~bl; +http://www.semrush.com/bot.html)"
85.208.96.194 - - [07/Mar/2025:07:37:29 +0100] "GET /vendor/spatie/flare-client-php/src/Solutions/ HTTP/1.1" 200 594 "-" "Mozilla/5.0 (compatible; SemrushBot/7~bl; +http://www.semrush.com/bot.html)"
185.191.171.17 - - [07/Mar/2025:07:40:57 +0100] "GET /vendor/psy/psysh/src/ExecutionClosure.php HTTP/1.1" 200 31 "-" "Mozilla/5.0 (compatible; SemrushBot/7~bl; +http://www.semrush.com/bot.html)"
185.191.171.8 - - [07/Mar/2025:07:42:23 +0100] "GET /vendor/aws/aws-crt-php/ext/signing.c HTTP/1.1" 403 2674 "-" "Mozilla/5.0 (compatible; SemrushBot/7~bl; +http://www.semrush.com/bot.html)"
85.208.96.200 - - [07/Mar/2025:07:46:20 +0100] "GET /vendor/laravel/breeze/stubs/api/ HTTP/1.1" 403 2674 "-" "Mozilla/5.0 (compatible; SemrushBot/7~bl; +http://www.semrush.com/bot.html)"
85.208.96.193 - - [07/Mar/2025:07:50:23 +0100] "GET /vendor/spatie/flare-client-php/src/Report.php HTTP/1.1" 403 2674 "-" "Mozilla/5.0 (compatible; SemrushBot/7~bl; +http://www.semrush.com/bot.html)"
85.208.96.208 - - [07/Mar/2025:08:20:17 +0100] "GET /robots.txt HTTP/1.1" 404 2645 "-" "Mozilla/5.0 (compatible; SemrushBot/7~bl; +http://www.semrush.com/bot.html)"
185.191.171.8 - - [07/Mar/2025:08:20:18 +0100] "GET /vendor/symfony/mime/Crypto/DkimOptions.php HTTP/1.1" 403 2674 "-" "Mozilla/5.0 (compatible; SemrushBot/7~bl; +http://www.semrush.com/bot.html)"
185.170.167.18 - - [07/Mar/2025:08:32:03 +0100] "GET /robots.txt HTTP/1.1" 404 2645 "-" "Mozilla/5.0 (compatible; BacklinksExtendedBot)"
185.170.167.18 - - [07/Mar/2025:08:32:04 +0100] "GET /vendor/symfony/http-foundation/Test/Constraint/ResponseHeaderSame.php HTTP/1.1" 200 233 "-" "Mozilla/5.0 (compatible; BacklinksExtendedBot)"
85.208.96.197 - - [07/Mar/2025:08:44:35 +0100] "GET /vendor/tijsverkoyen/css-to-inline-styles/src/Css/Property/ HTTP/1.1" 403 2674 "-" "Mozilla/5.0 (compatible; SemrushBot/7~bl; +http://www.semrush.com/bot.html)"
85.208.96.210 - - [07/Mar/2025:09:03:18 +0100] "GET /vendor/phpspec/prophecy/src/Prophecy/Argument/Token/CallbackToken.php HTTP/1.1" 200 228 "-" "Mozilla/5.0 (compatible; SemrushBot/7~bl; +http://www.semrush.com/bot.html)"
34.48.47.82 - - [07/Mar/2025:09:08:38 +0100] "GET /media/system/js/core.js HTTP/1.1" 301 162 "-" "Mozilla/5.0 (Macintosh; Intel Mac OS X 10_10_1) AppleWebKit/537.36 (KHTML, like Gecko) Chrome/39.0.2171.95 Safari/537.36"
34.48.47.82 - - [07/Mar/2025:09:08:40 +0100] "GET /media/system/js/core.js HTTP/2.0" 404 2645 "http://linuxdo.isgre.at/media/system/js/core.js" "Mozilla/5.0 (Macintosh; Intel Mac OS X 10_10_1) AppleWebKit/537.36 (KHTML, like Gecko) Chrome/39.0.2171.95 Safari/537.36"
34.48.47.82 - - [07/Mar/2025:09:08:41 +0100] "GET /wp-includes/js/jquery/jquery.js HTTP/1.1" 301 162 "-" "Mozilla/5.0 (Macintosh; Intel Mac OS X 10_10_1) AppleWebKit/537.36 (KHTML, like Gecko) Chrome/39.0.2171.95 Safari/537.36"
34.48.47.82 - - [07/Mar/2025:09:08:42 +0100] "GET /wp-includes/js/jquery/jquery.js HTTP/2.0" 404 2645 "http://linuxdo.isgre.at/wp-includes/js/jquery/jquery.js" "Mozilla/5.0 (Macintosh; Intel Mac OS X 10_10_1) AppleWebKit/537.36 (KHTML, like Gecko) Chrome/39.0.2171.95 Safari/537.36"
85.208.96.209 - - [07/Mar/2025:09:11:41 +0100] "GET /vendor/phpspec/prophecy/src/Prophecy/Exception/Doubler/ClassCreatorException.php HTTP/1.1" 403 2674 "-" "Mozilla/5.0 (compatible; SemrushBot/7~bl; +http://www.semrush.com/bot.html)"
185.191.171.9 - - [07/Mar/2025:09:12:39 +0100] "GET /vendor/doctrine/dbal/src/Driver/IBMDB2/Exception/ConnectionFailed.php HTTP/1.1" 200 236 "-" "Mozilla/5.0 (compatible; SemrushBot/7~bl; +http://www.semrush.com/bot.html)"
85.208.96.195 - - [07/Mar/2025:09:15:32 +0100] "GET /vendor/intervention/image/src/Intervention/ HTTP/1.1" 403 2674 "-" "Mozilla/5.0 (compatible; SemrushBot/7~bl; +http://www.semrush.com/bot.html)"
85.208.96.208 - - [07/Mar/2025:09:19:10 +0100] "GET /vendor/symfony/mime/Exception/AddressEncoderException.php HTTP/1.1" 200 231 "-" "Mozilla/5.0 (compatible; SemrushBot/7~bl; +http://www.semrush.com/bot.html)"
185.170.167.18 - - [07/Mar/2025:09:19:20 +0100] "GET /vendor/aws/aws-sdk-php/src/Retry/ HTTP/1.1" 200 1063 "-" "Mozilla/5.0 (compatible; BacklinksExtendedBot)"
185.191.171.1 - - [07/Mar/2025:09:21:44 +0100] "GET /robots.txt HTTP/1.1" 403 2674 "-" "Mozilla/5.0 (compatible; SemrushBot/7~bl; +http://www.semrush.com/bot.html)"
185.191.171.11 - - [07/Mar/2025:09:21:48 +0100] "GET /vendor/symfony/string/Slugger/SluggerInterface.php HTTP/1.1" 200 31 "-" "Mozilla/5.0 (compatible; SemrushBot/7~bl; +http://www.semrush.com/bot.html)"
85.208.96.210 - - [07/Mar/2025:09:26:16 +0100] "GET /vendor/qiniu/php-sdk/examples/rs_batch_delete_after_days.php HTTP/1.1" 200 735 "-" "Mozilla/5.0 (compatible; SemrushBot/7~bl; +http://www.semrush.com/bot.html)"
85.208.96.193 - - [07/Mar/2025:09:27:25 +0100] "GET /vendor/guzzlehttp/guzzle/src/BodySummarizerInterface.php HTTP/1.1" 403 2674 "-" "Mozilla/5.0 (compatible; SemrushBot/7~bl; +http://www.semrush.com/bot.html)"
85.208.96.200 - - [07/Mar/2025:09:32:30 +0100] "GET /vendor/psy/psysh/src/Output/ HTTP/1.1" 403 2674 "-" "Mozilla/5.0 (compatible; SemrushBot/7~bl; +http://www.semrush.com/bot.html)"
85.208.96.196 - - [07/Mar/2025:09:33:30 +0100] "GET /vendor/sabre/vobject/bin/mergeduplicates.php HTTP/1.1" 200 198 "-" "Mozilla/5.0 (compatible; SemrushBot/7~bl; +http://www.semrush.com/bot.html)"
85.208.96.208 - - [07/Mar/2025:09:36:39 +0100] "GET /vendor/guzzlehttp/guzzle/src/TransferStats.php HTTP/1.1" 200 31 "-" "Mozilla/5.0 (compatible; SemrushBot/7~bl; +http://www.semrush.com/bot.html)"
185.191.171.3 - - [07/Mar/2025:09:37:07 +0100] "GET /vendor/psy/psysh/src/Reflection/ HTTP/1.1" 200 1031 "-" "Mozilla/5.0 (compatible; SemrushBot/7~bl; +http://www.semrush.com/bot.html)"
85.208.96.204 - - [07/Mar/2025:09:37:31 +0100] "GET /vendor/maximebf/debugbar/src/DebugBar/DataFormatter/VarDumper/SeekingData.php HTTP/1.1" 200 241 "-" "Mozilla/5.0 (compatible; SemrushBot/7~bl; +http://www.semrush.com/bot.html)"
185.191.171.14 - - [07/Mar/2025:09:45:40 +0100] "GET /vendor/symfony/css-selector/Node/PseudoNode.php HTTP/1.1" 200 226 "-" "Mozilla/5.0 (compatible; SemrushBot/7~bl; +http://www.semrush.com/bot.html)"
85.208.96.196 - - [07/Mar/2025:09:47:32 +0100] "GET /vendor/zing/flysystem-oss/src/UnableToGetUrl.php HTTP/1.1" 200 225 "-" "Mozilla/5.0 (compatible; SemrushBot/7~bl; +http://www.semrush.com/bot.html)"
185.191.171.17 - - [07/Mar/2025:09:49:16 +0100] "GET /vendor/phpunit/php-code-coverage/src/Driver/ HTTP/1.1" 200 982 "-" "Mozilla/5.0 (compatible; SemrushBot/7~bl; +http://www.semrush.com/bot.html)"
185.191.171.17 - - [07/Mar/2025:10:11:40 +0100] "GET /vendor/laravel/octane/src/Worker.php HTTP/1.1" 200 170 "-" "Mozilla/5.0 (compatible; SemrushBot/7~bl; +http://www.semrush.com/bot.html)"
85.208.96.198 - - [07/Mar/2025:10:17:08 +0100] "GET /vendor/symfony/finder/Iterator/FilecontentFilterIterator.php HTTP/1.1" 200 234 "-" "Mozilla/5.0 (compatible; SemrushBot/7~bl; +http://www.semrush.com/bot.html)"
185.191.171.13 - - [07/Mar/2025:10:21:27 +0100] "GET /vendor/nunomaduro/collision/src/Writer.php HTTP/1.1" 200 218 "-" "Mozilla/5.0 (compatible; SemrushBot/7~bl; +http://www.semrush.com/bot.html)"
85.208.96.204 - - [07/Mar/2025:10:33:14 +0100] "GET /robots.txt HTTP/1.1" 404 2645 "-" "Mozilla/5.0 (compatible; SemrushBot/7~bl; +http://www.semrush.com/bot.html)"
185.191.171.8 - - [07/Mar/2025:10:33:16 +0100] "GET /vendor/sabre/http/examples/asyncclient.php HTTP/1.1" 403 2674 "-" "Mozilla/5.0 (compatible; SemrushBot/7~bl; +http://www.semrush.com/bot.html)"
85.208.96.206 - - [07/Mar/2025:10:42:05 +0100] "GET /vendor/paragonie/constant_time_encoding/src/Base64UrlSafe.php HTTP/1.1" 200 225 "-" "Mozilla/5.0 (compatible; SemrushBot/7~bl; +http://www.semrush.com/bot.html)"
185.191.171.5 - - [07/Mar/2025:10:53:36 +0100] "GET /vendor/aws/aws-crt-php/crt/aws-crt-ffi/ HTTP/1.1" 200 492 "-" "Mozilla/5.0 (compatible; SemrushBot/7~bl; +http://www.semrush.com/bot.html)"
85.208.96.209 - - [07/Mar/2025:11:00:07 +0100] "GET /vendor/psy/psysh/src/Shell.php HTTP/1.1" 403 2674 "-" "Mozilla/5.0 (compatible; SemrushBot/7~bl; +http://www.semrush.com/bot.html)"
185.191.171.5 - - [07/Mar/2025:11:00:29 +0100] "GET /vendor/qiniu/php-sdk/examples/upload_multi_demos.php HTTP/1.1" 200 198344 "-" "Mozilla/5.0 (compatible; SemrushBot/7~bl; +http://www.semrush.com/bot.html)"
185.191.171.16 - - [07/Mar/2025:11:00:36 +0100] "GET /vendor/phpdocumentor/reflection-common/src/File.php HTTP/1.1" 200 31 "-" "Mozilla/5.0 (compatible; SemrushBot/7~bl; +http://www.semrush.com/bot.html)"
185.170.167.18 - - [07/Mar/2025:11:04:20 +0100] "GET /robots.txt HTTP/1.1" 404 2645 "-" "Mozilla/5.0 (compatible; BacklinksExtendedBot)"
185.170.167.18 - - [07/Mar/2025:11:04:21 +0100] "GET /vendor/paragonie/random_compat/other/ HTTP/1.1" 200 570 "-" "Mozilla/5.0 (compatible; BacklinksExtendedBot)"
85.208.96.197 - - [07/Mar/2025:11:09:16 +0100] "GET /vendor/symfony/translation/DependencyInjection/ HTTP/1.1" 403 2674 "-" "Mozilla/5.0 (compatible; SemrushBot/7~bl; +http://www.semrush.com/bot.html)"
45.148.10.140 - - [07/Mar/2025:11:11:03 +0100] "GET /package.json HTTP/1.1" 403 2674 "-" "Mozilla/5.0 (Windows NT 10.0; Win64; x64) AppleWebKit/537.36 Chrome/121.0.0.0"
185.191.171.3 - - [07/Mar/2025:11:13:20 +0100] "GET /vendor/nikic/php-parser/lib/PhpParser/ HTTP/1.1" 200 3009 "-" "Mozilla/5.0 (compatible; SemrushBot/7~bl; +http://www.semrush.com/bot.html)"
85.208.96.212 - - [07/Mar/2025:11:32:02 +0100] "GET /vendor/laravel/octane/src/MimeType.php HTTP/1.1" 403 2674 "-" "Mozilla/5.0 (compatible; SemrushBot/7~bl; +http://www.semrush.com/bot.html)"
185.191.171.6 - - [07/Mar/2025:11:35:38 +0100] "GET /robots.txt HTTP/1.1" 404 2645 "-" "Mozilla/5.0 (compatible; SemrushBot/7~bl; +http://www.semrush.com/bot.html)"
85.208.96.211 - - [07/Mar/2025:11:35:39 +0100] "GET /vendor/phpspec/prophecy/src/Prophecy/Exception/Doubler/ClassNotFoundException.php HTTP/1.1" 200 227 "-" "Mozilla/5.0 (compatible; SemrushBot/7~bl; +http://www.semrush.com/bot.html)"
85.208.96.211 - - [07/Mar/2025:11:36:32 +0100] "GET /vendor/symfony/mime/Header/Headers.php HTTP/1.1" 200 31 "-" "Mozilla/5.0 (compatible; SemrushBot/7~bl; +http://www.semrush.com/bot.html)"
185.191.171.15 - - [07/Mar/2025:11:36:54 +0100] "GET /vendor/laravel/octane/src/Octane.php HTTP/1.1" 200 180 "-" "Mozilla/5.0 (compatible; SemrushBot/7~bl; +http://www.semrush.com/bot.html)"
85.208.96.203 - - [07/Mar/2025:11:40:40 +0100] "GET /vendor/symfony/routing/Loader/GlobFileLoader.php HTTP/1.1" 200 219 "-" "Mozilla/5.0 (compatible; SemrushBot/7~bl; +http://www.semrush.com/bot.html)"
185.191.171.2 - - [07/Mar/2025:11:42:52 +0100] "GET /vendor/dflydev/dot-access-data/src/DataInterface.php HTTP/1.1" 200 31 "-" "Mozilla/5.0 (compatible; SemrushBot/7~bl; +http://www.semrush.com/bot.html)"
185.191.171.4 - - [07/Mar/2025:11:45:46 +0100] "GET /vendor/symfony/http-kernel/Controller/ArgumentResolver.php HTTP/1.1" 200 237 "-" "Mozilla/5.0 (compatible; SemrushBot/7~bl; +http://www.semrush.com/bot.html)"
185.191.171.8 - - [07/Mar/2025:11:51:23 +0100] "GET /vendor/qiniu/php-sdk/examples/update_bucketEvent.php HTTP/1.1" 403 2674 "-" "Mozilla/5.0 (compatible; SemrushBot/7~bl; +http://www.semrush.com/bot.html)"
185.191.171.16 - - [07/Mar/2025:11:53:23 +0100] "GET /vendor/sebastian/complexity/src/Complexity/ HTTP/1.1" 200 773 "-" "Mozilla/5.0 (compatible; SemrushBot/7~bl; +http://www.semrush.com/bot.html)"
185.191.171.5 - - [07/Mar/2025:12:33:13 +0100] "GET /vendor/doctrine/dbal/src/Driver/IBMDB2/Exception/ConnectionError.php HTTP/1.1" 200 234 "-" "Mozilla/5.0 (compatible; SemrushBot/7~bl; +http://www.semrush.com/bot.html)"
85.208.96.198 - - [07/Mar/2025:12:35:20 +0100] "GET /vendor/paragonie/constant_time_encoding/src/Base32Hex.php HTTP/1.1" 200 222 "-" "Mozilla/5.0 (compatible; SemrushBot/7~bl; +http://www.semrush.com/bot.html)"
85.208.96.212 - - [07/Mar/2025:12:47:19 +0100] "GET /robots.txt HTTP/1.1" 403 2674 "-" "Mozilla/5.0 (compatible; SemrushBot/7~bl; +http://www.semrush.com/bot.html)"
85.208.96.198 - - [07/Mar/2025:12:47:20 +0100] "GET /vendor/sabre/xml/lib/Serializer/ HTTP/1.1" 200 549 "-" "Mozilla/5.0 (compatible; SemrushBot/7~bl; +http://www.semrush.com/bot.html)"
45.61.161.4 - - [07/Mar/2025:12:47:38 +0100] "POST /wp-login.php HTTP/1.1" 404 2645 "https://linuxdo.isgre.at/wp-admin/" "Mozilla/5.0 (Windows NT 10.0; Win64; x64) AppleWebKit/537.36 (KHTML, like Gecko) Chrome/90.0.4430.85 Safari/537.36"
45.61.161.4 - - [07/Mar/2025:12:47:38 +0100] "GET /wp-admin/ HTTP/1.1" 404 2645 "https://www.google.com" "Mozilla/5.0 (Windows NT 10.0; Win64; x64) AppleWebKit/537.36 (KHTML, like Gecko) Chrome/90.0.4430.85 Safari/537.36"
185.191.171.11 - - [07/Mar/2025:13:02:57 +0100] "GET /vendor/symfony/mailer/Exception/ExceptionInterface.php HTTP/1.1" 200 31 "-" "Mozilla/5.0 (compatible; SemrushBot/7~bl; +http://www.semrush.com/bot.html)"
185.191.171.6 - - [07/Mar/2025:13:19:57 +0100] "GET /vendor/ramsey/uuid/src/Generator/ HTTP/1.1" 200 1939 "-" "Mozilla/5.0 (compatible; SemrushBot/7~bl; +http://www.semrush.com/bot.html)"
85.208.96.204 - - [07/Mar/2025:13:30:33 +0100] "GET /vendor/symfony/translation/Command/ HTTP/1.1" 200 838 "-" "Mozilla/5.0 (compatible; SemrushBot/7~bl; +http://www.semrush.com/bot.html)"
85.208.96.193 - - [07/Mar/2025:13:39:28 +0100] "GET /vendor/symfony/var-dumper/Caster/UuidCaster.php HTTP/1.1" 403 2674 "-" "Mozilla/5.0 (compatible; SemrushBot/7~bl; +http://www.semrush.com/bot.html)"
85.208.96.212 - - [07/Mar/2025:13:41:29 +0100] "GET /vendor/spatie/flare-client-php/src/Http/ HTTP/1.1" 403 2674 "-" "Mozilla/5.0 (compatible; SemrushBot/7~bl; +http://www.semrush.com/bot.html)"
185.170.167.18 - - [07/Mar/2025:13:51:43 +0100] "GET /vendor/intervention/imagecache/tests/CachedImageTest.php HTTP/1.1" 200 221 "-" "Mozilla/5.0 (compatible; BacklinksExtendedBot)"
85.208.96.209 - - [07/Mar/2025:14:17:52 +0100] "GET /robots.txt HTTP/1.1" 403 2674 "-" "Mozilla/5.0 (compatible; SemrushBot/7~bl; +http://www.semrush.com/bot.html)"
85.208.96.208 - - [07/Mar/2025:14:17:53 +0100] "GET /vendor/symfony/polyfill-php81/Resources/stubs/ HTTP/1.1" 200 610 "-" "Mozilla/5.0 (compatible; SemrushBot/7~bl; +http://www.semrush.com/bot.html)"
45.148.10.140 - - [07/Mar/2025:15:04:02 +0100] "GET /package-lock.json HTTP/1.1" 403 2674 "-" "Mozilla/5.0 (Windows NT 10.0; Win64; x64) AppleWebKit/537.36 Chrome/121.0.0.0"
35.85.64.209 - - [07/Mar/2025:15:22:05 +0100] "GET / HTTP/1.1" 301 162 "-" "Mozilla/5.0 (Macintosh; Intel Mac OS X 10_15_7) AppleWebKit/537.36 (KHTML, like Gecko) Chrome/113.0.0.0 Safari/537.36"
35.85.64.209 - - [07/Mar/2025:15:22:06 +0100] "GET / HTTP/1.1" 200 2386 "http://linuxdo.isgre.at" "Mozilla/5.0 (Macintosh; Intel Mac OS X 10_15_7) AppleWebKit/537.36 (KHTML, like Gecko) Chrome/113.0.0.0 Safari/537.36"
185.170.167.18 - - [07/Mar/2025:15:22:31 +0100] "GET /vendor/fakerphp/faker/src/Faker/Provider/nl_NL/Internet.php HTTP/1.1" 200 215 "-" "Mozilla/5.0 (compatible; BacklinksExtendedBot)"
44.243.167.6 - - [07/Mar/2025:15:39:26 +0100] "GET / HTTP/2.0" 200 2386 "-" "Mozilla/5.0 (Macintosh; Intel Mac OS X 10_15_7) AppleWebKit/537.36 (KHTML, like Gecko) Chrome/113.0.0.0 Safari/537.36"
54.201.68.110 - - [07/Mar/2025:15:44:27 +0100] "GET / HTTP/2.0" 200 2386 "-" "Mozilla/5.0 (Macintosh; Intel Mac OS X 10_15_7) AppleWebKit/537.36 (KHTML, like Gecko) Chrome/113.0.0.0 Safari/537.36"
85.208.96.194 - - [07/Mar/2025:16:44:46 +0100] "GET /robots.txt HTTP/1.1" 404 2645 "-" "Mozilla/5.0 (compatible; SemrushBot/7~bl; +http://www.semrush.com/bot.html)"
85.208.96.200 - - [07/Mar/2025:16:44:47 +0100] "GET /vendor/paragonie/constant_time_encoding/src/EncoderInterface.php HTTP/1.1" 403 2674 "-" "Mozilla/5.0 (compatible; SemrushBot/7~bl; +http://www.semrush.com/bot.html)"
185.191.171.6 - - [07/Mar/2025:17:41:29 +0100] "GET /vendor/sebastian/recursion-context/src/Context.php HTTP/1.1" 200 31 "-" "Mozilla/5.0 (compatible; SemrushBot/7~bl; +http://www.semrush.com/bot.html)"
185.191.171.17 - - [07/Mar/2025:17:59:46 +0100] "GET /robots.txt HTTP/1.1" 404 2645 "-" "Mozilla/5.0 (compatible; SemrushBot/7~bl; +http://www.semrush.com/bot.html)"
185.191.171.3 - - [07/Mar/2025:17:59:47 +0100] "GET /vendor/nette/utils/src/HtmlStringable.php HTTP/1.1" 200 31 "-" "Mozilla/5.0 (compatible; SemrushBot/7~bl; +http://www.semrush.com/bot.html)"
85.208.96.208 - - [07/Mar/2025:18:12:02 +0100] "GET /vendor/phar-io/version/src/VersionNumber.php HTTP/1.1" 200 31 "-" "Mozilla/5.0 (compatible; SemrushBot/7~bl; +http://www.semrush.com/bot.html)"
185.191.171.11 - - [07/Mar/2025:18:32:10 +0100] "GET /vendor/mtdowling/jmespath.php/bin/perf.php HTTP/1.1" 200 222 "-" "Mozilla/5.0 (compatible; SemrushBot/7~bl; +http://www.semrush.com/bot.html)"
213.189.205.206 - - [07/Mar/2025:19:03:33 +0100] "GET / HTTP/1.1" 301 162 "-" "Mozilla/5.0 (Windows NT 10.0; Win64; x64) AppleWebKit/537.36 (KHTML, like Gecko) Chrome/95.0.4638.69 Safari/537.36"
213.189.205.206 - - [07/Mar/2025:19:03:33 +0100] "GET //wp-includes/ID3/license.txt HTTP/1.1" 404 2645 "-" "Mozilla/5.0 (Windows NT 10.0; Win64; x64) AppleWebKit/537.36 (KHTML, like Gecko) Chrome/95.0.4638.69 Safari/537.36"
213.189.205.206 - - [07/Mar/2025:19:03:33 +0100] "GET //feed/ HTTP/1.1" 404 2645 "-" "Mozilla/5.0 (Windows NT 10.0; Win64; x64) AppleWebKit/537.36 (KHTML, like Gecko) Chrome/95.0.4638.69 Safari/537.36"
213.189.205.206 - - [07/Mar/2025:19:03:33 +0100] "GET //xmlrpc.php?rsd HTTP/1.1" 404 2645 "-" "Mozilla/5.0 (Windows NT 10.0; Win64; x64) AppleWebKit/537.36 (KHTML, like Gecko) Chrome/95.0.4638.69 Safari/537.36"
213.189.205.206 - - [07/Mar/2025:19:03:33 +0100] "GET //blog/wp-includes/wlwmanifest.xml HTTP/1.1" 404 2645 "-" "Mozilla/5.0 (Windows NT 10.0; Win64; x64) AppleWebKit/537.36 (KHTML, like Gecko) Chrome/95.0.4638.69 Safari/537.36"
213.189.205.206 - - [07/Mar/2025:19:03:33 +0100] "GET //web/wp-includes/wlwmanifest.xml HTTP/1.1" 404 2645 "-" "Mozilla/5.0 (Windows NT 10.0; Win64; x64) AppleWebKit/537.36 (KHTML, like Gecko) Chrome/95.0.4638.69 Safari/537.36"
213.189.205.206 - - [07/Mar/2025:19:03:33 +0100] "GET //wordpress/wp-includes/wlwmanifest.xml HTTP/1.1" 404 2645 "-" "Mozilla/5.0 (Windows NT 10.0; Win64; x64) AppleWebKit/537.36 (KHTML, like Gecko) Chrome/95.0.4638.69 Safari/537.36"
213.189.205.206 - - [07/Mar/2025:19:03:33 +0100] "GET //wp/wp-includes/wlwmanifest.xml HTTP/1.1" 404 2645 "-" "Mozilla/5.0 (Windows NT 10.0; Win64; x64) AppleWebKit/537.36 (KHTML, like Gecko) Chrome/95.0.4638.69 Safari/537.36"
213.189.205.206 - - [07/Mar/2025:19:03:33 +0100] "GET //2020/wp-includes/wlwmanifest.xml HTTP/1.1" 404 2645 "-" "Mozilla/5.0 (Windows NT 10.0; Win64; x64) AppleWebKit/537.36 (KHTML, like Gecko) Chrome/95.0.4638.69 Safari/537.36"
213.189.205.206 - - [07/Mar/2025:19:03:33 +0100] "GET //2019/wp-includes/wlwmanifest.xml HTTP/1.1" 404 2645 "-" "Mozilla/5.0 (Windows NT 10.0; Win64; x64) AppleWebKit/537.36 (KHTML, like Gecko) Chrome/95.0.4638.69 Safari/537.36"
213.189.205.206 - - [07/Mar/2025:19:03:33 +0100] "GET //2021/wp-includes/wlwmanifest.xml HTTP/1.1" 404 2645 "-" "Mozilla/5.0 (Windows NT 10.0; Win64; x64) AppleWebKit/537.36 (KHTML, like Gecko) Chrome/95.0.4638.69 Safari/537.36"
213.189.205.206 - - [07/Mar/2025:19:03:33 +0100] "GET //shop/wp-includes/wlwmanifest.xml HTTP/1.1" 404 2645 "-" "Mozilla/5.0 (Windows NT 10.0; Win64; x64) AppleWebKit/537.36 (KHTML, like Gecko) Chrome/95.0.4638.69 Safari/537.36"
213.189.205.206 - - [07/Mar/2025:19:03:33 +0100] "GET //wp1/wp-includes/wlwmanifest.xml HTTP/1.1" 404 2645 "-" "Mozilla/5.0 (Windows NT 10.0; Win64; x64) AppleWebKit/537.36 (KHTML, like Gecko) Chrome/95.0.4638.69 Safari/537.36"
213.189.205.206 - - [07/Mar/2025:19:03:33 +0100] "GET //test/wp-includes/wlwmanifest.xml HTTP/1.1" 404 2645 "-" "Mozilla/5.0 (Windows NT 10.0; Win64; x64) AppleWebKit/537.36 (KHTML, like Gecko) Chrome/95.0.4638.69 Safari/537.36"
213.189.205.206 - - [07/Mar/2025:19:03:34 +0100] "GET //site/wp-includes/wlwmanifest.xml HTTP/1.1" 404 2645 "-" "Mozilla/5.0 (Windows NT 10.0; Win64; x64) AppleWebKit/537.36 (KHTML, like Gecko) Chrome/95.0.4638.69 Safari/537.36"
213.189.205.206 - - [07/Mar/2025:19:03:34 +0100] "GET //cms/wp-includes/wlwmanifest.xml HTTP/1.1" 404 2645 "-" "Mozilla/5.0 (Windows NT 10.0; Win64; x64) AppleWebKit/537.36 (KHTML, like Gecko) Chrome/95.0.4638.69 Safari/537.36"
128.204.223.113 - - [07/Mar/2025:19:42:04 +0100] "GET / HTTP/1.1" 200 2386 "-" "Mozilla/5.0 (compatible; InternetMeasurement/1.0; +https://internet-measurement.com/)"
85.208.96.208 - - [07/Mar/2025:20:07:38 +0100] "GET /robots.txt HTTP/1.1" 404 2645 "-" "Mozilla/5.0 (compatible; SemrushBot/7~bl; +http://www.semrush.com/bot.html)"
85.208.96.202 - - [07/Mar/2025:20:07:39 +0100] "GET /vendor/symfony/var-dumper/Caster/IntlCaster.php HTTP/1.1" 200 31 "-" "Mozilla/5.0 (compatible; SemrushBot/7~bl; +http://www.semrush.com/bot.html)"
185.170.167.18 - - [07/Mar/2025:22:23:11 +0100] "GET /resources/js/stores/ HTTP/1.1" 200 586 "-" "Mozilla/5.0 (compatible; BacklinksExtendedBot)"
185.170.167.18 - - [07/Mar/2025:22:25:09 +0100] "GET /robots.txt HTTP/1.1" 404 2645 "-" "Mozilla/5.0 (compatible; BacklinksExtendedBot)"
185.170.167.18 - - [07/Mar/2025:22:25:10 +0100] "GET /vendor/doctrine/dbal/src/Driver/OCI8/Exception/ HTTP/1.1" 200 955 "-" "Mozilla/5.0 (compatible; BacklinksExtendedBot)"
185.191.171.6 - - [07/Mar/2025:23:23:29 +0100] "GET /robots.txt HTTP/1.1" 404 2645 "-" "Mozilla/5.0 (compatible; SemrushBot/7~bl; +http://www.semrush.com/bot.html)"
85.208.96.194 - - [07/Mar/2025:23:23:30 +0100] "GET /vendor/symfony/http-kernel/HttpCache/HttpCache.php HTTP/1.1" 200 222 "-" "Mozilla/5.0 (compatible; SemrushBot/7~bl; +http://www.semrush.com/bot.html)"
45.148.10.140 - - [07/Mar/2025:23:43:37 +0100] "GET /tailwind.config.js HTTP/1.1" 403 2674 "-" "Mozilla/5.0 (Windows NT 10.0; Win64; x64) AppleWebKit/537.36 Chrome/121.0.0.0"